{"id":977,"date":"2020-07-29T17:02:38","date_gmt":"2020-07-29T17:02:38","guid":{"rendered":"https:\/\/inclusivecourts.pt\/?page_id=977"},"modified":"2020-07-29T17:17:14","modified_gmt":"2020-07-29T17:17:14","slug":"noticia20","status":"publish","type":"page","link":"https:\/\/inclusivecourts.pt\/en\/noticia20\/","title":{"rendered":"InclusiveCourts at the 16th EASA Biennial Conference, 24 July 2020"},"content":{"rendered":"<div data-elementor-type=\"wp-page\" data-elementor-id=\"977\" class=\"elementor elementor-977\" data-elementor-post-type=\"page\">\n\t\t\t\t\t\t<section class=\"elementor-section elementor-top-section elementor-element elementor-element-b3b27e8 elementor-section-boxed elementor-section-height-default elementor-section-height-default\" data-id=\"b3b27e8\" data-element_type=\"section\" data-e-type=\"section\">\n\t\t\t\t\t\t<div class=\"elementor-container elementor-column-gap-default\">\n\t\t\t\t\t<div class=\"elementor-column elementor-col-100 elementor-top-column elementor-element elementor-element-950192f\" data-id=\"950192f\" data-element_type=\"column\" data-e-type=\"column\">\n\t\t\t<div class=\"elementor-widget-wrap elementor-element-populated\">\n\t\t\t\t\t\t<div class=\"elementor-element elementor-element-6ffdbba elementor-widget elementor-widget-text-editor\" data-id=\"6ffdbba\" data-element_type=\"widget\" data-e-type=\"widget\" data-widget_type=\"text-editor.default\">\n\t\t\t\t<div class=\"elementor-widget-container\">\n\t\t\t\t\t\t\t\t\t<p><strong>InclusiveCourts at the 16th EASA Biennial Conference, 24 July 2020<\/strong><\/p>\t\t\t\t\t\t\t\t<\/div>\n\t\t\t\t<\/div>\n\t\t\t\t<div class=\"elementor-element elementor-element-452dbed elementor-widget elementor-widget-text-editor\" data-id=\"452dbed\" data-element_type=\"widget\" data-e-type=\"widget\" data-widget_type=\"text-editor.default\">\n\t\t\t\t<div class=\"elementor-widget-container\">\n\t\t\t\t\t\t\t\t\t<p>Manuela Ivone Cunha e Patr\u00edcia Jer\u00f3nimo organizaram, em conjunto com Alison Dundes Renteln (University of Southern California), um painel intitulado <em>Law and Culture in Court<\/em>, inclu\u00eddo no programa da 16.\u00ba confer\u00eancia bienal da European Association of Social Anthropologists (EASA), que decorreu online nos dias 20 a 24 de julho de 2020. Para al\u00e9m de anfitri\u00e3, Manuela Ivone Cunha apresentou uma comunica\u00e7\u00e3o intitulada \u201c<a href=\"https:\/\/nomadit.co.uk\/conference\/easa2020\/paper\/51954\"><strong>Cultural diversity and criminal courts in Europe: interdisciplinary dialogues<\/strong><\/a><strong>\u201d. O projeto InclusiveCourts esteve ainda representado pelas investigadoras Ximene R\u00eago e In\u00eas Granja, que apresentaram uma comunica\u00e7\u00e3o intitulada \u201c<\/strong><strong><a href=\"https:\/\/nomadit.co.uk\/conference\/easa2020\/paper\/54642\">Mapping the multicultural jurisprudence of Portuguese courts<\/a><\/strong><strong>\u201d, e pela investigadora Maria Clara Calheiros, que apresentou uma comunica\u00e7\u00e3o intitulada \u201cThe dialogue between law and anthropology in legal procedures\u201d, em coautoria com Alexandre Lippel. As restantes interven\u00e7\u00f5es couberam a Giorgia Decarli (Universidade de Verona), Marta Quagliuolo (Universidade de Turim), Nicole Hoellerer (University of Exeter), Tomas Ledvinka (Charles University, Prague), Rodrigo Faria (Universidade de Bras\u00edlia) e Mariana Monteiro de Matos (<\/strong>Max Planck Institute for Social Anthropology)<strong>. Patr\u00edcia Jer\u00f3nimo e Alison Dundes Renteln comentaram os <em>papers<\/em> apresentados.<\/strong><\/p>\t\t\t\t\t\t\t\t<\/div>\n\t\t\t\t<\/div>\n\t\t\t\t<section class=\"elementor-section elementor-inner-section elementor-element elementor-element-fa5e046 elementor-section-boxed elementor-section-height-default elementor-section-height-default\" data-id=\"fa5e046\" data-element_type=\"section\" data-e-type=\"section\">\n\t\t\t\t\t\t<div class=\"elementor-container elementor-column-gap-default\">\n\t\t\t\t\t<div class=\"elementor-column elementor-col-100 elementor-inner-column elementor-element elementor-element-e78e9d9 elementor-invisible\" data-id=\"e78e9d9\" data-element_type=\"column\" data-e-type=\"column\" data-settings=\"{&quot;animation&quot;:&quot;fadeInDown&quot;}\">\n\t\t\t<div class=\"elementor-widget-wrap elementor-element-populated\">\n\t\t\t\t\t\t<div class=\"elementor-element elementor-element-3206b8e elementor-widget elementor-widget-image\" data-id=\"3206b8e\" data-element_type=\"widget\" data-e-type=\"widget\" data-settings=\"{&quot;_animation&quot;:&quot;none&quot;}\" data-widget_type=\"image.default\">\n\t\t\t\t<div class=\"elementor-widget-container\">\n\t\t\t\t\t\t\t\t\t\t\t\t\t\t\t<img fetchpriority=\"high\" decoding=\"async\" width=\"768\" height=\"336\" src=\"https:\/\/inclusivecourts.pt\/wp-content\/uploads\/2020\/07\/Imagem_Not\u00edcia-20-768x336.jpg\" class=\"elementor-animation-grow attachment-medium_large size-medium_large wp-image-982\" alt=\"\" srcset=\"https:\/\/inclusivecourts.pt\/wp-content\/uploads\/2020\/07\/Imagem_Not\u00edcia-20-768x336.jpg 768w, https:\/\/inclusivecourts.pt\/wp-content\/uploads\/2020\/07\/Imagem_Not\u00edcia-20-300x131.jpg 300w, https:\/\/inclusivecourts.pt\/wp-content\/uploads\/2020\/07\/Imagem_Not\u00edcia-20.jpg 1000w\" sizes=\"(max-width: 768px) 100vw, 768px\" \/>\t\t\t\t\t\t\t\t\t\t\t\t\t\t\t<\/div>\n\t\t\t\t<\/div>\n\t\t\t\t\t<\/div>\n\t\t<\/div>\n\t\t\t\t\t<\/div>\n\t\t<\/section>\n\t\t\t\t\t<\/div>\n\t\t<\/div>\n\t\t\t\t\t<\/div>\n\t\t<\/section>\n\t\t\t\t<\/div>","protected":false},"excerpt":{"rendered":"<p>Projeto InclusiveCourts presente na 16.\u00aa confer\u00eancia bienal da European Association of Social Anthropologists, 24 de julho de 2020 Manuela Ivone Cunha e Patr\u00edcia Jer\u00f3nimo organizaram, em conjunto com Alison Dundes Renteln (University of Southern California), um painel intitulado Law and Culture in Court, inclu\u00eddo no programa da 16.\u00ba confer\u00eancia bienal da European Association of Social&hellip;<\/p>","protected":false},"author":1,"featured_media":0,"parent":0,"menu_order":0,"comment_status":"closed","ping_status":"closed","template":"","meta":{"footnotes":""},"class_list":["post-977","page","type-page","status-publish","hentry"],"_links":{"self":[{"href":"https:\/\/inclusivecourts.pt\/en\/wp-json\/wp\/v2\/pages\/977","targetHints":{"allow":["GET"]}}],"collection":[{"href":"https:\/\/inclusivecourts.pt\/en\/wp-json\/wp\/v2\/pages"}],"about":[{"href":"https:\/\/inclusivecourts.pt\/en\/wp-json\/wp\/v2\/types\/page"}],"author":[{"embeddable":true,"href":"https:\/\/inclusivecourts.pt\/en\/wp-json\/wp\/v2\/users\/1"}],"replies":[{"embeddable":true,"href":"https:\/\/inclusivecourts.pt\/en\/wp-json\/wp\/v2\/comments?post=977"}],"version-history":[{"count":0,"href":"https:\/\/inclusivecourts.pt\/en\/wp-json\/wp\/v2\/pages\/977\/revisions"}],"wp:attachment":[{"href":"https:\/\/inclusivecourts.pt\/en\/wp-json\/wp\/v2\/media?parent=977"}],"curies":[{"name":"wp","href":"https:\/\/api.w.org\/{rel}","templated":true}]}}

<div data-elementor-type="wp-page" data-elementor-id="977" class="elementor elementor-977" data-elementor-post-type="page">
						<section class="elementor-section elementor-top-section elementor-element elementor-element-b3b27e8 elementor-section-boxed elementor-section-height-default elementor-section-height-default" data-id="b3b27e8" data-element_type="section" data-e-type="section">
						<div class="elementor-container elementor-column-gap-default">
					<div class="elementor-column elementor-col-100 elementor-top-column elementor-element elementor-element-950192f" data-id="950192f" data-element_type="column" data-e-type="column">
			<div class="elementor-widget-wrap elementor-element-populated">
						<div class="elementor-element elementor-element-6ffdbba elementor-widget elementor-widget-text-editor" data-id="6ffdbba" data-element_type="widget" data-e-type="widget" data-widget_type="text-editor.default">
				<div class="elementor-widget-container">
									<p><strong>InclusiveCourts at the 16th EASA Biennial Conference, 24 July 2020</strong></p>								</div>
				</div>
				<div class="elementor-element elementor-element-452dbed elementor-widget elementor-widget-text-editor" data-id="452dbed" data-element_type="widget" data-e-type="widget" data-widget_type="text-editor.default">
				<div class="elementor-widget-container">
									<p>Manuela Ivone Cunha e Patrícia Jerónimo organizaram, em conjunto com Alison Dundes Renteln (University of Southern California), um painel intitulado <em>Law and Culture in Court</em>, incluído no programa da 16.º conferência bienal da European Association of Social Anthropologists (EASA), que decorreu online nos dias 20 a 24 de julho de 2020. Para além de anfitriã, Manuela Ivone Cunha apresentou uma comunicação intitulada “<a href="https://nomadit.co.uk/conference/easa2020/paper/51954"><strong>Cultural diversity and criminal courts in Europe: interdisciplinary dialogues</strong></a><strong>”. O projeto InclusiveCourts esteve ainda representado pelas investigadoras Ximene Rêgo e Inês Granja, que apresentaram uma comunicação intitulada “</strong><strong><a href="https://nomadit.co.uk/conference/easa2020/paper/54642">Mapping the multicultural jurisprudence of Portuguese courts</a></strong><strong>”, e pela investigadora Maria Clara Calheiros, que apresentou uma comunicação intitulada “The dialogue between law and anthropology in legal procedures”, em coautoria com Alexandre Lippel. As restantes intervenções couberam a Giorgia Decarli (Universidade de Verona), Marta Quagliuolo (Universidade de Turim), Nicole Hoellerer (University of Exeter), Tomas Ledvinka (Charles University, Prague), Rodrigo Faria (Universidade de Brasília) e Mariana Monteiro de Matos (</strong>Max Planck Institute for Social Anthropology)<strong>. Patrícia Jerónimo e Alison Dundes Renteln comentaram os <em>papers</em> apresentados.</strong></p>								</div>
				</div>
				<section class="elementor-section elementor-inner-section elementor-element elementor-element-fa5e046 elementor-section-boxed elementor-section-height-default elementor-section-height-default" data-id="fa5e046" data-element_type="section" data-e-type="section">
						<div class="elementor-container elementor-column-gap-default">
					<div class="elementor-column elementor-col-100 elementor-inner-column elementor-element elementor-element-e78e9d9 elementor-invisible" data-id="e78e9d9" data-element_type="column" data-e-type="column" data-settings="{&quot;animation&quot;:&quot;fadeInDown&quot;}">
			<div class="elementor-widget-wrap elementor-element-populated">
						<div class="elementor-element elementor-element-3206b8e elementor-widget elementor-widget-image" data-id="3206b8e" data-element_type="widget" data-e-type="widget" data-settings="{&quot;_animation&quot;:&quot;none&quot;}" data-widget_type="image.default">
				<div class="elementor-widget-container">
															<img fetchpriority="high" decoding="async" width="768" height="336" src="https://inclusivecourts.pt/wp-content/uploads/2020/07/Imagem_Notícia-20-768x336.jpg" class="elementor-animation-grow attachment-medium_large size-medium_large wp-image-982" alt="" srcset="https://inclusivecourts.pt/wp-content/uploads/2020/07/Imagem_Notícia-20-768x336.jpg 768w, https://inclusivecourts.pt/wp-content/uploads/2020/07/Imagem_Notícia-20-300x131.jpg 300w, https://inclusivecourts.pt/wp-content/uploads/2020/07/Imagem_Notícia-20.jpg 1000w" sizes="(max-width: 768px) 100vw, 768px" />															</div>
				</div>
					</div>
		</div>
					</div>
		</section>
					</div>
		</div>
					</div>
		</section>
				</div>

<p>Projeto InclusiveCourts presente na 16.ª conferência bienal da European Association of Social Anthropologists, 24 de julho de 2020 Manuela Ivone Cunha e Patrícia Jerónimo organizaram, em conjunto com Alison Dundes Renteln (University of Southern California), um painel intitulado Law and Culture in Court, incluído no programa da 16.º conferência bienal da European Association of Social&hellip;</p>
