{"id":885,"date":"2020-06-25T20:07:41","date_gmt":"2020-06-25T20:07:41","guid":{"rendered":"https:\/\/inclusivecourts.pt\/?page_id=885"},"modified":"2020-06-25T20:09:43","modified_gmt":"2020-06-25T20:09:43","slug":"noticia18","status":"publish","type":"page","link":"https:\/\/inclusivecourts.pt\/en\/noticia18\/","title":{"rendered":"Law School Graduate Ana Rita Sim\u00f5es develops spin-off of InclusiveCourts"},"content":{"rendered":"<div data-elementor-type=\"wp-page\" data-elementor-id=\"885\" class=\"elementor elementor-885\" data-elementor-post-type=\"page\">\n\t\t\t\t\t\t<section class=\"elementor-section elementor-top-section elementor-element elementor-element-b3b27e8 elementor-section-boxed elementor-section-height-default elementor-section-height-default\" data-id=\"b3b27e8\" data-element_type=\"section\" data-e-type=\"section\">\n\t\t\t\t\t\t<div class=\"elementor-container elementor-column-gap-default\">\n\t\t\t\t\t<div class=\"elementor-column elementor-col-100 elementor-top-column elementor-element elementor-element-950192f\" data-id=\"950192f\" data-element_type=\"column\" data-e-type=\"column\">\n\t\t\t<div class=\"elementor-widget-wrap elementor-element-populated\">\n\t\t\t\t\t\t<div class=\"elementor-element elementor-element-6ffdbba elementor-widget elementor-widget-text-editor\" data-id=\"6ffdbba\" data-element_type=\"widget\" data-e-type=\"widget\" data-widget_type=\"text-editor.default\">\n\t\t\t\t<div class=\"elementor-widget-container\">\n\t\t\t\t\t\t\t\t\t<p><strong>Ana Rita Sim\u00f5es, Law School graduate at the University of Minho, was selected to develop a six months\u2019 research project together with the InclusiveCourts\u2019 team, in the framework of the UMinho Prize for Initiation in Scientific Research 2020.<\/strong><\/p>\t\t\t\t\t\t\t\t<\/div>\n\t\t\t\t<\/div>\n\t\t\t\t<div class=\"elementor-element elementor-element-452dbed elementor-widget elementor-widget-text-editor\" data-id=\"452dbed\" data-element_type=\"widget\" data-e-type=\"widget\" data-widget_type=\"text-editor.default\">\n\t\t\t\t<div class=\"elementor-widget-container\">\n\t\t\t\t\t\t\t\t\t<p>Ana Rita Sim\u00f5es, finalista do Curso de Direito da Universidade do Minho, foi selecionada para desenvolver um projeto de investiga\u00e7\u00e3o de seis meses, em conjunto com a equipa do InclusiveCourts, no quadro do Pr\u00e9mio UMinho de Inicia\u00e7\u00e3o na Investiga\u00e7\u00e3o Cient\u00edfica 2020. O projeto tem como t\u00edtulo \u201cO princ\u00edpio da igualdade na \u00abjurisprud\u00eancia multicultural\u00bb dos tribunais portugueses\u201d e vai decorrer entre 1 de julho e 30 de dezembro de 2020. O projeto consiste em identificar de que modo \u00e9 que os tribunais portugueses interpretam e aplicam o princ\u00edpio da igualdade \u00e0 solu\u00e7\u00e3o de casos concretos que envolvam minorias \u00e9tnicas, religiosas ou lingu\u00edsticas, a partir do invent\u00e1rio de \u201cjurisprud\u00eancia multicultural\u201d realizado pela equipa do InclusiveCourts. O objetivo \u00e9 a constru\u00e7\u00e3o de uma tipologia de casos, segundo jurisdi\u00e7\u00e3o, problema jur\u00eddico, grupo minorit\u00e1rio, igualdade formal\/material, discrimina\u00e7\u00e3o direta\/indireta, acomoda\u00e7\u00e3o razo\u00e1vel, etc. Os trabalhos decorrer\u00e3o sob a orienta\u00e7\u00e3o de Patr\u00edcia Jer\u00f3nimo, Investigadora Respons\u00e1vel do InclusiveCourts.<\/p>\t\t\t\t\t\t\t\t<\/div>\n\t\t\t\t<\/div>\n\t\t\t\t<section class=\"elementor-section elementor-inner-section elementor-element elementor-element-fa5e046 elementor-section-boxed elementor-section-height-default elementor-section-height-default\" data-id=\"fa5e046\" data-element_type=\"section\" data-e-type=\"section\">\n\t\t\t\t\t\t<div class=\"elementor-container elementor-column-gap-default\">\n\t\t\t\t\t<div class=\"elementor-column elementor-col-100 elementor-inner-column elementor-element elementor-element-e78e9d9 elementor-invisible\" data-id=\"e78e9d9\" data-element_type=\"column\" data-e-type=\"column\" data-settings=\"{&quot;animation&quot;:&quot;fadeInDown&quot;}\">\n\t\t\t<div class=\"elementor-widget-wrap elementor-element-populated\">\n\t\t\t\t\t\t<div class=\"elementor-element elementor-element-3206b8e elementor-widget elementor-widget-image\" data-id=\"3206b8e\" data-element_type=\"widget\" data-e-type=\"widget\" data-settings=\"{&quot;_animation&quot;:&quot;none&quot;}\" data-widget_type=\"image.default\">\n\t\t\t\t<div class=\"elementor-widget-container\">\n\t\t\t\t\t\t\t\t\t\t\t\t\t\t\t<img fetchpriority=\"high\" decoding=\"async\" width=\"768\" height=\"1119\" src=\"https:\/\/inclusivecourts.pt\/wp-content\/uploads\/2020\/06\/rita-sim\u00f5es-foto--768x1119.jpg\" class=\"elementor-animation-grow attachment-medium_large size-medium_large wp-image-887\" alt=\"\" srcset=\"https:\/\/inclusivecourts.pt\/wp-content\/uploads\/2020\/06\/rita-sim\u00f5es-foto--768x1119.jpg 768w, https:\/\/inclusivecourts.pt\/wp-content\/uploads\/2020\/06\/rita-sim\u00f5es-foto--206x300.jpg 206w, https:\/\/inclusivecourts.pt\/wp-content\/uploads\/2020\/06\/rita-sim\u00f5es-foto--703x1024.jpg 703w, https:\/\/inclusivecourts.pt\/wp-content\/uploads\/2020\/06\/rita-sim\u00f5es-foto-.jpg 842w\" sizes=\"(max-width: 768px) 100vw, 768px\" \/>\t\t\t\t\t\t\t\t\t\t\t\t\t\t\t<\/div>\n\t\t\t\t<\/div>\n\t\t\t\t\t<\/div>\n\t\t<\/div>\n\t\t\t\t\t<\/div>\n\t\t<\/section>\n\t\t\t\t\t<\/div>\n\t\t<\/div>\n\t\t\t\t\t<\/div>\n\t\t<\/section>\n\t\t\t\t<\/div>","protected":false},"excerpt":{"rendered":"<p>Ana Rita Sim\u00f5es, finalista do Curso de Direito da Universidade do Minho, foi selecionada para desenvolver um projeto de investiga\u00e7\u00e3o de seis meses, em conjunto com a equipa do InclusiveCourts, no quadro do Pr\u00e9mio UMinho de Inicia\u00e7\u00e3o na Investiga\u00e7\u00e3o Cient\u00edfica 2020. Ana Rita Sim\u00f5es, finalista do Curso de Direito da Universidade do Minho, foi selecionada&hellip;<\/p>","protected":false},"author":1,"featured_media":0,"parent":0,"menu_order":0,"comment_status":"closed","ping_status":"closed","template":"","meta":{"footnotes":""},"class_list":["post-885","page","type-page","status-publish","hentry"],"_links":{"self":[{"href":"https:\/\/inclusivecourts.pt\/en\/wp-json\/wp\/v2\/pages\/885","targetHints":{"allow":["GET"]}}],"collection":[{"href":"https:\/\/inclusivecourts.pt\/en\/wp-json\/wp\/v2\/pages"}],"about":[{"href":"https:\/\/inclusivecourts.pt\/en\/wp-json\/wp\/v2\/types\/page"}],"author":[{"embeddable":true,"href":"https:\/\/inclusivecourts.pt\/en\/wp-json\/wp\/v2\/users\/1"}],"replies":[{"embeddable":true,"href":"https:\/\/inclusivecourts.pt\/en\/wp-json\/wp\/v2\/comments?post=885"}],"version-history":[{"count":0,"href":"https:\/\/inclusivecourts.pt\/en\/wp-json\/wp\/v2\/pages\/885\/revisions"}],"wp:attachment":[{"href":"https:\/\/inclusivecourts.pt\/en\/wp-json\/wp\/v2\/media?parent=885"}],"curies":[{"name":"wp","href":"https:\/\/api.w.org\/{rel}","templated":true}]}}

Law School Graduate Ana Rita Simões develops spin-off of InclusiveCourts

<div data-elementor-type="wp-page" data-elementor-id="885" class="elementor elementor-885" data-elementor-post-type="page">
						<section class="elementor-section elementor-top-section elementor-element elementor-element-b3b27e8 elementor-section-boxed elementor-section-height-default elementor-section-height-default" data-id="b3b27e8" data-element_type="section" data-e-type="section">
						<div class="elementor-container elementor-column-gap-default">
					<div class="elementor-column elementor-col-100 elementor-top-column elementor-element elementor-element-950192f" data-id="950192f" data-element_type="column" data-e-type="column">
			<div class="elementor-widget-wrap elementor-element-populated">
						<div class="elementor-element elementor-element-6ffdbba elementor-widget elementor-widget-text-editor" data-id="6ffdbba" data-element_type="widget" data-e-type="widget" data-widget_type="text-editor.default">
				<div class="elementor-widget-container">
									<p><strong>Ana Rita Simões, Law School graduate at the University of Minho, was selected to develop a six months’ research project together with the InclusiveCourts’ team, in the framework of the UMinho Prize for Initiation in Scientific Research 2020.</strong></p>								</div>
				</div>
				<div class="elementor-element elementor-element-452dbed elementor-widget elementor-widget-text-editor" data-id="452dbed" data-element_type="widget" data-e-type="widget" data-widget_type="text-editor.default">
				<div class="elementor-widget-container">
									<p>Ana Rita Simões, finalista do Curso de Direito da Universidade do Minho, foi selecionada para desenvolver um projeto de investigação de seis meses, em conjunto com a equipa do InclusiveCourts, no quadro do Prémio UMinho de Iniciação na Investigação Científica 2020. O projeto tem como título “O princípio da igualdade na «jurisprudência multicultural» dos tribunais portugueses” e vai decorrer entre 1 de julho e 30 de dezembro de 2020. O projeto consiste em identificar de que modo é que os tribunais portugueses interpretam e aplicam o princípio da igualdade à solução de casos concretos que envolvam minorias étnicas, religiosas ou linguísticas, a partir do inventário de “jurisprudência multicultural” realizado pela equipa do InclusiveCourts. O objetivo é a construção de uma tipologia de casos, segundo jurisdição, problema jurídico, grupo minoritário, igualdade formal/material, discriminação direta/indireta, acomodação razoável, etc. Os trabalhos decorrerão sob a orientação de Patrícia Jerónimo, Investigadora Responsável do InclusiveCourts.</p>								</div>
				</div>
				<section class="elementor-section elementor-inner-section elementor-element elementor-element-fa5e046 elementor-section-boxed elementor-section-height-default elementor-section-height-default" data-id="fa5e046" data-element_type="section" data-e-type="section">
						<div class="elementor-container elementor-column-gap-default">
					<div class="elementor-column elementor-col-100 elementor-inner-column elementor-element elementor-element-e78e9d9 elementor-invisible" data-id="e78e9d9" data-element_type="column" data-e-type="column" data-settings="{&quot;animation&quot;:&quot;fadeInDown&quot;}">
			<div class="elementor-widget-wrap elementor-element-populated">
						<div class="elementor-element elementor-element-3206b8e elementor-widget elementor-widget-image" data-id="3206b8e" data-element_type="widget" data-e-type="widget" data-settings="{&quot;_animation&quot;:&quot;none&quot;}" data-widget_type="image.default">
				<div class="elementor-widget-container">
															<img fetchpriority="high" decoding="async" width="768" height="1119" src="https://inclusivecourts.pt/wp-content/uploads/2020/06/rita-simões-foto--768x1119.jpg" class="elementor-animation-grow attachment-medium_large size-medium_large wp-image-887" alt="" srcset="https://inclusivecourts.pt/wp-content/uploads/2020/06/rita-simões-foto--768x1119.jpg 768w, https://inclusivecourts.pt/wp-content/uploads/2020/06/rita-simões-foto--206x300.jpg 206w, https://inclusivecourts.pt/wp-content/uploads/2020/06/rita-simões-foto--703x1024.jpg 703w, https://inclusivecourts.pt/wp-content/uploads/2020/06/rita-simões-foto-.jpg 842w" sizes="(max-width: 768px) 100vw, 768px" />															</div>
				</div>
					</div>
		</div>
					</div>
		</section>
					</div>
		</div>
					</div>
		</section>
				</div>

<p>Ana Rita Simões, finalista do Curso de Direito da Universidade do Minho, foi selecionada para desenvolver um projeto de investigação de seis meses, em conjunto com a equipa do InclusiveCourts, no quadro do Prémio UMinho de Iniciação na Investigação Científica 2020. Ana Rita Simões, finalista do Curso de Direito da Universidade do Minho, foi selecionada&hellip;</p>
