{"id":757,"date":"2020-03-23T16:28:48","date_gmt":"2020-03-23T16:28:48","guid":{"rendered":"https:\/\/inclusivecourts.pt\/?page_id=757"},"modified":"2020-03-23T16:29:52","modified_gmt":"2020-03-23T16:29:52","slug":"noticia13","status":"publish","type":"page","link":"https:\/\/inclusivecourts.pt\/en\/noticia13\/","title":{"rendered":"In\u00eas Granja at annual meeting of doctoral students on the European Court of Human Rights"},"content":{"rendered":"<div data-elementor-type=\"wp-page\" data-elementor-id=\"757\" class=\"elementor elementor-757\" data-elementor-post-type=\"page\">\n\t\t\t\t\t\t<section class=\"elementor-section elementor-top-section elementor-element elementor-element-b3b27e8 elementor-section-boxed elementor-section-height-default elementor-section-height-default\" data-id=\"b3b27e8\" data-element_type=\"section\" data-e-type=\"section\">\n\t\t\t\t\t\t<div class=\"elementor-container elementor-column-gap-default\">\n\t\t\t\t\t<div class=\"elementor-column elementor-col-100 elementor-top-column elementor-element elementor-element-950192f\" data-id=\"950192f\" data-element_type=\"column\" data-e-type=\"column\">\n\t\t\t<div class=\"elementor-widget-wrap elementor-element-populated\">\n\t\t\t\t\t\t<div class=\"elementor-element elementor-element-6ffdbba elementor-widget elementor-widget-text-editor\" data-id=\"6ffdbba\" data-element_type=\"widget\" data-e-type=\"widget\" data-widget_type=\"text-editor.default\">\n\t\t\t\t<div class=\"elementor-widget-container\">\n\t\t\t\t\t\t\t\t\t<p><strong>In\u00eas Granja at annual meeting of doctoral students on the European Court of Human Rights, Nottingham, 29 March 2019<\/strong><\/p>\t\t\t\t\t\t\t\t<\/div>\n\t\t\t\t<\/div>\n\t\t\t\t<div class=\"elementor-element elementor-element-452dbed elementor-widget elementor-widget-text-editor\" data-id=\"452dbed\" data-element_type=\"widget\" data-e-type=\"widget\" data-widget_type=\"text-editor.default\">\n\t\t\t\t<div class=\"elementor-widget-container\">\n\t\t\t\t\t\t\t\t\t<p>No dia 29 de mar\u00e7o de 2019, In\u00eas Granja participou no XX Encontro Anual de Estudantes de Doutoramento organizado pela Universidade\u00a0de Nottingham, com a comunica\u00e7\u00e3o \u201cIt\u2019s all about integration: Remarks on freedom of religion in the case-law of the ECtHR\u201d. Para al\u00e9m de estudantes de doutoramento provenientes de diversos pa\u00edses europeus, o encontro contou com a participa\u00e7\u00e3o de Ed Bates, da Universidade de Leicester, Alastair Mowbray, da Universidade de Nottingham, e Tim Eicke, juiz do Tribunal Europeu dos Direitos Humanos.<\/p>\t\t\t\t\t\t\t\t<\/div>\n\t\t\t\t<\/div>\n\t\t\t\t<section class=\"elementor-section elementor-inner-section elementor-element elementor-element-fa5e046 elementor-section-boxed elementor-section-height-default elementor-section-height-default\" data-id=\"fa5e046\" data-element_type=\"section\" data-e-type=\"section\">\n\t\t\t\t\t\t<div class=\"elementor-container elementor-column-gap-default\">\n\t\t\t\t\t<div class=\"elementor-column elementor-col-100 elementor-inner-column elementor-element elementor-element-e78e9d9 elementor-invisible\" data-id=\"e78e9d9\" data-element_type=\"column\" data-e-type=\"column\" data-settings=\"{&quot;animation&quot;:&quot;fadeInDown&quot;}\">\n\t\t\t<div class=\"elementor-widget-wrap elementor-element-populated\">\n\t\t\t\t\t\t<div class=\"elementor-element elementor-element-3206b8e elementor-widget elementor-widget-image\" data-id=\"3206b8e\" data-element_type=\"widget\" data-e-type=\"widget\" data-settings=\"{&quot;_animation&quot;:&quot;none&quot;}\" data-widget_type=\"image.default\">\n\t\t\t\t<div class=\"elementor-widget-container\">\n\t\t\t\t\t\t\t\t\t\t\t\t\t\t\t<img fetchpriority=\"high\" decoding=\"async\" width=\"560\" height=\"283\" src=\"https:\/\/inclusivecourts.pt\/wp-content\/uploads\/2020\/03\/In\u00eas-Granja-no-XX-Encontro-Anual-de-Estudantes-de-Doutoramento-Universidade-de-Nottingham-29-de-mar\u00e7o-de-2019.jpg\" class=\"elementor-animation-grow attachment-medium_large size-medium_large wp-image-750\" alt=\"\" srcset=\"https:\/\/inclusivecourts.pt\/wp-content\/uploads\/2020\/03\/In\u00eas-Granja-no-XX-Encontro-Anual-de-Estudantes-de-Doutoramento-Universidade-de-Nottingham-29-de-mar\u00e7o-de-2019.jpg 560w, https:\/\/inclusivecourts.pt\/wp-content\/uploads\/2020\/03\/In\u00eas-Granja-no-XX-Encontro-Anual-de-Estudantes-de-Doutoramento-Universidade-de-Nottingham-29-de-mar\u00e7o-de-2019-300x152.jpg 300w\" sizes=\"(max-width: 560px) 100vw, 560px\" \/>\t\t\t\t\t\t\t\t\t\t\t\t\t\t\t<\/div>\n\t\t\t\t<\/div>\n\t\t\t\t\t<\/div>\n\t\t<\/div>\n\t\t\t\t\t<\/div>\n\t\t<\/section>\n\t\t\t\t\t<\/div>\n\t\t<\/div>\n\t\t\t\t\t<\/div>\n\t\t<\/section>\n\t\t\t\t<\/div>","protected":false},"excerpt":{"rendered":"<p>In\u00eas Granja participa em encontro de estudantes de doutoramento sobre o Tribunal Europeu dos Direitos Humanos, Nottingham, 29 de mar\u00e7o de 2019 No dia 29 de mar\u00e7o de 2019, In\u00eas Granja participou no XX Encontro Anual de Estudantes de Doutoramento organizado pela Universidade\u00a0de Nottingham, com a comunica\u00e7\u00e3o \u201cIt\u2019s all about integration: Remarks on freedom of&hellip;<\/p>","protected":false},"author":1,"featured_media":0,"parent":0,"menu_order":0,"comment_status":"closed","ping_status":"closed","template":"","meta":{"footnotes":""},"class_list":["post-757","page","type-page","status-publish","hentry"],"_links":{"self":[{"href":"https:\/\/inclusivecourts.pt\/en\/wp-json\/wp\/v2\/pages\/757","targetHints":{"allow":["GET"]}}],"collection":[{"href":"https:\/\/inclusivecourts.pt\/en\/wp-json\/wp\/v2\/pages"}],"about":[{"href":"https:\/\/inclusivecourts.pt\/en\/wp-json\/wp\/v2\/types\/page"}],"author":[{"embeddable":true,"href":"https:\/\/inclusivecourts.pt\/en\/wp-json\/wp\/v2\/users\/1"}],"replies":[{"embeddable":true,"href":"https:\/\/inclusivecourts.pt\/en\/wp-json\/wp\/v2\/comments?post=757"}],"version-history":[{"count":0,"href":"https:\/\/inclusivecourts.pt\/en\/wp-json\/wp\/v2\/pages\/757\/revisions"}],"wp:attachment":[{"href":"https:\/\/inclusivecourts.pt\/en\/wp-json\/wp\/v2\/media?parent=757"}],"curies":[{"name":"wp","href":"https:\/\/api.w.org\/{rel}","templated":true}]}}

Inês Granja at annual meeting of doctoral students on the European Court of Human Rights

<div data-elementor-type="wp-page" data-elementor-id="757" class="elementor elementor-757" data-elementor-post-type="page">
						<section class="elementor-section elementor-top-section elementor-element elementor-element-b3b27e8 elementor-section-boxed elementor-section-height-default elementor-section-height-default" data-id="b3b27e8" data-element_type="section" data-e-type="section">
						<div class="elementor-container elementor-column-gap-default">
					<div class="elementor-column elementor-col-100 elementor-top-column elementor-element elementor-element-950192f" data-id="950192f" data-element_type="column" data-e-type="column">
			<div class="elementor-widget-wrap elementor-element-populated">
						<div class="elementor-element elementor-element-6ffdbba elementor-widget elementor-widget-text-editor" data-id="6ffdbba" data-element_type="widget" data-e-type="widget" data-widget_type="text-editor.default">
				<div class="elementor-widget-container">
									<p><strong>Inês Granja at annual meeting of doctoral students on the European Court of Human Rights, Nottingham, 29 March 2019</strong></p>								</div>
				</div>
				<div class="elementor-element elementor-element-452dbed elementor-widget elementor-widget-text-editor" data-id="452dbed" data-element_type="widget" data-e-type="widget" data-widget_type="text-editor.default">
				<div class="elementor-widget-container">
									<p>No dia 29 de março de 2019, Inês Granja participou no XX Encontro Anual de Estudantes de Doutoramento organizado pela Universidade de Nottingham, com a comunicação “It’s all about integration: Remarks on freedom of religion in the case-law of the ECtHR”. Para além de estudantes de doutoramento provenientes de diversos países europeus, o encontro contou com a participação de Ed Bates, da Universidade de Leicester, Alastair Mowbray, da Universidade de Nottingham, e Tim Eicke, juiz do Tribunal Europeu dos Direitos Humanos.</p>								</div>
				</div>
				<section class="elementor-section elementor-inner-section elementor-element elementor-element-fa5e046 elementor-section-boxed elementor-section-height-default elementor-section-height-default" data-id="fa5e046" data-element_type="section" data-e-type="section">
						<div class="elementor-container elementor-column-gap-default">
					<div class="elementor-column elementor-col-100 elementor-inner-column elementor-element elementor-element-e78e9d9 elementor-invisible" data-id="e78e9d9" data-element_type="column" data-e-type="column" data-settings="{&quot;animation&quot;:&quot;fadeInDown&quot;}">
			<div class="elementor-widget-wrap elementor-element-populated">
						<div class="elementor-element elementor-element-3206b8e elementor-widget elementor-widget-image" data-id="3206b8e" data-element_type="widget" data-e-type="widget" data-settings="{&quot;_animation&quot;:&quot;none&quot;}" data-widget_type="image.default">
				<div class="elementor-widget-container">
															<img fetchpriority="high" decoding="async" width="560" height="283" src="https://inclusivecourts.pt/wp-content/uploads/2020/03/Inês-Granja-no-XX-Encontro-Anual-de-Estudantes-de-Doutoramento-Universidade-de-Nottingham-29-de-março-de-2019.jpg" class="elementor-animation-grow attachment-medium_large size-medium_large wp-image-750" alt="" srcset="https://inclusivecourts.pt/wp-content/uploads/2020/03/Inês-Granja-no-XX-Encontro-Anual-de-Estudantes-de-Doutoramento-Universidade-de-Nottingham-29-de-março-de-2019.jpg 560w, https://inclusivecourts.pt/wp-content/uploads/2020/03/Inês-Granja-no-XX-Encontro-Anual-de-Estudantes-de-Doutoramento-Universidade-de-Nottingham-29-de-março-de-2019-300x152.jpg 300w" sizes="(max-width: 560px) 100vw, 560px" />															</div>
				</div>
					</div>
		</div>
					</div>
		</section>
					</div>
		</div>
					</div>
		</section>
				</div>

<p>Inês Granja participa em encontro de estudantes de doutoramento sobre o Tribunal Europeu dos Direitos Humanos, Nottingham, 29 de março de 2019 No dia 29 de março de 2019, Inês Granja participou no XX Encontro Anual de Estudantes de Doutoramento organizado pela Universidade de Nottingham, com a comunicação “It’s all about integration: Remarks on freedom of&hellip;</p>
