{"id":738,"date":"2020-03-23T16:09:41","date_gmt":"2020-03-23T16:09:41","guid":{"rendered":"https:\/\/inclusivecourts.pt\/?page_id=738"},"modified":"2020-03-23T16:10:49","modified_gmt":"2020-03-23T16:10:49","slug":"noticia10","status":"publish","type":"page","link":"https:\/\/inclusivecourts.pt\/en\/noticia10\/","title":{"rendered":"InclusiveCourts\u2019 researchers take part in the International Conference on the European Convention on Human Rights"},"content":{"rendered":"<div data-elementor-type=\"wp-page\" data-elementor-id=\"738\" class=\"elementor elementor-738\" data-elementor-post-type=\"page\">\n\t\t\t\t\t\t<section class=\"elementor-section elementor-top-section elementor-element elementor-element-b3b27e8 elementor-section-boxed elementor-section-height-default elementor-section-height-default\" data-id=\"b3b27e8\" data-element_type=\"section\" data-e-type=\"section\">\n\t\t\t\t\t\t<div class=\"elementor-container elementor-column-gap-default\">\n\t\t\t\t\t<div class=\"elementor-column elementor-col-100 elementor-top-column elementor-element elementor-element-950192f\" data-id=\"950192f\" data-element_type=\"column\" data-e-type=\"column\">\n\t\t\t<div class=\"elementor-widget-wrap elementor-element-populated\">\n\t\t\t\t\t\t<div class=\"elementor-element elementor-element-6ffdbba elementor-widget elementor-widget-text-editor\" data-id=\"6ffdbba\" data-element_type=\"widget\" data-e-type=\"widget\" data-widget_type=\"text-editor.default\">\n\t\t\t\t<div class=\"elementor-widget-container\">\n\t\t\t\t\t\t\t\t\t<p><strong>InclusiveCourts\u2019 researchers take part in the International Conference on the European Convention on Human Rights, Porto, 4 June 2019<\/strong><\/p>\t\t\t\t\t\t\t\t<\/div>\n\t\t\t\t<\/div>\n\t\t\t\t<div class=\"elementor-element elementor-element-452dbed elementor-widget elementor-widget-text-editor\" data-id=\"452dbed\" data-element_type=\"widget\" data-e-type=\"widget\" data-widget_type=\"text-editor.default\">\n\t\t\t\t<div class=\"elementor-widget-container\">\n\t\t\t\t\t\t\t\t\t<p>V\u00e1rios investigadores da equipa do projeto InclusiveCourts \u2013 Patr\u00edcia Jer\u00f3nimo, Clara Calheiros, M\u00e1rio Monte, Pedro Freitas, Fl\u00e1via Noversa Loureiro, Benedita Mac Crorie, A. Sofia Pinto Oliveira, Teresa Moreira, Cristina Dias e In\u00eas Granja \u2013 intervieram como oradores na sess\u00e3o do Porto do Congresso\u00a0sobre a Conven\u00e7\u00e3o Europeia dos Direitos Humanos e Protocolos Adicionais, promovido por Paulo Pinto de Albuquerque, Juiz do Tribunal Europeu dos Direitos Humanos, e por Guilherme Figueiredo, Baston\u00e1rio da Ordem dos Advogados. O Congresso reuniu os autores que participaram na obra coletiva em tr\u00eas volumes, organizada por Paulo Pinto de Albuquerque, com o t\u00edtulo <em>Coment\u00e1rio da Conven\u00e7\u00e3o Europeia dos Direitos Humanos e dos Protocolos Adicionais<\/em>, publicada pela Universidade Cat\u00f3lica Editora e com sa\u00edda prevista para o final de 2019 e in\u00edcio de 2020.<\/p>\t\t\t\t\t\t\t\t<\/div>\n\t\t\t\t<\/div>\n\t\t\t\t<section class=\"elementor-section elementor-inner-section elementor-element elementor-element-fa5e046 elementor-section-boxed elementor-section-height-default elementor-section-height-default\" data-id=\"fa5e046\" data-element_type=\"section\" data-e-type=\"section\">\n\t\t\t\t\t\t<div class=\"elementor-container elementor-column-gap-default\">\n\t\t\t\t\t<div class=\"elementor-column elementor-col-100 elementor-inner-column elementor-element elementor-element-e78e9d9 elementor-invisible\" data-id=\"e78e9d9\" data-element_type=\"column\" data-e-type=\"column\" data-settings=\"{&quot;animation&quot;:&quot;fadeInDown&quot;}\">\n\t\t\t<div class=\"elementor-widget-wrap elementor-element-populated\">\n\t\t\t\t\t\t<div class=\"elementor-element elementor-element-3206b8e elementor-widget elementor-widget-image\" data-id=\"3206b8e\" data-element_type=\"widget\" data-e-type=\"widget\" data-settings=\"{&quot;_animation&quot;:&quot;none&quot;}\" data-widget_type=\"image.default\">\n\t\t\t\t<div class=\"elementor-widget-container\">\n\t\t\t\t\t\t\t\t\t\t\t\t\t\t\t<img fetchpriority=\"high\" decoding=\"async\" width=\"614\" height=\"250\" src=\"https:\/\/inclusivecourts.pt\/wp-content\/uploads\/2020\/03\/cartaz-n5.jpg\" class=\"elementor-animation-grow attachment-medium_large size-medium_large wp-image-735\" alt=\"\" srcset=\"https:\/\/inclusivecourts.pt\/wp-content\/uploads\/2020\/03\/cartaz-n5.jpg 614w, https:\/\/inclusivecourts.pt\/wp-content\/uploads\/2020\/03\/cartaz-n5-300x122.jpg 300w\" sizes=\"(max-width: 614px) 100vw, 614px\" \/>\t\t\t\t\t\t\t\t\t\t\t\t\t\t\t<\/div>\n\t\t\t\t<\/div>\n\t\t\t\t\t<\/div>\n\t\t<\/div>\n\t\t\t\t\t<\/div>\n\t\t<\/section>\n\t\t\t\t\t<\/div>\n\t\t<\/div>\n\t\t\t\t\t<\/div>\n\t\t<\/section>\n\t\t\t\t<\/div>","protected":false},"excerpt":{"rendered":"<p>Investigadores do InclusiveCourts participam no Congresso sobre a Conven\u00e7\u00e3o Europeia dos Direitos Humanos, Porto, 4 de junho de 2019 V\u00e1rios investigadores da equipa do projeto InclusiveCourts \u2013 Patr\u00edcia Jer\u00f3nimo, Clara Calheiros, M\u00e1rio Monte, Pedro Freitas, Fl\u00e1via Noversa Loureiro, Benedita Mac Crorie, A. Sofia Pinto Oliveira, Teresa Moreira, Cristina Dias e In\u00eas Granja \u2013 intervieram como&hellip;<\/p>","protected":false},"author":1,"featured_media":0,"parent":0,"menu_order":0,"comment_status":"closed","ping_status":"closed","template":"","meta":{"footnotes":""},"class_list":["post-738","page","type-page","status-publish","hentry"],"_links":{"self":[{"href":"https:\/\/inclusivecourts.pt\/en\/wp-json\/wp\/v2\/pages\/738","targetHints":{"allow":["GET"]}}],"collection":[{"href":"https:\/\/inclusivecourts.pt\/en\/wp-json\/wp\/v2\/pages"}],"about":[{"href":"https:\/\/inclusivecourts.pt\/en\/wp-json\/wp\/v2\/types\/page"}],"author":[{"embeddable":true,"href":"https:\/\/inclusivecourts.pt\/en\/wp-json\/wp\/v2\/users\/1"}],"replies":[{"embeddable":true,"href":"https:\/\/inclusivecourts.pt\/en\/wp-json\/wp\/v2\/comments?post=738"}],"version-history":[{"count":0,"href":"https:\/\/inclusivecourts.pt\/en\/wp-json\/wp\/v2\/pages\/738\/revisions"}],"wp:attachment":[{"href":"https:\/\/inclusivecourts.pt\/en\/wp-json\/wp\/v2\/media?parent=738"}],"curies":[{"name":"wp","href":"https:\/\/api.w.org\/{rel}","templated":true}]}}

<div data-elementor-type="wp-page" data-elementor-id="738" class="elementor elementor-738" data-elementor-post-type="page">
						<section class="elementor-section elementor-top-section elementor-element elementor-element-b3b27e8 elementor-section-boxed elementor-section-height-default elementor-section-height-default" data-id="b3b27e8" data-element_type="section" data-e-type="section">
						<div class="elementor-container elementor-column-gap-default">
					<div class="elementor-column elementor-col-100 elementor-top-column elementor-element elementor-element-950192f" data-id="950192f" data-element_type="column" data-e-type="column">
			<div class="elementor-widget-wrap elementor-element-populated">
						<div class="elementor-element elementor-element-6ffdbba elementor-widget elementor-widget-text-editor" data-id="6ffdbba" data-element_type="widget" data-e-type="widget" data-widget_type="text-editor.default">
				<div class="elementor-widget-container">
									<p><strong>InclusiveCourts’ researchers take part in the International Conference on the European Convention on Human Rights, Porto, 4 June 2019</strong></p>								</div>
				</div>
				<div class="elementor-element elementor-element-452dbed elementor-widget elementor-widget-text-editor" data-id="452dbed" data-element_type="widget" data-e-type="widget" data-widget_type="text-editor.default">
				<div class="elementor-widget-container">
									<p>Vários investigadores da equipa do projeto InclusiveCourts – Patrícia Jerónimo, Clara Calheiros, Mário Monte, Pedro Freitas, Flávia Noversa Loureiro, Benedita Mac Crorie, A. Sofia Pinto Oliveira, Teresa Moreira, Cristina Dias e Inês Granja – intervieram como oradores na sessão do Porto do Congresso sobre a Convenção Europeia dos Direitos Humanos e Protocolos Adicionais, promovido por Paulo Pinto de Albuquerque, Juiz do Tribunal Europeu dos Direitos Humanos, e por Guilherme Figueiredo, Bastonário da Ordem dos Advogados. O Congresso reuniu os autores que participaram na obra coletiva em três volumes, organizada por Paulo Pinto de Albuquerque, com o título <em>Comentário da Convenção Europeia dos Direitos Humanos e dos Protocolos Adicionais</em>, publicada pela Universidade Católica Editora e com saída prevista para o final de 2019 e início de 2020.</p>								</div>
				</div>
				<section class="elementor-section elementor-inner-section elementor-element elementor-element-fa5e046 elementor-section-boxed elementor-section-height-default elementor-section-height-default" data-id="fa5e046" data-element_type="section" data-e-type="section">
						<div class="elementor-container elementor-column-gap-default">
					<div class="elementor-column elementor-col-100 elementor-inner-column elementor-element elementor-element-e78e9d9 elementor-invisible" data-id="e78e9d9" data-element_type="column" data-e-type="column" data-settings="{&quot;animation&quot;:&quot;fadeInDown&quot;}">
			<div class="elementor-widget-wrap elementor-element-populated">
						<div class="elementor-element elementor-element-3206b8e elementor-widget elementor-widget-image" data-id="3206b8e" data-element_type="widget" data-e-type="widget" data-settings="{&quot;_animation&quot;:&quot;none&quot;}" data-widget_type="image.default">
				<div class="elementor-widget-container">
															<img fetchpriority="high" decoding="async" width="614" height="250" src="https://inclusivecourts.pt/wp-content/uploads/2020/03/cartaz-n5.jpg" class="elementor-animation-grow attachment-medium_large size-medium_large wp-image-735" alt="" srcset="https://inclusivecourts.pt/wp-content/uploads/2020/03/cartaz-n5.jpg 614w, https://inclusivecourts.pt/wp-content/uploads/2020/03/cartaz-n5-300x122.jpg 300w" sizes="(max-width: 614px) 100vw, 614px" />															</div>
				</div>
					</div>
		</div>
					</div>
		</section>
					</div>
		</div>
					</div>
		</section>
				</div>

<p>Investigadores do InclusiveCourts participam no Congresso sobre a Convenção Europeia dos Direitos Humanos, Porto, 4 de junho de 2019 Vários investigadores da equipa do projeto InclusiveCourts – Patrícia Jerónimo, Clara Calheiros, Mário Monte, Pedro Freitas, Flávia Noversa Loureiro, Benedita Mac Crorie, A. Sofia Pinto Oliveira, Teresa Moreira, Cristina Dias e Inês Granja – intervieram como&hellip;</p>
