{"id":720,"date":"2020-03-23T15:52:00","date_gmt":"2020-03-23T15:52:00","guid":{"rendered":"https:\/\/inclusivecourts.pt\/?page_id=720"},"modified":"2020-03-23T15:53:52","modified_gmt":"2020-03-23T15:53:52","slug":"noticia7","status":"publish","type":"page","link":"https:\/\/inclusivecourts.pt\/en\/noticia7\/","title":{"rendered":"II InclusiveCourts Workshop, Law School of the University of Minho, 16 July 2019"},"content":{"rendered":"<div data-elementor-type=\"wp-page\" data-elementor-id=\"720\" class=\"elementor elementor-720\" data-elementor-post-type=\"page\">\n\t\t\t\t\t\t<section class=\"elementor-section elementor-top-section elementor-element elementor-element-b3b27e8 elementor-section-boxed elementor-section-height-default elementor-section-height-default\" data-id=\"b3b27e8\" data-element_type=\"section\" data-e-type=\"section\">\n\t\t\t\t\t\t<div class=\"elementor-container elementor-column-gap-default\">\n\t\t\t\t\t<div class=\"elementor-column elementor-col-100 elementor-top-column elementor-element elementor-element-950192f\" data-id=\"950192f\" data-element_type=\"column\" data-e-type=\"column\">\n\t\t\t<div class=\"elementor-widget-wrap elementor-element-populated\">\n\t\t\t\t\t\t<div class=\"elementor-element elementor-element-6ffdbba elementor-widget elementor-widget-text-editor\" data-id=\"6ffdbba\" data-element_type=\"widget\" data-e-type=\"widget\" data-widget_type=\"text-editor.default\">\n\t\t\t\t<div class=\"elementor-widget-container\">\n\t\t\t\t\t\t\t\t\t<p><strong><em>II InclusiveCourts Workshop, Law School of the University of Minho, 16 July 2019<\/em><\/strong><strong>, Law School of the University of Minho, 16 July 2019<\/strong><\/p>\t\t\t\t\t\t\t\t<\/div>\n\t\t\t\t<\/div>\n\t\t\t\t<div class=\"elementor-element elementor-element-452dbed elementor-widget elementor-widget-text-editor\" data-id=\"452dbed\" data-element_type=\"widget\" data-e-type=\"widget\" data-widget_type=\"text-editor.default\">\n\t\t\t\t<div class=\"elementor-widget-container\">\n\t\t\t\t\t\t\t\t\t<p>The second <em>InclusiveCourts Workshop <\/em>took place at the Law School of the University of Minho on 16 July 2019. The presentations covered topics such as multiculturalism, feminism, linguistic diversity, human dignity, legal pluralism, and the interplay between cultural diversity and fields of law such as Constitutional Law and Criminal Law. Besides the team members, the workshop had as guest speakers Jo\u00e3o Cardoso Rosas, from the Institute of Arts and Humanities of the University of Minho, Maribel del Pozo, from the Department of Interpretation and Translation of the University of Vigo, and Anabela Le\u00e3o, from the Law Faculty of the University of Porto. The workshop was also attended by students from the Master Programme in Human Rights of the University of Minho.<\/p>\t\t\t\t\t\t\t\t<\/div>\n\t\t\t\t<\/div>\n\t\t\t\t<section class=\"elementor-section elementor-inner-section elementor-element elementor-element-fa5e046 elementor-section-boxed elementor-section-height-default elementor-section-height-default\" data-id=\"fa5e046\" data-element_type=\"section\" data-e-type=\"section\">\n\t\t\t\t\t\t<div class=\"elementor-container elementor-column-gap-default\">\n\t\t\t\t\t<div class=\"elementor-column elementor-col-50 elementor-inner-column elementor-element elementor-element-e78e9d9 elementor-invisible\" data-id=\"e78e9d9\" data-element_type=\"column\" data-e-type=\"column\" data-settings=\"{&quot;animation&quot;:&quot;fadeInDown&quot;}\">\n\t\t\t<div class=\"elementor-widget-wrap elementor-element-populated\">\n\t\t\t\t\t\t<div class=\"elementor-element elementor-element-3206b8e elementor-widget elementor-widget-image\" data-id=\"3206b8e\" data-element_type=\"widget\" data-e-type=\"widget\" data-settings=\"{&quot;_animation&quot;:&quot;none&quot;}\" data-widget_type=\"image.default\">\n\t\t\t\t<div class=\"elementor-widget-container\">\n\t\t\t\t\t\t\t\t\t\t\t\t\t\t\t<img fetchpriority=\"high\" decoding=\"async\" width=\"768\" height=\"512\" src=\"https:\/\/inclusivecourts.pt\/wp-content\/uploads\/2020\/03\/II-Workshop-InclusiveCourts-Escola-de-Direito-da-Universidade-do-Minho-16-de-julho-de-2019_2-768x512.jpg\" class=\"elementor-animation-grow attachment-medium_large size-medium_large wp-image-648\" alt=\"\" srcset=\"https:\/\/inclusivecourts.pt\/wp-content\/uploads\/2020\/03\/II-Workshop-InclusiveCourts-Escola-de-Direito-da-Universidade-do-Minho-16-de-julho-de-2019_2-768x512.jpg 768w, https:\/\/inclusivecourts.pt\/wp-content\/uploads\/2020\/03\/II-Workshop-InclusiveCourts-Escola-de-Direito-da-Universidade-do-Minho-16-de-julho-de-2019_2-300x200.jpg 300w, https:\/\/inclusivecourts.pt\/wp-content\/uploads\/2020\/03\/II-Workshop-InclusiveCourts-Escola-de-Direito-da-Universidade-do-Minho-16-de-julho-de-2019_2-1024x683.jpg 1024w, https:\/\/inclusivecourts.pt\/wp-content\/uploads\/2020\/03\/II-Workshop-InclusiveCourts-Escola-de-Direito-da-Universidade-do-Minho-16-de-julho-de-2019_2.jpg 1134w\" sizes=\"(max-width: 768px) 100vw, 768px\" \/>\t\t\t\t\t\t\t\t\t\t\t\t\t\t\t<\/div>\n\t\t\t\t<\/div>\n\t\t\t\t\t<\/div>\n\t\t<\/div>\n\t\t\t\t<div class=\"elementor-column elementor-col-50 elementor-inner-column elementor-element elementor-element-8bb68f3 elementor-invisible\" data-id=\"8bb68f3\" data-element_type=\"column\" data-e-type=\"column\" data-settings=\"{&quot;animation&quot;:&quot;fadeInDown&quot;}\">\n\t\t\t<div class=\"elementor-widget-wrap elementor-element-populated\">\n\t\t\t\t\t\t<div class=\"elementor-element elementor-element-adcdc1f elementor-widget elementor-widget-image\" data-id=\"adcdc1f\" data-element_type=\"widget\" data-e-type=\"widget\" data-settings=\"{&quot;_animation&quot;:&quot;none&quot;}\" data-widget_type=\"image.default\">\n\t\t\t\t<div class=\"elementor-widget-container\">\n\t\t\t\t\t\t\t\t\t\t\t\t\t\t\t<img decoding=\"async\" width=\"768\" height=\"512\" src=\"https:\/\/inclusivecourts.pt\/wp-content\/uploads\/2020\/03\/II-Workshop-InclusiveCourts-Escola-de-Direito-da-Universidade-do-Minho-16-de-julho-de-2019-768x512.jpg\" class=\"elementor-animation-grow attachment-medium_large size-medium_large wp-image-647\" alt=\"\" srcset=\"https:\/\/inclusivecourts.pt\/wp-content\/uploads\/2020\/03\/II-Workshop-InclusiveCourts-Escola-de-Direito-da-Universidade-do-Minho-16-de-julho-de-2019-768x512.jpg 768w, https:\/\/inclusivecourts.pt\/wp-content\/uploads\/2020\/03\/II-Workshop-InclusiveCourts-Escola-de-Direito-da-Universidade-do-Minho-16-de-julho-de-2019-300x200.jpg 300w, https:\/\/inclusivecourts.pt\/wp-content\/uploads\/2020\/03\/II-Workshop-InclusiveCourts-Escola-de-Direito-da-Universidade-do-Minho-16-de-julho-de-2019-1024x683.jpg 1024w, https:\/\/inclusivecourts.pt\/wp-content\/uploads\/2020\/03\/II-Workshop-InclusiveCourts-Escola-de-Direito-da-Universidade-do-Minho-16-de-julho-de-2019.jpg 1134w\" sizes=\"(max-width: 768px) 100vw, 768px\" \/>\t\t\t\t\t\t\t\t\t\t\t\t\t\t\t<\/div>\n\t\t\t\t<\/div>\n\t\t\t\t\t<\/div>\n\t\t<\/div>\n\t\t\t\t\t<\/div>\n\t\t<\/section>\n\t\t\t\t\t<\/div>\n\t\t<\/div>\n\t\t\t\t\t<\/div>\n\t\t<\/section>\n\t\t\t\t<\/div>","protected":false},"excerpt":{"rendered":"<p>II Workshop InclusiveCourts, Escola de Direito da Universidade do Minho, 16 de julho de 2019 O segundo workshop do projeto InclusiveCourts teve lugar na Escola de Direito da Universidade do Minho, no dia 16 de julho de 2019. As comunica\u00e7\u00f5es versaram sobre multiculturalismo, feminismo, diversidade lingu\u00edstica, dignidade humana, pluralismo jur\u00eddico e a intersec\u00e7\u00e3o entre diferen\u00e7a&hellip;<\/p>","protected":false},"author":1,"featured_media":0,"parent":0,"menu_order":0,"comment_status":"closed","ping_status":"closed","template":"","meta":{"footnotes":""},"class_list":["post-720","page","type-page","status-publish","hentry"],"_links":{"self":[{"href":"https:\/\/inclusivecourts.pt\/en\/wp-json\/wp\/v2\/pages\/720","targetHints":{"allow":["GET"]}}],"collection":[{"href":"https:\/\/inclusivecourts.pt\/en\/wp-json\/wp\/v2\/pages"}],"about":[{"href":"https:\/\/inclusivecourts.pt\/en\/wp-json\/wp\/v2\/types\/page"}],"author":[{"embeddable":true,"href":"https:\/\/inclusivecourts.pt\/en\/wp-json\/wp\/v2\/users\/1"}],"replies":[{"embeddable":true,"href":"https:\/\/inclusivecourts.pt\/en\/wp-json\/wp\/v2\/comments?post=720"}],"version-history":[{"count":0,"href":"https:\/\/inclusivecourts.pt\/en\/wp-json\/wp\/v2\/pages\/720\/revisions"}],"wp:attachment":[{"href":"https:\/\/inclusivecourts.pt\/en\/wp-json\/wp\/v2\/media?parent=720"}],"curies":[{"name":"wp","href":"https:\/\/api.w.org\/{rel}","templated":true}]}}

<div data-elementor-type="wp-page" data-elementor-id="720" class="elementor elementor-720" data-elementor-post-type="page">
						<section class="elementor-section elementor-top-section elementor-element elementor-element-b3b27e8 elementor-section-boxed elementor-section-height-default elementor-section-height-default" data-id="b3b27e8" data-element_type="section" data-e-type="section">
						<div class="elementor-container elementor-column-gap-default">
					<div class="elementor-column elementor-col-100 elementor-top-column elementor-element elementor-element-950192f" data-id="950192f" data-element_type="column" data-e-type="column">
			<div class="elementor-widget-wrap elementor-element-populated">
						<div class="elementor-element elementor-element-6ffdbba elementor-widget elementor-widget-text-editor" data-id="6ffdbba" data-element_type="widget" data-e-type="widget" data-widget_type="text-editor.default">
				<div class="elementor-widget-container">
									<p><strong><em>II InclusiveCourts Workshop, Law School of the University of Minho, 16 July 2019</em></strong><strong>, Law School of the University of Minho, 16 July 2019</strong></p>								</div>
				</div>
				<div class="elementor-element elementor-element-452dbed elementor-widget elementor-widget-text-editor" data-id="452dbed" data-element_type="widget" data-e-type="widget" data-widget_type="text-editor.default">
				<div class="elementor-widget-container">
									<p>The second <em>InclusiveCourts Workshop </em>took place at the Law School of the University of Minho on 16 July 2019. The presentations covered topics such as multiculturalism, feminism, linguistic diversity, human dignity, legal pluralism, and the interplay between cultural diversity and fields of law such as Constitutional Law and Criminal Law. Besides the team members, the workshop had as guest speakers João Cardoso Rosas, from the Institute of Arts and Humanities of the University of Minho, Maribel del Pozo, from the Department of Interpretation and Translation of the University of Vigo, and Anabela Leão, from the Law Faculty of the University of Porto. The workshop was also attended by students from the Master Programme in Human Rights of the University of Minho.</p>								</div>
				</div>
				<section class="elementor-section elementor-inner-section elementor-element elementor-element-fa5e046 elementor-section-boxed elementor-section-height-default elementor-section-height-default" data-id="fa5e046" data-element_type="section" data-e-type="section">
						<div class="elementor-container elementor-column-gap-default">
					<div class="elementor-column elementor-col-50 elementor-inner-column elementor-element elementor-element-e78e9d9 elementor-invisible" data-id="e78e9d9" data-element_type="column" data-e-type="column" data-settings="{&quot;animation&quot;:&quot;fadeInDown&quot;}">
			<div class="elementor-widget-wrap elementor-element-populated">
						<div class="elementor-element elementor-element-3206b8e elementor-widget elementor-widget-image" data-id="3206b8e" data-element_type="widget" data-e-type="widget" data-settings="{&quot;_animation&quot;:&quot;none&quot;}" data-widget_type="image.default">
				<div class="elementor-widget-container">
															<img fetchpriority="high" decoding="async" width="768" height="512" src="https://inclusivecourts.pt/wp-content/uploads/2020/03/II-Workshop-InclusiveCourts-Escola-de-Direito-da-Universidade-do-Minho-16-de-julho-de-2019_2-768x512.jpg" class="elementor-animation-grow attachment-medium_large size-medium_large wp-image-648" alt="" srcset="https://inclusivecourts.pt/wp-content/uploads/2020/03/II-Workshop-InclusiveCourts-Escola-de-Direito-da-Universidade-do-Minho-16-de-julho-de-2019_2-768x512.jpg 768w, https://inclusivecourts.pt/wp-content/uploads/2020/03/II-Workshop-InclusiveCourts-Escola-de-Direito-da-Universidade-do-Minho-16-de-julho-de-2019_2-300x200.jpg 300w, https://inclusivecourts.pt/wp-content/uploads/2020/03/II-Workshop-InclusiveCourts-Escola-de-Direito-da-Universidade-do-Minho-16-de-julho-de-2019_2-1024x683.jpg 1024w, https://inclusivecourts.pt/wp-content/uploads/2020/03/II-Workshop-InclusiveCourts-Escola-de-Direito-da-Universidade-do-Minho-16-de-julho-de-2019_2.jpg 1134w" sizes="(max-width: 768px) 100vw, 768px" />															</div>
				</div>
					</div>
		</div>
				<div class="elementor-column elementor-col-50 elementor-inner-column elementor-element elementor-element-8bb68f3 elementor-invisible" data-id="8bb68f3" data-element_type="column" data-e-type="column" data-settings="{&quot;animation&quot;:&quot;fadeInDown&quot;}">
			<div class="elementor-widget-wrap elementor-element-populated">
						<div class="elementor-element elementor-element-adcdc1f elementor-widget elementor-widget-image" data-id="adcdc1f" data-element_type="widget" data-e-type="widget" data-settings="{&quot;_animation&quot;:&quot;none&quot;}" data-widget_type="image.default">
				<div class="elementor-widget-container">
															<img decoding="async" width="768" height="512" src="https://inclusivecourts.pt/wp-content/uploads/2020/03/II-Workshop-InclusiveCourts-Escola-de-Direito-da-Universidade-do-Minho-16-de-julho-de-2019-768x512.jpg" class="elementor-animation-grow attachment-medium_large size-medium_large wp-image-647" alt="" srcset="https://inclusivecourts.pt/wp-content/uploads/2020/03/II-Workshop-InclusiveCourts-Escola-de-Direito-da-Universidade-do-Minho-16-de-julho-de-2019-768x512.jpg 768w, https://inclusivecourts.pt/wp-content/uploads/2020/03/II-Workshop-InclusiveCourts-Escola-de-Direito-da-Universidade-do-Minho-16-de-julho-de-2019-300x200.jpg 300w, https://inclusivecourts.pt/wp-content/uploads/2020/03/II-Workshop-InclusiveCourts-Escola-de-Direito-da-Universidade-do-Minho-16-de-julho-de-2019-1024x683.jpg 1024w, https://inclusivecourts.pt/wp-content/uploads/2020/03/II-Workshop-InclusiveCourts-Escola-de-Direito-da-Universidade-do-Minho-16-de-julho-de-2019.jpg 1134w" sizes="(max-width: 768px) 100vw, 768px" />															</div>
				</div>
					</div>
		</div>
					</div>
		</section>
					</div>
		</div>
					</div>
		</section>
				</div>

<p>II Workshop InclusiveCourts, Escola de Direito da Universidade do Minho, 16 de julho de 2019 O segundo workshop do projeto InclusiveCourts teve lugar na Escola de Direito da Universidade do Minho, no dia 16 de julho de 2019. As comunicações versaram sobre multiculturalismo, feminismo, diversidade linguística, dignidade humana, pluralismo jurídico e a intersecção entre diferença&hellip;</p>
