{"id":714,"date":"2020-03-23T15:46:05","date_gmt":"2020-03-23T15:46:05","guid":{"rendered":"https:\/\/inclusivecourts.pt\/?page_id=714"},"modified":"2020-03-23T15:46:58","modified_gmt":"2020-03-23T15:46:58","slug":"noticia6","status":"publish","type":"page","link":"https:\/\/inclusivecourts.pt\/en\/noticia6\/","title":{"rendered":"III InclusiveCourts Workshop, Padr\u00e3o dos Descobrimentos, 27 September 2019"},"content":{"rendered":"<div data-elementor-type=\"wp-page\" data-elementor-id=\"714\" class=\"elementor elementor-714\" data-elementor-post-type=\"page\">\n\t\t\t\t\t\t<section class=\"elementor-section elementor-top-section elementor-element elementor-element-b3b27e8 elementor-section-boxed elementor-section-height-default elementor-section-height-default\" data-id=\"b3b27e8\" data-element_type=\"section\" data-e-type=\"section\">\n\t\t\t\t\t\t<div class=\"elementor-container elementor-column-gap-default\">\n\t\t\t\t\t<div class=\"elementor-column elementor-col-100 elementor-top-column elementor-element elementor-element-950192f\" data-id=\"950192f\" data-element_type=\"column\" data-e-type=\"column\">\n\t\t\t<div class=\"elementor-widget-wrap elementor-element-populated\">\n\t\t\t\t\t\t<div class=\"elementor-element elementor-element-6ffdbba elementor-widget elementor-widget-text-editor\" data-id=\"6ffdbba\" data-element_type=\"widget\" data-e-type=\"widget\" data-widget_type=\"text-editor.default\">\n\t\t\t\t<div class=\"elementor-widget-container\">\n\t\t\t\t\t\t\t\t\t<p><strong><em>III InclusiveCourts Workshop, Padr\u00e3o dos Descobrimentos, 27 September 2019<\/em>, Padr\u00e3o dos Descobrimentos, 27 de setembro de 2019<\/strong><\/p>\t\t\t\t\t\t\t\t<\/div>\n\t\t\t\t<\/div>\n\t\t\t\t<div class=\"elementor-element elementor-element-452dbed elementor-widget elementor-widget-text-editor\" data-id=\"452dbed\" data-element_type=\"widget\" data-e-type=\"widget\" data-widget_type=\"text-editor.default\">\n\t\t\t\t<div class=\"elementor-widget-container\">\n\t\t\t\t\t\t\t\t\t<p>The third <em>InclusiveCourts Workshop <\/em>took place at the Padr\u00e3o dos Descobrimentos, in Bel\u00e9m, on 27 September 2019. The presentations covered a range of topics, including concepts (culture, Sharia), the reasoning of judicial decisions and the interplay between cultural diversity and different fields of law (Family law, Criminal Law, Funeral Law). Besides the team members, the workshop had as guest speakers Jaime Valle, from the Law Faculty of the University of Lisbon, Rossana Cruz, from the Law School of the University of Minho, and Nuno Saraiva, from the Social Sciences and Humanities Faculty of the Nova University of Lisbon. The workshop was also attended by Master students of the Master Programme in Human Rights, of the University of Minho, and of the Master Programme in Anthropology, of the Nova University of Lisbon.<\/p>\t\t\t\t\t\t\t\t<\/div>\n\t\t\t\t<\/div>\n\t\t\t\t\t<\/div>\n\t\t<\/div>\n\t\t\t\t\t<\/div>\n\t\t<\/section>\n\t\t\t\t<\/div>","protected":false},"excerpt":{"rendered":"<p>III Workshop InclusiveCourts, Padr\u00e3o dos Descobrimentos, 27 de setembro de 2019 O terceiro workshop do projeto InclusiveCourts teve lugar no Audit\u00f3rio do Padr\u00e3o dos Descobrimentos, em Bel\u00e9m, no dia 27 de setembro de 2019. As comunica\u00e7\u00f5es versaram sobre quest\u00f5es conceptuais (cultura, Xaria), a argumenta\u00e7\u00e3o nas decis\u00f5es judiciais e a intersec\u00e7\u00e3o entre diferen\u00e7a cultural e v\u00e1rias&hellip;<\/p>","protected":false},"author":1,"featured_media":0,"parent":0,"menu_order":0,"comment_status":"closed","ping_status":"closed","template":"","meta":{"footnotes":""},"class_list":["post-714","page","type-page","status-publish","hentry"],"_links":{"self":[{"href":"https:\/\/inclusivecourts.pt\/en\/wp-json\/wp\/v2\/pages\/714","targetHints":{"allow":["GET"]}}],"collection":[{"href":"https:\/\/inclusivecourts.pt\/en\/wp-json\/wp\/v2\/pages"}],"about":[{"href":"https:\/\/inclusivecourts.pt\/en\/wp-json\/wp\/v2\/types\/page"}],"author":[{"embeddable":true,"href":"https:\/\/inclusivecourts.pt\/en\/wp-json\/wp\/v2\/users\/1"}],"replies":[{"embeddable":true,"href":"https:\/\/inclusivecourts.pt\/en\/wp-json\/wp\/v2\/comments?post=714"}],"version-history":[{"count":0,"href":"https:\/\/inclusivecourts.pt\/en\/wp-json\/wp\/v2\/pages\/714\/revisions"}],"wp:attachment":[{"href":"https:\/\/inclusivecourts.pt\/en\/wp-json\/wp\/v2\/media?parent=714"}],"curies":[{"name":"wp","href":"https:\/\/api.w.org\/{rel}","templated":true}]}}

III InclusiveCourts Workshop, Padrão dos Descobrimentos, 27 September 2019

<div data-elementor-type="wp-page" data-elementor-id="714" class="elementor elementor-714" data-elementor-post-type="page">
						<section class="elementor-section elementor-top-section elementor-element elementor-element-b3b27e8 elementor-section-boxed elementor-section-height-default elementor-section-height-default" data-id="b3b27e8" data-element_type="section" data-e-type="section">
						<div class="elementor-container elementor-column-gap-default">
					<div class="elementor-column elementor-col-100 elementor-top-column elementor-element elementor-element-950192f" data-id="950192f" data-element_type="column" data-e-type="column">
			<div class="elementor-widget-wrap elementor-element-populated">
						<div class="elementor-element elementor-element-6ffdbba elementor-widget elementor-widget-text-editor" data-id="6ffdbba" data-element_type="widget" data-e-type="widget" data-widget_type="text-editor.default">
				<div class="elementor-widget-container">
									<p><strong><em>III InclusiveCourts Workshop, Padrão dos Descobrimentos, 27 September 2019</em>, Padrão dos Descobrimentos, 27 de setembro de 2019</strong></p>								</div>
				</div>
				<div class="elementor-element elementor-element-452dbed elementor-widget elementor-widget-text-editor" data-id="452dbed" data-element_type="widget" data-e-type="widget" data-widget_type="text-editor.default">
				<div class="elementor-widget-container">
									<p>The third <em>InclusiveCourts Workshop </em>took place at the Padrão dos Descobrimentos, in Belém, on 27 September 2019. The presentations covered a range of topics, including concepts (culture, Sharia), the reasoning of judicial decisions and the interplay between cultural diversity and different fields of law (Family law, Criminal Law, Funeral Law). Besides the team members, the workshop had as guest speakers Jaime Valle, from the Law Faculty of the University of Lisbon, Rossana Cruz, from the Law School of the University of Minho, and Nuno Saraiva, from the Social Sciences and Humanities Faculty of the Nova University of Lisbon. The workshop was also attended by Master students of the Master Programme in Human Rights, of the University of Minho, and of the Master Programme in Anthropology, of the Nova University of Lisbon.</p>								</div>
				</div>
					</div>
		</div>
					</div>
		</section>
				</div>

<p>III Workshop InclusiveCourts, Padrão dos Descobrimentos, 27 de setembro de 2019 O terceiro workshop do projeto InclusiveCourts teve lugar no Auditório do Padrão dos Descobrimentos, em Belém, no dia 27 de setembro de 2019. As comunicações versaram sobre questões conceptuais (cultura, Xaria), a argumentação nas decisões judiciais e a intersecção entre diferença cultural e várias&hellip;</p>
