{"id":3289,"date":"2025-08-12T15:04:19","date_gmt":"2025-08-12T15:04:19","guid":{"rendered":"https:\/\/inclusivecourts.pt\/?page_id=3289"},"modified":"2025-08-12T15:05:56","modified_gmt":"2025-08-12T15:05:56","slug":"noticia104","status":"publish","type":"page","link":"https:\/\/inclusivecourts.pt\/en\/noticia104\/","title":{"rendered":"ICON.S 2025 debate equality, climate emergency, and democracy in the digital era"},"content":{"rendered":"<div data-elementor-type=\"wp-page\" data-elementor-id=\"3289\" class=\"elementor elementor-3289\" data-elementor-post-type=\"page\">\n\t\t\t\t\t\t<section class=\"elementor-section elementor-top-section elementor-element elementor-element-b3b27e8 elementor-section-boxed elementor-section-height-default elementor-section-height-default\" data-id=\"b3b27e8\" data-element_type=\"section\" data-e-type=\"section\">\n\t\t\t\t\t\t<div class=\"elementor-container elementor-column-gap-default\">\n\t\t\t\t\t<div class=\"elementor-column elementor-col-100 elementor-top-column elementor-element elementor-element-950192f\" data-id=\"950192f\" data-element_type=\"column\" data-e-type=\"column\">\n\t\t\t<div class=\"elementor-widget-wrap elementor-element-populated\">\n\t\t\t\t\t\t<div class=\"elementor-element elementor-element-6ffdbba elementor-widget elementor-widget-text-editor\" data-id=\"6ffdbba\" data-element_type=\"widget\" data-e-type=\"widget\" data-widget_type=\"text-editor.default\">\n\t\t\t\t<div class=\"elementor-widget-container\">\n\t\t\t\t\t\t\t\t\t<p><strong>ICON.S 2025 debate equality, climate emergency, and democracy in the digital era<\/strong><\/p>\t\t\t\t\t\t\t\t<\/div>\n\t\t\t\t<\/div>\n\t\t\t\t<div class=\"elementor-element elementor-element-452dbed elementor-widget elementor-widget-text-editor\" data-id=\"452dbed\" data-element_type=\"widget\" data-e-type=\"widget\" data-widget_type=\"text-editor.default\">\n\t\t\t\t<div class=\"elementor-widget-container\">\n\t\t\t\t\t\t\t\t\t<p class=\"translation-block\">Patr\u00edcia Jer\u00f3nimo was a speaker in this year\u2019s edition of the International Society of Public Law (ICON.S) annual conference, which was held at the University of Brasilia between 27 and 30 July 2025, under the title At the Crossroads of Public Law: Equality, Climate Emergency, and Democracy in the Digital Era. Patr\u00edcia Jer\u00f3nimo\u2019s paper was entitled \u201cSocial exclusion and ethno-racial vulnerability in the case law of Portuguese courts: Balancing equality, non-discrimination, and the right to be different\u201d. It was given as part of a panel coordinated by Lorena Ossio Bustillos (Max Planck Institute for Social Law and Social Policy) with the title Social Protection and Vulnerability in the Mirror of Court Decisions: The Construction and Challenges for an Ecological Social State. Besides Patr\u00edcia Jer\u00f3nimo and Lorena Ossio Bustillos, the panel further included Ingo Sarlet (PUC Rio Grande do Sul) and Karl-Peter Sommermann (German University of Administrative Sciences Speyer), as speakers, and Maria Valeria Berros (National University of the Littoral), as discussant.<\/p><p>The conference programme is available <a href=\"https:\/\/inclusivecourts.pt\/wp-content\/uploads\/2025\/08\/BOOKLET-2025-Final.pdf\"><u>here<\/u><\/a>.<\/p>\t\t\t\t\t\t\t\t<\/div>\n\t\t\t\t<\/div>\n\t\t\t\t<section class=\"elementor-section elementor-inner-section elementor-element elementor-element-fa5e046 elementor-section-boxed elementor-section-height-default elementor-section-height-default\" data-id=\"fa5e046\" data-element_type=\"section\" data-e-type=\"section\">\n\t\t\t\t\t\t<div class=\"elementor-container elementor-column-gap-default\">\n\t\t\t\t\t<div class=\"elementor-column elementor-col-100 elementor-inner-column elementor-element elementor-element-e78e9d9 elementor-invisible\" data-id=\"e78e9d9\" data-element_type=\"column\" data-e-type=\"column\" data-settings=\"{&quot;animation&quot;:&quot;fadeInDown&quot;}\">\n\t\t\t<div class=\"elementor-widget-wrap elementor-element-populated\">\n\t\t\t\t\t\t<div class=\"elementor-element elementor-element-3206b8e elementor-widget elementor-widget-image\" data-id=\"3206b8e\" data-element_type=\"widget\" data-e-type=\"widget\" data-settings=\"{&quot;_animation&quot;:&quot;none&quot;}\" data-widget_type=\"image.default\">\n\t\t\t\t<div class=\"elementor-widget-container\">\n\t\t\t\t\t\t\t\t\t\t\t\t\t\t\t<img fetchpriority=\"high\" decoding=\"async\" width=\"768\" height=\"430\" src=\"https:\/\/inclusivecourts.pt\/wp-content\/uploads\/2025\/08\/Icons2025Brasilia-768x430.jpg\" class=\"elementor-animation-grow attachment-medium_large size-medium_large wp-image-3278\" alt=\"\" srcset=\"https:\/\/inclusivecourts.pt\/wp-content\/uploads\/2025\/08\/Icons2025Brasilia-768x430.jpg 768w, https:\/\/inclusivecourts.pt\/wp-content\/uploads\/2025\/08\/Icons2025Brasilia-300x168.jpg 300w, https:\/\/inclusivecourts.pt\/wp-content\/uploads\/2025\/08\/Icons2025Brasilia-1024x573.jpg 1024w, https:\/\/inclusivecourts.pt\/wp-content\/uploads\/2025\/08\/Icons2025Brasilia-1536x860.jpg 1536w, https:\/\/inclusivecourts.pt\/wp-content\/uploads\/2025\/08\/Icons2025Brasilia-18x10.jpg 18w, https:\/\/inclusivecourts.pt\/wp-content\/uploads\/2025\/08\/Icons2025Brasilia.jpg 1600w\" sizes=\"(max-width: 768px) 100vw, 768px\" \/>\t\t\t\t\t\t\t\t\t\t\t\t\t\t\t<\/div>\n\t\t\t\t<\/div>\n\t\t\t\t\t<\/div>\n\t\t<\/div>\n\t\t\t\t\t<\/div>\n\t\t<\/section>\n\t\t\t\t\t<\/div>\n\t\t<\/div>\n\t\t\t\t\t<\/div>\n\t\t<\/section>\n\t\t\t\t<\/div>","protected":false},"excerpt":{"rendered":"<p>ICON.S 2025 discute igualdade, emerg\u00eancia clim\u00e1tica e democracia na era digital Patr\u00edcia Jer\u00f3nimo interveio como oradora na edi\u00e7\u00e3o deste ano da confer\u00eancia da International Society of Public Law (ICON.S), que decorreu na Universidade de Bras\u00edlia entre 27 e 30 de julho de 2025, tendo como t\u00edtulo At the Crossroads of Public Law: Equality, Climate Emergency,&hellip;<\/p>","protected":false},"author":1,"featured_media":0,"parent":0,"menu_order":0,"comment_status":"closed","ping_status":"closed","template":"","meta":{"footnotes":""},"class_list":["post-3289","page","type-page","status-publish","hentry"],"_links":{"self":[{"href":"https:\/\/inclusivecourts.pt\/en\/wp-json\/wp\/v2\/pages\/3289","targetHints":{"allow":["GET"]}}],"collection":[{"href":"https:\/\/inclusivecourts.pt\/en\/wp-json\/wp\/v2\/pages"}],"about":[{"href":"https:\/\/inclusivecourts.pt\/en\/wp-json\/wp\/v2\/types\/page"}],"author":[{"embeddable":true,"href":"https:\/\/inclusivecourts.pt\/en\/wp-json\/wp\/v2\/users\/1"}],"replies":[{"embeddable":true,"href":"https:\/\/inclusivecourts.pt\/en\/wp-json\/wp\/v2\/comments?post=3289"}],"version-history":[{"count":4,"href":"https:\/\/inclusivecourts.pt\/en\/wp-json\/wp\/v2\/pages\/3289\/revisions"}],"predecessor-version":[{"id":3293,"href":"https:\/\/inclusivecourts.pt\/en\/wp-json\/wp\/v2\/pages\/3289\/revisions\/3293"}],"wp:attachment":[{"href":"https:\/\/inclusivecourts.pt\/en\/wp-json\/wp\/v2\/media?parent=3289"}],"curies":[{"name":"wp","href":"https:\/\/api.w.org\/{rel}","templated":true}]}}

<div data-elementor-type="wp-page" data-elementor-id="3289" class="elementor elementor-3289" data-elementor-post-type="page">
						<section class="elementor-section elementor-top-section elementor-element elementor-element-b3b27e8 elementor-section-boxed elementor-section-height-default elementor-section-height-default" data-id="b3b27e8" data-element_type="section" data-e-type="section">
						<div class="elementor-container elementor-column-gap-default">
					<div class="elementor-column elementor-col-100 elementor-top-column elementor-element elementor-element-950192f" data-id="950192f" data-element_type="column" data-e-type="column">
			<div class="elementor-widget-wrap elementor-element-populated">
						<div class="elementor-element elementor-element-6ffdbba elementor-widget elementor-widget-text-editor" data-id="6ffdbba" data-element_type="widget" data-e-type="widget" data-widget_type="text-editor.default">
				<div class="elementor-widget-container">
									<p><strong>ICON.S 2025 debate equality, climate emergency, and democracy in the digital era</strong></p>								</div>
				</div>
				<div class="elementor-element elementor-element-452dbed elementor-widget elementor-widget-text-editor" data-id="452dbed" data-element_type="widget" data-e-type="widget" data-widget_type="text-editor.default">
				<div class="elementor-widget-container">
									<p class="translation-block">Patrícia Jerónimo was a speaker in this year’s edition of the International Society of Public Law (ICON.S) annual conference, which was held at the University of Brasilia between 27 and 30 July 2025, under the title At the Crossroads of Public Law: Equality, Climate Emergency, and Democracy in the Digital Era. Patrícia Jerónimo’s paper was entitled “Social exclusion and ethno-racial vulnerability in the case law of Portuguese courts: Balancing equality, non-discrimination, and the right to be different”. It was given as part of a panel coordinated by Lorena Ossio Bustillos (Max Planck Institute for Social Law and Social Policy) with the title Social Protection and Vulnerability in the Mirror of Court Decisions: The Construction and Challenges for an Ecological Social State. Besides Patrícia Jerónimo and Lorena Ossio Bustillos, the panel further included Ingo Sarlet (PUC Rio Grande do Sul) and Karl-Peter Sommermann (German University of Administrative Sciences Speyer), as speakers, and Maria Valeria Berros (National University of the Littoral), as discussant.</p><p>The conference programme is available <a href="https://inclusivecourts.pt/wp-content/uploads/2025/08/BOOKLET-2025-Final.pdf"><u>here</u></a>.</p>								</div>
				</div>
				<section class="elementor-section elementor-inner-section elementor-element elementor-element-fa5e046 elementor-section-boxed elementor-section-height-default elementor-section-height-default" data-id="fa5e046" data-element_type="section" data-e-type="section">
						<div class="elementor-container elementor-column-gap-default">
					<div class="elementor-column elementor-col-100 elementor-inner-column elementor-element elementor-element-e78e9d9 elementor-invisible" data-id="e78e9d9" data-element_type="column" data-e-type="column" data-settings="{&quot;animation&quot;:&quot;fadeInDown&quot;}">
			<div class="elementor-widget-wrap elementor-element-populated">
						<div class="elementor-element elementor-element-3206b8e elementor-widget elementor-widget-image" data-id="3206b8e" data-element_type="widget" data-e-type="widget" data-settings="{&quot;_animation&quot;:&quot;none&quot;}" data-widget_type="image.default">
				<div class="elementor-widget-container">
															<img fetchpriority="high" decoding="async" width="768" height="430" src="https://inclusivecourts.pt/wp-content/uploads/2025/08/Icons2025Brasilia-768x430.jpg" class="elementor-animation-grow attachment-medium_large size-medium_large wp-image-3278" alt="" srcset="https://inclusivecourts.pt/wp-content/uploads/2025/08/Icons2025Brasilia-768x430.jpg 768w, https://inclusivecourts.pt/wp-content/uploads/2025/08/Icons2025Brasilia-300x168.jpg 300w, https://inclusivecourts.pt/wp-content/uploads/2025/08/Icons2025Brasilia-1024x573.jpg 1024w, https://inclusivecourts.pt/wp-content/uploads/2025/08/Icons2025Brasilia-1536x860.jpg 1536w, https://inclusivecourts.pt/wp-content/uploads/2025/08/Icons2025Brasilia-18x10.jpg 18w, https://inclusivecourts.pt/wp-content/uploads/2025/08/Icons2025Brasilia.jpg 1600w" sizes="(max-width: 768px) 100vw, 768px" />															</div>
				</div>
					</div>
		</div>
					</div>
		</section>
					</div>
		</div>
					</div>
		</section>
				</div>

<p>ICON.S 2025 discute igualdade, emergência climática e democracia na era digital Patrícia Jerónimo interveio como oradora na edição deste ano da conferência da International Society of Public Law (ICON.S), que decorreu na Universidade de Brasília entre 27 e 30 de julho de 2025, tendo como título At the Crossroads of Public Law: Equality, Climate Emergency,&hellip;</p>
