{"id":3056,"date":"2024-12-20T16:39:49","date_gmt":"2024-12-20T16:39:49","guid":{"rendered":"https:\/\/inclusivecourts.pt\/?page_id=3056"},"modified":"2024-12-23T13:08:54","modified_gmt":"2024-12-23T13:08:54","slug":"noticia94","status":"publish","type":"page","link":"https:\/\/inclusivecourts.pt\/en\/noticia94\/","title":{"rendered":"Book launch: Liberdade de Imprensa em Portugal e na Europa"},"content":{"rendered":"<div data-elementor-type=\"wp-page\" data-elementor-id=\"3056\" class=\"elementor elementor-3056\" data-elementor-post-type=\"page\">\n\t\t\t\t\t\t<section class=\"elementor-section elementor-top-section elementor-element elementor-element-b3b27e8 elementor-section-boxed elementor-section-height-default elementor-section-height-default\" data-id=\"b3b27e8\" data-element_type=\"section\" data-e-type=\"section\">\n\t\t\t\t\t\t<div class=\"elementor-container elementor-column-gap-default\">\n\t\t\t\t\t<div class=\"elementor-column elementor-col-100 elementor-top-column elementor-element elementor-element-950192f\" data-id=\"950192f\" data-element_type=\"column\" data-e-type=\"column\">\n\t\t\t<div class=\"elementor-widget-wrap elementor-element-populated\">\n\t\t\t\t\t\t<div class=\"elementor-element elementor-element-6ffdbba elementor-widget elementor-widget-text-editor\" data-id=\"6ffdbba\" data-element_type=\"widget\" data-e-type=\"widget\" data-widget_type=\"text-editor.default\">\n\t\t\t\t<div class=\"elementor-widget-container\">\n\t\t\t\t\t\t\t\t\t<p><strong>Lan\u00e7amento do livro <em>Liberdade de Imprensa em Portugal e na Europa<\/em><\/strong><\/p>\t\t\t\t\t\t\t\t<\/div>\n\t\t\t\t<\/div>\n\t\t\t\t<div class=\"elementor-element elementor-element-452dbed elementor-widget elementor-widget-text-editor\" data-id=\"452dbed\" data-element_type=\"widget\" data-e-type=\"widget\" data-widget_type=\"text-editor.default\">\n\t\t\t\t<div class=\"elementor-widget-container\">\n\t\t\t\t\t\t\t\t\t<p>O livro <em>Liberdade de Imprensa em Portugal e na Europa<\/em>, coordenado por Paulo Pinto de Albuquerque, Valentina Marcelino e Bruno Contreiras Mateus, foi apresentado na Assembleia da Rep\u00fablica, no dia 17 de Dezembro de 2024, com interven\u00e7\u00f5es de Jos\u00e9 Pedro Aguiar-Branco, Lu\u00eds Rosa, Sofia Pinto Coelho, Francisco Teixeira da Mota, Teresa Pizarro Beleza, Paulo Pena e Jos\u00e9 Ant\u00f3nio Barreiros, entre outros. Patr\u00edcia Jer\u00f3nimo contribuiu para o livro com um cap\u00edtulo intitulado \u201cLiberdade de imprensa e \u2018discurso de \u00f3dio\u2019 contra minorias \u00e9tnico-raciais e\/ou religiosas\u201d.<\/p>\t\t\t\t\t\t\t\t<\/div>\n\t\t\t\t<\/div>\n\t\t\t\t<section class=\"elementor-section elementor-inner-section elementor-element elementor-element-fa5e046 elementor-section-boxed elementor-section-height-default elementor-section-height-default\" data-id=\"fa5e046\" data-element_type=\"section\" data-e-type=\"section\">\n\t\t\t\t\t\t<div class=\"elementor-container elementor-column-gap-default\">\n\t\t\t\t\t<div class=\"elementor-column elementor-col-100 elementor-inner-column elementor-element elementor-element-e78e9d9 elementor-invisible\" data-id=\"e78e9d9\" data-element_type=\"column\" data-e-type=\"column\" data-settings=\"{&quot;animation&quot;:&quot;fadeInDown&quot;}\">\n\t\t\t<div class=\"elementor-widget-wrap elementor-element-populated\">\n\t\t\t\t\t\t<div class=\"elementor-element elementor-element-3206b8e elementor-widget elementor-widget-image\" data-id=\"3206b8e\" data-element_type=\"widget\" data-e-type=\"widget\" data-settings=\"{&quot;_animation&quot;:&quot;none&quot;}\" data-widget_type=\"image.default\">\n\t\t\t\t<div class=\"elementor-widget-container\">\n\t\t\t\t\t\t\t\t\t\t\t\t\t\t\t<img fetchpriority=\"high\" decoding=\"async\" width=\"768\" height=\"549\" src=\"https:\/\/inclusivecourts.pt\/wp-content\/uploads\/2024\/12\/noticia-3-768x549.png\" class=\"elementor-animation-grow attachment-medium_large size-medium_large wp-image-3041\" alt=\"\" srcset=\"https:\/\/inclusivecourts.pt\/wp-content\/uploads\/2024\/12\/noticia-3-768x549.png 768w, https:\/\/inclusivecourts.pt\/wp-content\/uploads\/2024\/12\/noticia-3-300x214.png 300w, https:\/\/inclusivecourts.pt\/wp-content\/uploads\/2024\/12\/noticia-3-1024x732.png 1024w, https:\/\/inclusivecourts.pt\/wp-content\/uploads\/2024\/12\/noticia-3-1536x1097.png 1536w, https:\/\/inclusivecourts.pt\/wp-content\/uploads\/2024\/12\/noticia-3-18x12.png 18w, https:\/\/inclusivecourts.pt\/wp-content\/uploads\/2024\/12\/noticia-3.png 2000w\" sizes=\"(max-width: 768px) 100vw, 768px\" \/>\t\t\t\t\t\t\t\t\t\t\t\t\t\t\t<\/div>\n\t\t\t\t<\/div>\n\t\t\t\t\t<\/div>\n\t\t<\/div>\n\t\t\t\t\t<\/div>\n\t\t<\/section>\n\t\t\t\t\t<\/div>\n\t\t<\/div>\n\t\t\t\t\t<\/div>\n\t\t<\/section>\n\t\t\t\t<\/div>","protected":false},"excerpt":{"rendered":"<p>Lan\u00e7amento do livro Liberdade de Imprensa em Portugal e na Europa O livro Liberdade de Imprensa em Portugal e na Europa, coordenado por Paulo Pinto de Albuquerque, Valentina Marcelino e Bruno Contreiras Mateus, foi apresentado na Assembleia da Rep\u00fablica, no dia 17 de Dezembro de 2024, com interven\u00e7\u00f5es de Jos\u00e9 Pedro Aguiar-Branco, Lu\u00eds Rosa, Sofia&hellip;<\/p>","protected":false},"author":1,"featured_media":0,"parent":0,"menu_order":0,"comment_status":"closed","ping_status":"closed","template":"","meta":{"footnotes":""},"class_list":["post-3056","page","type-page","status-publish","hentry"],"_links":{"self":[{"href":"https:\/\/inclusivecourts.pt\/en\/wp-json\/wp\/v2\/pages\/3056","targetHints":{"allow":["GET"]}}],"collection":[{"href":"https:\/\/inclusivecourts.pt\/en\/wp-json\/wp\/v2\/pages"}],"about":[{"href":"https:\/\/inclusivecourts.pt\/en\/wp-json\/wp\/v2\/types\/page"}],"author":[{"embeddable":true,"href":"https:\/\/inclusivecourts.pt\/en\/wp-json\/wp\/v2\/users\/1"}],"replies":[{"embeddable":true,"href":"https:\/\/inclusivecourts.pt\/en\/wp-json\/wp\/v2\/comments?post=3056"}],"version-history":[{"count":7,"href":"https:\/\/inclusivecourts.pt\/en\/wp-json\/wp\/v2\/pages\/3056\/revisions"}],"predecessor-version":[{"id":3078,"href":"https:\/\/inclusivecourts.pt\/en\/wp-json\/wp\/v2\/pages\/3056\/revisions\/3078"}],"wp:attachment":[{"href":"https:\/\/inclusivecourts.pt\/en\/wp-json\/wp\/v2\/media?parent=3056"}],"curies":[{"name":"wp","href":"https:\/\/api.w.org\/{rel}","templated":true}]}}

<div data-elementor-type="wp-page" data-elementor-id="3056" class="elementor elementor-3056" data-elementor-post-type="page">
						<section class="elementor-section elementor-top-section elementor-element elementor-element-b3b27e8 elementor-section-boxed elementor-section-height-default elementor-section-height-default" data-id="b3b27e8" data-element_type="section" data-e-type="section">
						<div class="elementor-container elementor-column-gap-default">
					<div class="elementor-column elementor-col-100 elementor-top-column elementor-element elementor-element-950192f" data-id="950192f" data-element_type="column" data-e-type="column">
			<div class="elementor-widget-wrap elementor-element-populated">
						<div class="elementor-element elementor-element-6ffdbba elementor-widget elementor-widget-text-editor" data-id="6ffdbba" data-element_type="widget" data-e-type="widget" data-widget_type="text-editor.default">
				<div class="elementor-widget-container">
									<p><strong>Lançamento do livro <em>Liberdade de Imprensa em Portugal e na Europa</em></strong></p>								</div>
				</div>
				<div class="elementor-element elementor-element-452dbed elementor-widget elementor-widget-text-editor" data-id="452dbed" data-element_type="widget" data-e-type="widget" data-widget_type="text-editor.default">
				<div class="elementor-widget-container">
									<p>O livro <em>Liberdade de Imprensa em Portugal e na Europa</em>, coordenado por Paulo Pinto de Albuquerque, Valentina Marcelino e Bruno Contreiras Mateus, foi apresentado na Assembleia da República, no dia 17 de Dezembro de 2024, com intervenções de José Pedro Aguiar-Branco, Luís Rosa, Sofia Pinto Coelho, Francisco Teixeira da Mota, Teresa Pizarro Beleza, Paulo Pena e José António Barreiros, entre outros. Patrícia Jerónimo contribuiu para o livro com um capítulo intitulado “Liberdade de imprensa e ‘discurso de ódio’ contra minorias étnico-raciais e/ou religiosas”.</p>								</div>
				</div>
				<section class="elementor-section elementor-inner-section elementor-element elementor-element-fa5e046 elementor-section-boxed elementor-section-height-default elementor-section-height-default" data-id="fa5e046" data-element_type="section" data-e-type="section">
						<div class="elementor-container elementor-column-gap-default">
					<div class="elementor-column elementor-col-100 elementor-inner-column elementor-element elementor-element-e78e9d9 elementor-invisible" data-id="e78e9d9" data-element_type="column" data-e-type="column" data-settings="{&quot;animation&quot;:&quot;fadeInDown&quot;}">
			<div class="elementor-widget-wrap elementor-element-populated">
						<div class="elementor-element elementor-element-3206b8e elementor-widget elementor-widget-image" data-id="3206b8e" data-element_type="widget" data-e-type="widget" data-settings="{&quot;_animation&quot;:&quot;none&quot;}" data-widget_type="image.default">
				<div class="elementor-widget-container">
															<img fetchpriority="high" decoding="async" width="768" height="549" src="https://inclusivecourts.pt/wp-content/uploads/2024/12/noticia-3-768x549.png" class="elementor-animation-grow attachment-medium_large size-medium_large wp-image-3041" alt="" srcset="https://inclusivecourts.pt/wp-content/uploads/2024/12/noticia-3-768x549.png 768w, https://inclusivecourts.pt/wp-content/uploads/2024/12/noticia-3-300x214.png 300w, https://inclusivecourts.pt/wp-content/uploads/2024/12/noticia-3-1024x732.png 1024w, https://inclusivecourts.pt/wp-content/uploads/2024/12/noticia-3-1536x1097.png 1536w, https://inclusivecourts.pt/wp-content/uploads/2024/12/noticia-3-18x12.png 18w, https://inclusivecourts.pt/wp-content/uploads/2024/12/noticia-3.png 2000w" sizes="(max-width: 768px) 100vw, 768px" />															</div>
				</div>
					</div>
		</div>
					</div>
		</section>
					</div>
		</div>
					</div>
		</section>
				</div>

<p>Lançamento do livro Liberdade de Imprensa em Portugal e na Europa O livro Liberdade de Imprensa em Portugal e na Europa, coordenado por Paulo Pinto de Albuquerque, Valentina Marcelino e Bruno Contreiras Mateus, foi apresentado na Assembleia da República, no dia 17 de Dezembro de 2024, com intervenções de José Pedro Aguiar-Branco, Luís Rosa, Sofia&hellip;</p>
