{"id":3050,"date":"2024-12-20T16:34:04","date_gmt":"2024-12-20T16:34:04","guid":{"rendered":"https:\/\/inclusivecourts.pt\/?page_id=3050"},"modified":"2024-12-23T12:57:21","modified_gmt":"2024-12-23T12:57:21","slug":"noticia93","status":"publish","type":"page","link":"https:\/\/inclusivecourts.pt\/en\/noticia93\/","title":{"rendered":"20th Anniversary of the Human Rights Master of the University of Minho"},"content":{"rendered":"<div data-elementor-type=\"wp-page\" data-elementor-id=\"3050\" class=\"elementor elementor-3050\" data-elementor-post-type=\"page\">\n\t\t\t\t\t\t<section class=\"elementor-section elementor-top-section elementor-element elementor-element-b3b27e8 elementor-section-boxed elementor-section-height-default elementor-section-height-default\" data-id=\"b3b27e8\" data-element_type=\"section\" data-e-type=\"section\">\n\t\t\t\t\t\t<div class=\"elementor-container elementor-column-gap-default\">\n\t\t\t\t\t<div class=\"elementor-column elementor-col-100 elementor-top-column elementor-element elementor-element-950192f\" data-id=\"950192f\" data-element_type=\"column\" data-e-type=\"column\">\n\t\t\t<div class=\"elementor-widget-wrap elementor-element-populated\">\n\t\t\t\t\t\t<div class=\"elementor-element elementor-element-6ffdbba elementor-widget elementor-widget-text-editor\" data-id=\"6ffdbba\" data-element_type=\"widget\" data-e-type=\"widget\" data-widget_type=\"text-editor.default\">\n\t\t\t\t<div class=\"elementor-widget-container\">\n\t\t\t\t\t\t\t\t\t<p><strong>20th Anniversary of the Human Rights Master of the University of Minho<\/strong><\/p>\t\t\t\t\t\t\t\t<\/div>\n\t\t\t\t<\/div>\n\t\t\t\t<div class=\"elementor-element elementor-element-452dbed elementor-widget elementor-widget-text-editor\" data-id=\"452dbed\" data-element_type=\"widget\" data-e-type=\"widget\" data-widget_type=\"text-editor.default\">\n\t\t\t\t<div class=\"elementor-widget-container\">\n\t\t\t\t\t\t\t\t\t<p>The twentieth anniversary of the Human Rights Master of the University of Minho was celebrated on 10 December 2024 with an international conference on human rights.<\/p><p>The programme included a keynote speech on the fundamental rights case law of the Court of Justice of the European Union (CJEU), by Nuno Pi\u00e7arra, Judge at the CJEU; ten thematic panels on the various research topics in which the Human Rights Master has conducted outstanding research (international migration, cultural diversity, the rights of persons with disabilities, access to justice, AI, environment, health and bioethics, gender equality, armed conflicts, democracy and good governance), with presentations by faculty and researchers from the University of Minho and other universities in Portugal and abroad, Human Rights Master\u2019s alumni, judges and members of civil society organisations; and concluded with a round-table on the future of teaching and researching in human rights, with the participation of the present and former directors of studies of the Human Rights Master.<\/p><p>Patr\u00edcia Jer\u00f3nimo, que presidiu \u00e0 Comiss\u00e3o Organizadora da confer\u00eancia, interveio no painel sobre acesso ao Direito e aos tribunais com uma comunica\u00e7\u00e3o intitulada \u201cAssist\u00eancia lingu\u00edstica e acesso \u00e0 justi\u00e7a em Portugal\u201d. Manuela Ivone Cunha interveio no painel sobre diversidade cultural e religiosa com uma comunica\u00e7\u00e3o intitulada \u201cRacismo, anti-racismo, anti-anti-racismo: Como distorcer um debate antes de iniciar a conversa\u201d, A. Sofia Pinto Oliveira interveio no painel sobre migra\u00e7\u00f5es internacionais com uma comunica\u00e7\u00e3o intitulada \u201cRevisitando os Pactos Globais seis anos depois da sua ado\u00e7\u00e3o\u201d e Nicole Friedrich apresentou, em coautoria com Charize Hortmann uma comunica\u00e7\u00e3o intitulada \u201cRacismo ambiental: Um desafio multin\u00edvel \u00e0 prote\u00e7\u00e3o dos direitos humanos\u201d, no painel sobre ambiente e direitos humanos.<\/p><p>The conference programme is available <a href=\"https:\/\/inclusivecourts.pt\/wp-content\/uploads\/2024\/12\/programa-noticia-2.pdf\"><u>here<\/u>.<\/a><\/p>\t\t\t\t\t\t\t\t<\/div>\n\t\t\t\t<\/div>\n\t\t\t\t<section class=\"elementor-section elementor-inner-section elementor-element elementor-element-fa5e046 elementor-section-boxed elementor-section-height-default elementor-section-height-default\" data-id=\"fa5e046\" data-element_type=\"section\" data-e-type=\"section\">\n\t\t\t\t\t\t<div class=\"elementor-container elementor-column-gap-default\">\n\t\t\t\t\t<div class=\"elementor-column elementor-col-100 elementor-inner-column elementor-element elementor-element-e78e9d9 elementor-invisible\" data-id=\"e78e9d9\" data-element_type=\"column\" data-e-type=\"column\" data-settings=\"{&quot;animation&quot;:&quot;fadeInDown&quot;}\">\n\t\t\t<div class=\"elementor-widget-wrap elementor-element-populated\">\n\t\t\t\t\t\t<div class=\"elementor-element elementor-element-3206b8e elementor-widget elementor-widget-image\" data-id=\"3206b8e\" data-element_type=\"widget\" data-e-type=\"widget\" data-settings=\"{&quot;_animation&quot;:&quot;none&quot;}\" data-widget_type=\"image.default\">\n\t\t\t\t<div class=\"elementor-widget-container\">\n\t\t\t\t\t\t\t\t\t\t\t\t\t\t\t<img fetchpriority=\"high\" decoding=\"async\" width=\"768\" height=\"322\" src=\"https:\/\/inclusivecourts.pt\/wp-content\/uploads\/2024\/12\/noticia-2-768x322.png\" class=\"elementor-animation-grow attachment-medium_large size-medium_large wp-image-3040\" alt=\"\" srcset=\"https:\/\/inclusivecourts.pt\/wp-content\/uploads\/2024\/12\/noticia-2-768x322.png 768w, https:\/\/inclusivecourts.pt\/wp-content\/uploads\/2024\/12\/noticia-2-300x126.png 300w, https:\/\/inclusivecourts.pt\/wp-content\/uploads\/2024\/12\/noticia-2-1024x430.png 1024w, https:\/\/inclusivecourts.pt\/wp-content\/uploads\/2024\/12\/noticia-2-1536x645.png 1536w, https:\/\/inclusivecourts.pt\/wp-content\/uploads\/2024\/12\/noticia-2-18x8.png 18w, https:\/\/inclusivecourts.pt\/wp-content\/uploads\/2024\/12\/noticia-2.png 1920w\" sizes=\"(max-width: 768px) 100vw, 768px\" \/>\t\t\t\t\t\t\t\t\t\t\t\t\t\t\t<\/div>\n\t\t\t\t<\/div>\n\t\t\t\t\t<\/div>\n\t\t<\/div>\n\t\t\t\t\t<\/div>\n\t\t<\/section>\n\t\t\t\t\t<\/div>\n\t\t<\/div>\n\t\t\t\t\t<\/div>\n\t\t<\/section>\n\t\t\t\t<\/div>","protected":false},"excerpt":{"rendered":"<p>20.\u00ba Anivers\u00e1rio do Mestrado em Direitos Humanos da UMinho O vig\u00e9simo anivers\u00e1rio do Mestrado em Direitos Humanos da Universidade do Minho foi comemorado no dia 10 de dezembro de 2024 com uma confer\u00eancia internacional sobre direitos humanos. O programa incluiu uma confer\u00eancia de abertura sobre a jurisprud\u00eancia do Tribunal de Justi\u00e7a da Uni\u00e3o Europeia em&hellip;<\/p>","protected":false},"author":1,"featured_media":0,"parent":0,"menu_order":0,"comment_status":"closed","ping_status":"closed","template":"","meta":{"footnotes":""},"class_list":["post-3050","page","type-page","status-publish","hentry"],"_links":{"self":[{"href":"https:\/\/inclusivecourts.pt\/en\/wp-json\/wp\/v2\/pages\/3050","targetHints":{"allow":["GET"]}}],"collection":[{"href":"https:\/\/inclusivecourts.pt\/en\/wp-json\/wp\/v2\/pages"}],"about":[{"href":"https:\/\/inclusivecourts.pt\/en\/wp-json\/wp\/v2\/types\/page"}],"author":[{"embeddable":true,"href":"https:\/\/inclusivecourts.pt\/en\/wp-json\/wp\/v2\/users\/1"}],"replies":[{"embeddable":true,"href":"https:\/\/inclusivecourts.pt\/en\/wp-json\/wp\/v2\/comments?post=3050"}],"version-history":[{"count":7,"href":"https:\/\/inclusivecourts.pt\/en\/wp-json\/wp\/v2\/pages\/3050\/revisions"}],"predecessor-version":[{"id":3075,"href":"https:\/\/inclusivecourts.pt\/en\/wp-json\/wp\/v2\/pages\/3050\/revisions\/3075"}],"wp:attachment":[{"href":"https:\/\/inclusivecourts.pt\/en\/wp-json\/wp\/v2\/media?parent=3050"}],"curies":[{"name":"wp","href":"https:\/\/api.w.org\/{rel}","templated":true}]}}

<div data-elementor-type="wp-page" data-elementor-id="3050" class="elementor elementor-3050" data-elementor-post-type="page">
						<section class="elementor-section elementor-top-section elementor-element elementor-element-b3b27e8 elementor-section-boxed elementor-section-height-default elementor-section-height-default" data-id="b3b27e8" data-element_type="section" data-e-type="section">
						<div class="elementor-container elementor-column-gap-default">
					<div class="elementor-column elementor-col-100 elementor-top-column elementor-element elementor-element-950192f" data-id="950192f" data-element_type="column" data-e-type="column">
			<div class="elementor-widget-wrap elementor-element-populated">
						<div class="elementor-element elementor-element-6ffdbba elementor-widget elementor-widget-text-editor" data-id="6ffdbba" data-element_type="widget" data-e-type="widget" data-widget_type="text-editor.default">
				<div class="elementor-widget-container">
									<p><strong>20th Anniversary of the Human Rights Master of the University of Minho</strong></p>								</div>
				</div>
				<div class="elementor-element elementor-element-452dbed elementor-widget elementor-widget-text-editor" data-id="452dbed" data-element_type="widget" data-e-type="widget" data-widget_type="text-editor.default">
				<div class="elementor-widget-container">
									<p>The twentieth anniversary of the Human Rights Master of the University of Minho was celebrated on 10 December 2024 with an international conference on human rights.</p><p>The programme included a keynote speech on the fundamental rights case law of the Court of Justice of the European Union (CJEU), by Nuno Piçarra, Judge at the CJEU; ten thematic panels on the various research topics in which the Human Rights Master has conducted outstanding research (international migration, cultural diversity, the rights of persons with disabilities, access to justice, AI, environment, health and bioethics, gender equality, armed conflicts, democracy and good governance), with presentations by faculty and researchers from the University of Minho and other universities in Portugal and abroad, Human Rights Master’s alumni, judges and members of civil society organisations; and concluded with a round-table on the future of teaching and researching in human rights, with the participation of the present and former directors of studies of the Human Rights Master.</p><p>Patrícia Jerónimo, que presidiu à Comissão Organizadora da conferência, interveio no painel sobre acesso ao Direito e aos tribunais com uma comunicação intitulada “Assistência linguística e acesso à justiça em Portugal”. Manuela Ivone Cunha interveio no painel sobre diversidade cultural e religiosa com uma comunicação intitulada “Racismo, anti-racismo, anti-anti-racismo: Como distorcer um debate antes de iniciar a conversa”, A. Sofia Pinto Oliveira interveio no painel sobre migrações internacionais com uma comunicação intitulada “Revisitando os Pactos Globais seis anos depois da sua adoção” e Nicole Friedrich apresentou, em coautoria com Charize Hortmann uma comunicação intitulada “Racismo ambiental: Um desafio multinível à proteção dos direitos humanos”, no painel sobre ambiente e direitos humanos.</p><p>The conference programme is available <a href="https://inclusivecourts.pt/wp-content/uploads/2024/12/programa-noticia-2.pdf"><u>here</u>.</a></p>								</div>
				</div>
				<section class="elementor-section elementor-inner-section elementor-element elementor-element-fa5e046 elementor-section-boxed elementor-section-height-default elementor-section-height-default" data-id="fa5e046" data-element_type="section" data-e-type="section">
						<div class="elementor-container elementor-column-gap-default">
					<div class="elementor-column elementor-col-100 elementor-inner-column elementor-element elementor-element-e78e9d9 elementor-invisible" data-id="e78e9d9" data-element_type="column" data-e-type="column" data-settings="{&quot;animation&quot;:&quot;fadeInDown&quot;}">
			<div class="elementor-widget-wrap elementor-element-populated">
						<div class="elementor-element elementor-element-3206b8e elementor-widget elementor-widget-image" data-id="3206b8e" data-element_type="widget" data-e-type="widget" data-settings="{&quot;_animation&quot;:&quot;none&quot;}" data-widget_type="image.default">
				<div class="elementor-widget-container">
															<img fetchpriority="high" decoding="async" width="768" height="322" src="https://inclusivecourts.pt/wp-content/uploads/2024/12/noticia-2-768x322.png" class="elementor-animation-grow attachment-medium_large size-medium_large wp-image-3040" alt="" srcset="https://inclusivecourts.pt/wp-content/uploads/2024/12/noticia-2-768x322.png 768w, https://inclusivecourts.pt/wp-content/uploads/2024/12/noticia-2-300x126.png 300w, https://inclusivecourts.pt/wp-content/uploads/2024/12/noticia-2-1024x430.png 1024w, https://inclusivecourts.pt/wp-content/uploads/2024/12/noticia-2-1536x645.png 1536w, https://inclusivecourts.pt/wp-content/uploads/2024/12/noticia-2-18x8.png 18w, https://inclusivecourts.pt/wp-content/uploads/2024/12/noticia-2.png 1920w" sizes="(max-width: 768px) 100vw, 768px" />															</div>
				</div>
					</div>
		</div>
					</div>
		</section>
					</div>
		</div>
					</div>
		</section>
				</div>

<p>20.º Aniversário do Mestrado em Direitos Humanos da UMinho O vigésimo aniversário do Mestrado em Direitos Humanos da Universidade do Minho foi comemorado no dia 10 de dezembro de 2024 com uma conferência internacional sobre direitos humanos. O programa incluiu uma conferência de abertura sobre a jurisprudência do Tribunal de Justiça da União Europeia em&hellip;</p>
