{"id":2978,"date":"2024-09-18T18:49:16","date_gmt":"2024-09-18T18:49:16","guid":{"rendered":"https:\/\/inclusivecourts.pt\/?page_id=2978"},"modified":"2024-09-18T18:51:01","modified_gmt":"2024-09-18T18:51:01","slug":"noticia90","status":"publish","type":"page","link":"https:\/\/inclusivecourts.pt\/en\/noticia90\/","title":{"rendered":"Colonial Legacies and Democratization in the Lusophone World"},"content":{"rendered":"<div data-elementor-type=\"wp-page\" data-elementor-id=\"2978\" class=\"elementor elementor-2978\" data-elementor-post-type=\"page\">\n\t\t\t\t\t\t<section class=\"elementor-section elementor-top-section elementor-element elementor-element-b3b27e8 elementor-section-boxed elementor-section-height-default elementor-section-height-default\" data-id=\"b3b27e8\" data-element_type=\"section\" data-e-type=\"section\">\n\t\t\t\t\t\t<div class=\"elementor-container elementor-column-gap-default\">\n\t\t\t\t\t<div class=\"elementor-column elementor-col-100 elementor-top-column elementor-element elementor-element-950192f\" data-id=\"950192f\" data-element_type=\"column\" data-e-type=\"column\">\n\t\t\t<div class=\"elementor-widget-wrap elementor-element-populated\">\n\t\t\t\t\t\t<div class=\"elementor-element elementor-element-6ffdbba elementor-widget elementor-widget-text-editor\" data-id=\"6ffdbba\" data-element_type=\"widget\" data-e-type=\"widget\" data-widget_type=\"text-editor.default\">\n\t\t\t\t<div class=\"elementor-widget-container\">\n\t\t\t\t\t\t\t\t\t<p><strong>Colonial Legacies and Democratization in the Lusophone World<\/strong><\/p>\t\t\t\t\t\t\t\t<\/div>\n\t\t\t\t<\/div>\n\t\t\t\t<div class=\"elementor-element elementor-element-452dbed elementor-widget elementor-widget-text-editor\" data-id=\"452dbed\" data-element_type=\"widget\" data-e-type=\"widget\" data-widget_type=\"text-editor.default\">\n\t\t\t\t<div class=\"elementor-widget-container\">\n\t\t\t\t\t\t\t\t\t<p>The Calouste Gulbenkian Foundation, in Lisbon, hosted, between 11 and 13 September 2024, the anniversary conference of the International Political Science Association (IPSA) dedicated to the topic Democratization and Autocratization.<\/p><p>Patr\u00edcia Jer\u00f3nimo interveio como oradora num painel sobre legados coloniais e democratiza\u00e7\u00e3o no mundo lus\u00f3fono, coordenado por Tiago Fernandes (IUL-ISCTE, Portugal) e Olukunle Owolabi (Villanova University, USA), com uma comunica\u00e7\u00e3o intitulada \u201cCitizenship, Immigration, and Multiculturalism in Democratic Portugal\u201d. O painel teve ainda interven\u00e7\u00f5es de Tiago Fernandes e Olukunle Owolabi, Bernardo Pinto da Cruz (Universidade Nova de Lisboa, Portugal) e Ant\u00f3nio Raimundo (Universidade do Minho, Portugal). Mark Beissinger (Princeton University, USA) e Michael Coppedge (University of Notre Dame, USA) intervieram como discussants.<\/p><p>A convite dos organizadores da confer\u00eancia, Patr\u00edcia Jer\u00f3nimo interveio ainda como discussant no painel sobre cidad\u00e3os e identidades em processos de democratiza\u00e7\u00e3o\/autocratiza\u00e7\u00e3o, coordenado por Carmelo Cattafi (ITESM, M\u00e9xico) e em que intervieram como oradores, para al\u00e9m de Carmelo Cattafi, Jean-Nicolas Bordeleau (University of Ottawa, Canad\u00e1), Rodney Hero (Arizona State University, USA) e G\u00fcnce Sabah Ery\u0131lmaz (Bahcesehir University, Turquia).<\/p><p>The conference programme is available <a href=\"https:\/\/inclusivecourts.pt\/wp-content\/uploads\/2024\/09\/programa-noticia-2.pdf\"><u>here<\/u><\/a>.<\/p>\t\t\t\t\t\t\t\t<\/div>\n\t\t\t\t<\/div>\n\t\t\t\t<section class=\"elementor-section elementor-inner-section elementor-element elementor-element-fa5e046 elementor-section-boxed elementor-section-height-default elementor-section-height-default\" data-id=\"fa5e046\" data-element_type=\"section\" data-e-type=\"section\">\n\t\t\t\t\t\t<div class=\"elementor-container elementor-column-gap-default\">\n\t\t\t\t\t<div class=\"elementor-column elementor-col-100 elementor-inner-column elementor-element elementor-element-e78e9d9 elementor-invisible\" data-id=\"e78e9d9\" data-element_type=\"column\" data-e-type=\"column\" data-settings=\"{&quot;animation&quot;:&quot;fadeInDown&quot;}\">\n\t\t\t<div class=\"elementor-widget-wrap elementor-element-populated\">\n\t\t\t\t\t\t<div class=\"elementor-element elementor-element-3206b8e elementor-widget elementor-widget-image\" data-id=\"3206b8e\" data-element_type=\"widget\" data-e-type=\"widget\" data-settings=\"{&quot;_animation&quot;:&quot;none&quot;}\" data-widget_type=\"image.default\">\n\t\t\t\t<div class=\"elementor-widget-container\">\n\t\t\t\t\t\t\t\t\t\t\t\t\t\t\t<img fetchpriority=\"high\" decoding=\"async\" width=\"768\" height=\"316\" src=\"https:\/\/inclusivecourts.pt\/wp-content\/uploads\/2024\/09\/Imagem-noticia-2-768x316.png\" class=\"elementor-animation-grow attachment-medium_large size-medium_large wp-image-2980\" alt=\"\" srcset=\"https:\/\/inclusivecourts.pt\/wp-content\/uploads\/2024\/09\/Imagem-noticia-2-768x316.png 768w, https:\/\/inclusivecourts.pt\/wp-content\/uploads\/2024\/09\/Imagem-noticia-2-300x124.png 300w, https:\/\/inclusivecourts.pt\/wp-content\/uploads\/2024\/09\/Imagem-noticia-2-1024x422.png 1024w, https:\/\/inclusivecourts.pt\/wp-content\/uploads\/2024\/09\/Imagem-noticia-2-1536x632.png 1536w, https:\/\/inclusivecourts.pt\/wp-content\/uploads\/2024\/09\/Imagem-noticia-2-18x7.png 18w, https:\/\/inclusivecourts.pt\/wp-content\/uploads\/2024\/09\/Imagem-noticia-2.png 1717w\" sizes=\"(max-width: 768px) 100vw, 768px\" \/>\t\t\t\t\t\t\t\t\t\t\t\t\t\t\t<\/div>\n\t\t\t\t<\/div>\n\t\t\t\t\t<\/div>\n\t\t<\/div>\n\t\t\t\t\t<\/div>\n\t\t<\/section>\n\t\t\t\t\t<\/div>\n\t\t<\/div>\n\t\t\t\t\t<\/div>\n\t\t<\/section>\n\t\t\t\t<\/div>","protected":false},"excerpt":{"rendered":"<p>Legados coloniais e democratiza\u00e7\u00e3o no mundo lus\u00f3fono A Funda\u00e7\u00e3o Calouste Gulbenkian, em Lisboa, acolheu, nos dias 11 a 13 de setembro de 2024, a confer\u00eancia de anivers\u00e1rio da Associa\u00e7\u00e3o Internacional de Ci\u00eancia Pol\u00edtica (IPSA) subordinada ao tema Democratiza\u00e7\u00e3o e Autocratiza\u00e7\u00e3o. Patr\u00edcia Jer\u00f3nimo interveio como oradora num painel sobre legados coloniais e democratiza\u00e7\u00e3o no mundo lus\u00f3fono,&hellip;<\/p>","protected":false},"author":1,"featured_media":0,"parent":0,"menu_order":0,"comment_status":"closed","ping_status":"closed","template":"","meta":{"footnotes":""},"class_list":["post-2978","page","type-page","status-publish","hentry"],"_links":{"self":[{"href":"https:\/\/inclusivecourts.pt\/en\/wp-json\/wp\/v2\/pages\/2978","targetHints":{"allow":["GET"]}}],"collection":[{"href":"https:\/\/inclusivecourts.pt\/en\/wp-json\/wp\/v2\/pages"}],"about":[{"href":"https:\/\/inclusivecourts.pt\/en\/wp-json\/wp\/v2\/types\/page"}],"author":[{"embeddable":true,"href":"https:\/\/inclusivecourts.pt\/en\/wp-json\/wp\/v2\/users\/1"}],"replies":[{"embeddable":true,"href":"https:\/\/inclusivecourts.pt\/en\/wp-json\/wp\/v2\/comments?post=2978"}],"version-history":[{"count":4,"href":"https:\/\/inclusivecourts.pt\/en\/wp-json\/wp\/v2\/pages\/2978\/revisions"}],"predecessor-version":[{"id":2983,"href":"https:\/\/inclusivecourts.pt\/en\/wp-json\/wp\/v2\/pages\/2978\/revisions\/2983"}],"wp:attachment":[{"href":"https:\/\/inclusivecourts.pt\/en\/wp-json\/wp\/v2\/media?parent=2978"}],"curies":[{"name":"wp","href":"https:\/\/api.w.org\/{rel}","templated":true}]}}

<div data-elementor-type="wp-page" data-elementor-id="2978" class="elementor elementor-2978" data-elementor-post-type="page">
						<section class="elementor-section elementor-top-section elementor-element elementor-element-b3b27e8 elementor-section-boxed elementor-section-height-default elementor-section-height-default" data-id="b3b27e8" data-element_type="section" data-e-type="section">
						<div class="elementor-container elementor-column-gap-default">
					<div class="elementor-column elementor-col-100 elementor-top-column elementor-element elementor-element-950192f" data-id="950192f" data-element_type="column" data-e-type="column">
			<div class="elementor-widget-wrap elementor-element-populated">
						<div class="elementor-element elementor-element-6ffdbba elementor-widget elementor-widget-text-editor" data-id="6ffdbba" data-element_type="widget" data-e-type="widget" data-widget_type="text-editor.default">
				<div class="elementor-widget-container">
									<p><strong>Colonial Legacies and Democratization in the Lusophone World</strong></p>								</div>
				</div>
				<div class="elementor-element elementor-element-452dbed elementor-widget elementor-widget-text-editor" data-id="452dbed" data-element_type="widget" data-e-type="widget" data-widget_type="text-editor.default">
				<div class="elementor-widget-container">
									<p>The Calouste Gulbenkian Foundation, in Lisbon, hosted, between 11 and 13 September 2024, the anniversary conference of the International Political Science Association (IPSA) dedicated to the topic Democratization and Autocratization.</p><p>Patrícia Jerónimo interveio como oradora num painel sobre legados coloniais e democratização no mundo lusófono, coordenado por Tiago Fernandes (IUL-ISCTE, Portugal) e Olukunle Owolabi (Villanova University, USA), com uma comunicação intitulada “Citizenship, Immigration, and Multiculturalism in Democratic Portugal”. O painel teve ainda intervenções de Tiago Fernandes e Olukunle Owolabi, Bernardo Pinto da Cruz (Universidade Nova de Lisboa, Portugal) e António Raimundo (Universidade do Minho, Portugal). Mark Beissinger (Princeton University, USA) e Michael Coppedge (University of Notre Dame, USA) intervieram como discussants.</p><p>A convite dos organizadores da conferência, Patrícia Jerónimo interveio ainda como discussant no painel sobre cidadãos e identidades em processos de democratização/autocratização, coordenado por Carmelo Cattafi (ITESM, México) e em que intervieram como oradores, para além de Carmelo Cattafi, Jean-Nicolas Bordeleau (University of Ottawa, Canadá), Rodney Hero (Arizona State University, USA) e Günce Sabah Eryılmaz (Bahcesehir University, Turquia).</p><p>The conference programme is available <a href="https://inclusivecourts.pt/wp-content/uploads/2024/09/programa-noticia-2.pdf"><u>here</u></a>.</p>								</div>
				</div>
				<section class="elementor-section elementor-inner-section elementor-element elementor-element-fa5e046 elementor-section-boxed elementor-section-height-default elementor-section-height-default" data-id="fa5e046" data-element_type="section" data-e-type="section">
						<div class="elementor-container elementor-column-gap-default">
					<div class="elementor-column elementor-col-100 elementor-inner-column elementor-element elementor-element-e78e9d9 elementor-invisible" data-id="e78e9d9" data-element_type="column" data-e-type="column" data-settings="{&quot;animation&quot;:&quot;fadeInDown&quot;}">
			<div class="elementor-widget-wrap elementor-element-populated">
						<div class="elementor-element elementor-element-3206b8e elementor-widget elementor-widget-image" data-id="3206b8e" data-element_type="widget" data-e-type="widget" data-settings="{&quot;_animation&quot;:&quot;none&quot;}" data-widget_type="image.default">
				<div class="elementor-widget-container">
															<img fetchpriority="high" decoding="async" width="768" height="316" src="https://inclusivecourts.pt/wp-content/uploads/2024/09/Imagem-noticia-2-768x316.png" class="elementor-animation-grow attachment-medium_large size-medium_large wp-image-2980" alt="" srcset="https://inclusivecourts.pt/wp-content/uploads/2024/09/Imagem-noticia-2-768x316.png 768w, https://inclusivecourts.pt/wp-content/uploads/2024/09/Imagem-noticia-2-300x124.png 300w, https://inclusivecourts.pt/wp-content/uploads/2024/09/Imagem-noticia-2-1024x422.png 1024w, https://inclusivecourts.pt/wp-content/uploads/2024/09/Imagem-noticia-2-1536x632.png 1536w, https://inclusivecourts.pt/wp-content/uploads/2024/09/Imagem-noticia-2-18x7.png 18w, https://inclusivecourts.pt/wp-content/uploads/2024/09/Imagem-noticia-2.png 1717w" sizes="(max-width: 768px) 100vw, 768px" />															</div>
				</div>
					</div>
		</div>
					</div>
		</section>
					</div>
		</div>
					</div>
		</section>
				</div>

<p>Legados coloniais e democratização no mundo lusófono A Fundação Calouste Gulbenkian, em Lisboa, acolheu, nos dias 11 a 13 de setembro de 2024, a conferência de aniversário da Associação Internacional de Ciência Política (IPSA) subordinada ao tema Democratização e Autocratização. Patrícia Jerónimo interveio como oradora num painel sobre legados coloniais e democratização no mundo lusófono,&hellip;</p>
