{"id":2815,"date":"2024-04-17T20:57:41","date_gmt":"2024-04-17T20:57:41","guid":{"rendered":"https:\/\/inclusivecourts.pt\/?page_id=2815"},"modified":"2024-04-17T21:30:32","modified_gmt":"2024-04-17T21:30:32","slug":"noticia82","status":"publish","type":"page","link":"https:\/\/inclusivecourts.pt\/en\/noticia82\/","title":{"rendered":"Round Science Meetings: Migration and Mobility among Global Spaces"},"content":{"rendered":"<div data-elementor-type=\"wp-page\" data-elementor-id=\"2815\" class=\"elementor elementor-2815\" data-elementor-post-type=\"page\">\n\t\t\t\t\t\t<section class=\"elementor-section elementor-top-section elementor-element elementor-element-b3b27e8 elementor-section-boxed elementor-section-height-default elementor-section-height-default\" data-id=\"b3b27e8\" data-element_type=\"section\" data-e-type=\"section\">\n\t\t\t\t\t\t<div class=\"elementor-container elementor-column-gap-default\">\n\t\t\t\t\t<div class=\"elementor-column elementor-col-100 elementor-top-column elementor-element elementor-element-950192f\" data-id=\"950192f\" data-element_type=\"column\" data-e-type=\"column\">\n\t\t\t<div class=\"elementor-widget-wrap elementor-element-populated\">\n\t\t\t\t\t\t<div class=\"elementor-element elementor-element-6ffdbba elementor-widget elementor-widget-text-editor\" data-id=\"6ffdbba\" data-element_type=\"widget\" data-e-type=\"widget\" data-widget_type=\"text-editor.default\">\n\t\t\t\t<div class=\"elementor-widget-container\">\n\t\t\t\t\t\t\t\t\t<p><strong>Round Science Meetings: Migration and Mobility among Global Spaces<\/strong><\/p>\t\t\t\t\t\t\t\t<\/div>\n\t\t\t\t<\/div>\n\t\t\t\t<div class=\"elementor-element elementor-element-452dbed elementor-widget elementor-widget-text-editor\" data-id=\"452dbed\" data-element_type=\"widget\" data-e-type=\"widget\" data-widget_type=\"text-editor.default\">\n\t\t\t\t<div class=\"elementor-widget-container\">\n\t\t\t\t\t\t\t\t\t<p>Nicole Friedrich, colaboradora do projeto InclusiveCourts e doutoranda na Escola de Direito da Universidade do Minho, interveio como oradora no debate organizado pelo Col\u00e9gio Doutoral UMinho, com uma comunica\u00e7\u00e3o intitulada \u201cMinorias \u00e9tnicas, povos ind\u00edgenas e diversidade cultural na jurisprud\u00eancia dos tribunais internacionais de direitos humanos: oportunidades de di\u00e1logo interjurisdicional nos sistemas europeu, americano e africano\u201d. O debate, que decorreu no Campus de Gualtar da Universidade do Minho, no dia 17 de abril de 2024, constituiu a primeira edi\u00e7\u00e3o do evento <em>Encontros Ci\u00eancia Redonda<\/em>, cujo prop\u00f3sito \u00e9 promover um di\u00e1logo interdisciplinar entre estudantes de doutoramento e investigadores sobre temas transversais e atuais, abordando perspetivas diversas e estimulando o debate construtivo.<\/p><p>Besides Nicole Friedrich, the speakers were Leonardo Menezes (School of Arts and Humanities), Jo\u00e3o Marcos (Institute of Education), Filipa Correia (Institute of Social Sciences) and Mohamad Fouad Hanifa (School of Architecture, Arts and Human Sciences). The debate was chaired by Liliana Oliveira of RUM (Minho University Radio Station).\u00a0<\/p>\t\t\t\t\t\t\t\t<\/div>\n\t\t\t\t<\/div>\n\t\t\t\t<section class=\"elementor-section elementor-inner-section elementor-element elementor-element-fa5e046 elementor-section-boxed elementor-section-height-default elementor-section-height-default\" data-id=\"fa5e046\" data-element_type=\"section\" data-e-type=\"section\">\n\t\t\t\t\t\t<div class=\"elementor-container elementor-column-gap-default\">\n\t\t\t\t\t<div class=\"elementor-column elementor-col-100 elementor-inner-column elementor-element elementor-element-e78e9d9 elementor-invisible\" data-id=\"e78e9d9\" data-element_type=\"column\" data-e-type=\"column\" data-settings=\"{&quot;animation&quot;:&quot;fadeInDown&quot;}\">\n\t\t\t<div class=\"elementor-widget-wrap elementor-element-populated\">\n\t\t\t\t\t\t<div class=\"elementor-element elementor-element-3206b8e elementor-widget elementor-widget-image\" data-id=\"3206b8e\" data-element_type=\"widget\" data-e-type=\"widget\" data-settings=\"{&quot;_animation&quot;:&quot;none&quot;}\" data-widget_type=\"image.default\">\n\t\t\t\t<div class=\"elementor-widget-container\">\n\t\t\t\t\t\t\t\t\t\t\t\t\t\t\t<img fetchpriority=\"high\" decoding=\"async\" width=\"570\" height=\"808\" src=\"https:\/\/inclusivecourts.pt\/wp-content\/uploads\/2024\/04\/Encontros-Ciencia-Nicole-ShowImage.jpg\" class=\"elementor-animation-grow attachment-medium_large size-medium_large wp-image-2811\" alt=\"\" srcset=\"https:\/\/inclusivecourts.pt\/wp-content\/uploads\/2024\/04\/Encontros-Ciencia-Nicole-ShowImage.jpg 570w, https:\/\/inclusivecourts.pt\/wp-content\/uploads\/2024\/04\/Encontros-Ciencia-Nicole-ShowImage-212x300.jpg 212w, https:\/\/inclusivecourts.pt\/wp-content\/uploads\/2024\/04\/Encontros-Ciencia-Nicole-ShowImage-8x12.jpg 8w\" sizes=\"(max-width: 570px) 100vw, 570px\" \/>\t\t\t\t\t\t\t\t\t\t\t\t\t\t\t<\/div>\n\t\t\t\t<\/div>\n\t\t\t\t\t<\/div>\n\t\t<\/div>\n\t\t\t\t\t<\/div>\n\t\t<\/section>\n\t\t\t\t\t<\/div>\n\t\t<\/div>\n\t\t\t\t\t<\/div>\n\t\t<\/section>\n\t\t\t\t<\/div>","protected":false},"excerpt":{"rendered":"<p>Encontros Ci\u00eancia Redonda: As Migra\u00e7\u00f5es e a Mobilidade entre Espa\u00e7os Globais Nicole Friedrich, colaboradora do projeto InclusiveCourts e doutoranda na Escola de Direito da Universidade do Minho, interveio como oradora no debate organizado pelo Col\u00e9gio Doutoral UMinho, com uma comunica\u00e7\u00e3o intitulada \u201cMinorias \u00e9tnicas, povos ind\u00edgenas e diversidade cultural na jurisprud\u00eancia dos tribunais internacionais de direitos&hellip;<\/p>","protected":false},"author":1,"featured_media":0,"parent":0,"menu_order":0,"comment_status":"closed","ping_status":"closed","template":"","meta":{"footnotes":""},"class_list":["post-2815","page","type-page","status-publish","hentry"],"_links":{"self":[{"href":"https:\/\/inclusivecourts.pt\/en\/wp-json\/wp\/v2\/pages\/2815","targetHints":{"allow":["GET"]}}],"collection":[{"href":"https:\/\/inclusivecourts.pt\/en\/wp-json\/wp\/v2\/pages"}],"about":[{"href":"https:\/\/inclusivecourts.pt\/en\/wp-json\/wp\/v2\/types\/page"}],"author":[{"embeddable":true,"href":"https:\/\/inclusivecourts.pt\/en\/wp-json\/wp\/v2\/users\/1"}],"replies":[{"embeddable":true,"href":"https:\/\/inclusivecourts.pt\/en\/wp-json\/wp\/v2\/comments?post=2815"}],"version-history":[{"count":10,"href":"https:\/\/inclusivecourts.pt\/en\/wp-json\/wp\/v2\/pages\/2815\/revisions"}],"predecessor-version":[{"id":2828,"href":"https:\/\/inclusivecourts.pt\/en\/wp-json\/wp\/v2\/pages\/2815\/revisions\/2828"}],"wp:attachment":[{"href":"https:\/\/inclusivecourts.pt\/en\/wp-json\/wp\/v2\/media?parent=2815"}],"curies":[{"name":"wp","href":"https:\/\/api.w.org\/{rel}","templated":true}]}}

<div data-elementor-type="wp-page" data-elementor-id="2815" class="elementor elementor-2815" data-elementor-post-type="page">
						<section class="elementor-section elementor-top-section elementor-element elementor-element-b3b27e8 elementor-section-boxed elementor-section-height-default elementor-section-height-default" data-id="b3b27e8" data-element_type="section" data-e-type="section">
						<div class="elementor-container elementor-column-gap-default">
					<div class="elementor-column elementor-col-100 elementor-top-column elementor-element elementor-element-950192f" data-id="950192f" data-element_type="column" data-e-type="column">
			<div class="elementor-widget-wrap elementor-element-populated">
						<div class="elementor-element elementor-element-6ffdbba elementor-widget elementor-widget-text-editor" data-id="6ffdbba" data-element_type="widget" data-e-type="widget" data-widget_type="text-editor.default">
				<div class="elementor-widget-container">
									<p><strong>Round Science Meetings: Migration and Mobility among Global Spaces</strong></p>								</div>
				</div>
				<div class="elementor-element elementor-element-452dbed elementor-widget elementor-widget-text-editor" data-id="452dbed" data-element_type="widget" data-e-type="widget" data-widget_type="text-editor.default">
				<div class="elementor-widget-container">
									<p>Nicole Friedrich, colaboradora do projeto InclusiveCourts e doutoranda na Escola de Direito da Universidade do Minho, interveio como oradora no debate organizado pelo Colégio Doutoral UMinho, com uma comunicação intitulada “Minorias étnicas, povos indígenas e diversidade cultural na jurisprudência dos tribunais internacionais de direitos humanos: oportunidades de diálogo interjurisdicional nos sistemas europeu, americano e africano”. O debate, que decorreu no Campus de Gualtar da Universidade do Minho, no dia 17 de abril de 2024, constituiu a primeira edição do evento <em>Encontros Ciência Redonda</em>, cujo propósito é promover um diálogo interdisciplinar entre estudantes de doutoramento e investigadores sobre temas transversais e atuais, abordando perspetivas diversas e estimulando o debate construtivo.</p><p>Besides Nicole Friedrich, the speakers were Leonardo Menezes (School of Arts and Humanities), João Marcos (Institute of Education), Filipa Correia (Institute of Social Sciences) and Mohamad Fouad Hanifa (School of Architecture, Arts and Human Sciences). The debate was chaired by Liliana Oliveira of RUM (Minho University Radio Station). </p>								</div>
				</div>
				<section class="elementor-section elementor-inner-section elementor-element elementor-element-fa5e046 elementor-section-boxed elementor-section-height-default elementor-section-height-default" data-id="fa5e046" data-element_type="section" data-e-type="section">
						<div class="elementor-container elementor-column-gap-default">
					<div class="elementor-column elementor-col-100 elementor-inner-column elementor-element elementor-element-e78e9d9 elementor-invisible" data-id="e78e9d9" data-element_type="column" data-e-type="column" data-settings="{&quot;animation&quot;:&quot;fadeInDown&quot;}">
			<div class="elementor-widget-wrap elementor-element-populated">
						<div class="elementor-element elementor-element-3206b8e elementor-widget elementor-widget-image" data-id="3206b8e" data-element_type="widget" data-e-type="widget" data-settings="{&quot;_animation&quot;:&quot;none&quot;}" data-widget_type="image.default">
				<div class="elementor-widget-container">
															<img fetchpriority="high" decoding="async" width="570" height="808" src="https://inclusivecourts.pt/wp-content/uploads/2024/04/Encontros-Ciencia-Nicole-ShowImage.jpg" class="elementor-animation-grow attachment-medium_large size-medium_large wp-image-2811" alt="" srcset="https://inclusivecourts.pt/wp-content/uploads/2024/04/Encontros-Ciencia-Nicole-ShowImage.jpg 570w, https://inclusivecourts.pt/wp-content/uploads/2024/04/Encontros-Ciencia-Nicole-ShowImage-212x300.jpg 212w, https://inclusivecourts.pt/wp-content/uploads/2024/04/Encontros-Ciencia-Nicole-ShowImage-8x12.jpg 8w" sizes="(max-width: 570px) 100vw, 570px" />															</div>
				</div>
					</div>
		</div>
					</div>
		</section>
					</div>
		</div>
					</div>
		</section>
				</div>

<p>Encontros Ciência Redonda: As Migrações e a Mobilidade entre Espaços Globais Nicole Friedrich, colaboradora do projeto InclusiveCourts e doutoranda na Escola de Direito da Universidade do Minho, interveio como oradora no debate organizado pelo Colégio Doutoral UMinho, com uma comunicação intitulada “Minorias étnicas, povos indígenas e diversidade cultural na jurisprudência dos tribunais internacionais de direitos&hellip;</p>
