{"id":2788,"date":"2024-04-15T14:45:34","date_gmt":"2024-04-15T14:45:34","guid":{"rendered":"https:\/\/inclusivecourts.pt\/?page_id=2788"},"modified":"2024-04-15T14:50:49","modified_gmt":"2024-04-15T14:50:49","slug":"noticia81","status":"publish","type":"page","link":"https:\/\/inclusivecourts.pt\/en\/noticia81\/","title":{"rendered":"ACL Cycle on cultural diversity, development, and human rights"},"content":{"rendered":"<div data-elementor-type=\"wp-page\" data-elementor-id=\"2788\" class=\"elementor elementor-2788\" data-elementor-post-type=\"page\">\n\t\t\t\t\t\t<section class=\"elementor-section elementor-top-section elementor-element elementor-element-b3b27e8 elementor-section-boxed elementor-section-height-default elementor-section-height-default\" data-id=\"b3b27e8\" data-element_type=\"section\" data-e-type=\"section\">\n\t\t\t\t\t\t<div class=\"elementor-container elementor-column-gap-default\">\n\t\t\t\t\t<div class=\"elementor-column elementor-col-100 elementor-top-column elementor-element elementor-element-950192f\" data-id=\"950192f\" data-element_type=\"column\" data-e-type=\"column\">\n\t\t\t<div class=\"elementor-widget-wrap elementor-element-populated\">\n\t\t\t\t\t\t<div class=\"elementor-element elementor-element-6ffdbba elementor-widget elementor-widget-text-editor\" data-id=\"6ffdbba\" data-element_type=\"widget\" data-e-type=\"widget\" data-widget_type=\"text-editor.default\">\n\t\t\t\t<div class=\"elementor-widget-container\">\n\t\t\t\t\t\t\t\t\t<p><strong>ACL Cycle on cultural diversity, development, and human rights <\/strong><\/p>\t\t\t\t\t\t\t\t<\/div>\n\t\t\t\t<\/div>\n\t\t\t\t<div class=\"elementor-element elementor-element-452dbed elementor-widget elementor-widget-text-editor\" data-id=\"452dbed\" data-element_type=\"widget\" data-e-type=\"widget\" data-widget_type=\"text-editor.default\">\n\t\t\t\t<div class=\"elementor-widget-container\">\n\t\t\t\t\t\t\t\t\t<p>A Academia das Ci\u00eancias de Lisboa (ACL) est\u00e1 a promover, durante os meses de abril e maio, um Ciclo de webinars dedicado ao tema \u201cDiversidade cultural, desenvolvimento e direitos humanos\u201d, coordenado por Maria Salom\u00e9 Soares Pais, Maria Manuela Tavares Ribeiro e Maria de Jesus Cabral.<\/p><p>Patr\u00edcia Jer\u00f3nimo foi a oradora convidada da sess\u00e3o que decorreu no dia 10 de abril de 2024 com o t\u00edtulo \u201cDiversidade cultural e direitos das minorias no Direito internacional dos direitos humanos: teoria e pr\u00e1tica\u201d.<\/p><p>The full programme for the webinar cycle is available <a href=\"https:\/\/inclusivecourts.pt\/wp-content\/uploads\/2024\/04\/noticia2Programa_Detalhado_Ciclo_Diversidade_Cultura_2024.pdf\"><u>here<\/u><\/a>.<\/p>\t\t\t\t\t\t\t\t<\/div>\n\t\t\t\t<\/div>\n\t\t\t\t<section class=\"elementor-section elementor-inner-section elementor-element elementor-element-fa5e046 elementor-section-boxed elementor-section-height-default elementor-section-height-default\" data-id=\"fa5e046\" data-element_type=\"section\" data-e-type=\"section\">\n\t\t\t\t\t\t<div class=\"elementor-container elementor-column-gap-default\">\n\t\t\t\t\t<div class=\"elementor-column elementor-col-100 elementor-inner-column elementor-element elementor-element-e78e9d9 elementor-invisible\" data-id=\"e78e9d9\" data-element_type=\"column\" data-e-type=\"column\" data-settings=\"{&quot;animation&quot;:&quot;fadeInDown&quot;}\">\n\t\t\t<div class=\"elementor-widget-wrap elementor-element-populated\">\n\t\t\t\t\t\t<div class=\"elementor-element elementor-element-3206b8e elementor-widget elementor-widget-image\" data-id=\"3206b8e\" data-element_type=\"widget\" data-e-type=\"widget\" data-settings=\"{&quot;_animation&quot;:&quot;none&quot;}\" data-widget_type=\"image.default\">\n\t\t\t\t<div class=\"elementor-widget-container\">\n\t\t\t\t\t\t\t\t\t\t\t\t\t\t\t<img fetchpriority=\"high\" decoding=\"async\" width=\"768\" height=\"768\" src=\"https:\/\/inclusivecourts.pt\/wp-content\/uploads\/2024\/04\/noticia-2academia-das-ciencias-768x768.jpg\" class=\"elementor-animation-grow attachment-medium_large size-medium_large wp-image-2779\" alt=\"\" srcset=\"https:\/\/inclusivecourts.pt\/wp-content\/uploads\/2024\/04\/noticia-2academia-das-ciencias-768x768.jpg 768w, https:\/\/inclusivecourts.pt\/wp-content\/uploads\/2024\/04\/noticia-2academia-das-ciencias-300x300.jpg 300w, https:\/\/inclusivecourts.pt\/wp-content\/uploads\/2024\/04\/noticia-2academia-das-ciencias-1024x1024.jpg 1024w, https:\/\/inclusivecourts.pt\/wp-content\/uploads\/2024\/04\/noticia-2academia-das-ciencias-150x150.jpg 150w, https:\/\/inclusivecourts.pt\/wp-content\/uploads\/2024\/04\/noticia-2academia-das-ciencias-12x12.jpg 12w, https:\/\/inclusivecourts.pt\/wp-content\/uploads\/2024\/04\/noticia-2academia-das-ciencias.jpg 1080w\" sizes=\"(max-width: 768px) 100vw, 768px\" \/>\t\t\t\t\t\t\t\t\t\t\t\t\t\t\t<\/div>\n\t\t\t\t<\/div>\n\t\t\t\t\t<\/div>\n\t\t<\/div>\n\t\t\t\t\t<\/div>\n\t\t<\/section>\n\t\t\t\t\t<\/div>\n\t\t<\/div>\n\t\t\t\t\t<\/div>\n\t\t<\/section>\n\t\t\t\t<\/div>","protected":false},"excerpt":{"rendered":"<p>Ciclo da ACL sobre diversidade cultural, desenvolvimento e direitos humanos A Academia das Ci\u00eancias de Lisboa (ACL) est\u00e1 a promover, durante os meses de abril e maio, um Ciclo de webinars dedicado ao tema \u201cDiversidade cultural, desenvolvimento e direitos humanos\u201d, coordenado por Maria Salom\u00e9 Soares Pais, Maria Manuela Tavares Ribeiro e Maria de Jesus Cabral.&hellip;<\/p>","protected":false},"author":1,"featured_media":0,"parent":0,"menu_order":0,"comment_status":"closed","ping_status":"closed","template":"","meta":{"footnotes":""},"class_list":["post-2788","page","type-page","status-publish","hentry"],"_links":{"self":[{"href":"https:\/\/inclusivecourts.pt\/en\/wp-json\/wp\/v2\/pages\/2788","targetHints":{"allow":["GET"]}}],"collection":[{"href":"https:\/\/inclusivecourts.pt\/en\/wp-json\/wp\/v2\/pages"}],"about":[{"href":"https:\/\/inclusivecourts.pt\/en\/wp-json\/wp\/v2\/types\/page"}],"author":[{"embeddable":true,"href":"https:\/\/inclusivecourts.pt\/en\/wp-json\/wp\/v2\/users\/1"}],"replies":[{"embeddable":true,"href":"https:\/\/inclusivecourts.pt\/en\/wp-json\/wp\/v2\/comments?post=2788"}],"version-history":[{"count":8,"href":"https:\/\/inclusivecourts.pt\/en\/wp-json\/wp\/v2\/pages\/2788\/revisions"}],"predecessor-version":[{"id":2797,"href":"https:\/\/inclusivecourts.pt\/en\/wp-json\/wp\/v2\/pages\/2788\/revisions\/2797"}],"wp:attachment":[{"href":"https:\/\/inclusivecourts.pt\/en\/wp-json\/wp\/v2\/media?parent=2788"}],"curies":[{"name":"wp","href":"https:\/\/api.w.org\/{rel}","templated":true}]}}

<div data-elementor-type="wp-page" data-elementor-id="2788" class="elementor elementor-2788" data-elementor-post-type="page">
						<section class="elementor-section elementor-top-section elementor-element elementor-element-b3b27e8 elementor-section-boxed elementor-section-height-default elementor-section-height-default" data-id="b3b27e8" data-element_type="section" data-e-type="section">
						<div class="elementor-container elementor-column-gap-default">
					<div class="elementor-column elementor-col-100 elementor-top-column elementor-element elementor-element-950192f" data-id="950192f" data-element_type="column" data-e-type="column">
			<div class="elementor-widget-wrap elementor-element-populated">
						<div class="elementor-element elementor-element-6ffdbba elementor-widget elementor-widget-text-editor" data-id="6ffdbba" data-element_type="widget" data-e-type="widget" data-widget_type="text-editor.default">
				<div class="elementor-widget-container">
									<p><strong>ACL Cycle on cultural diversity, development, and human rights </strong></p>								</div>
				</div>
				<div class="elementor-element elementor-element-452dbed elementor-widget elementor-widget-text-editor" data-id="452dbed" data-element_type="widget" data-e-type="widget" data-widget_type="text-editor.default">
				<div class="elementor-widget-container">
									<p>A Academia das Ciências de Lisboa (ACL) está a promover, durante os meses de abril e maio, um Ciclo de webinars dedicado ao tema “Diversidade cultural, desenvolvimento e direitos humanos”, coordenado por Maria Salomé Soares Pais, Maria Manuela Tavares Ribeiro e Maria de Jesus Cabral.</p><p>Patrícia Jerónimo foi a oradora convidada da sessão que decorreu no dia 10 de abril de 2024 com o título “Diversidade cultural e direitos das minorias no Direito internacional dos direitos humanos: teoria e prática”.</p><p>The full programme for the webinar cycle is available <a href="https://inclusivecourts.pt/wp-content/uploads/2024/04/noticia2Programa_Detalhado_Ciclo_Diversidade_Cultura_2024.pdf"><u>here</u></a>.</p>								</div>
				</div>
				<section class="elementor-section elementor-inner-section elementor-element elementor-element-fa5e046 elementor-section-boxed elementor-section-height-default elementor-section-height-default" data-id="fa5e046" data-element_type="section" data-e-type="section">
						<div class="elementor-container elementor-column-gap-default">
					<div class="elementor-column elementor-col-100 elementor-inner-column elementor-element elementor-element-e78e9d9 elementor-invisible" data-id="e78e9d9" data-element_type="column" data-e-type="column" data-settings="{&quot;animation&quot;:&quot;fadeInDown&quot;}">
			<div class="elementor-widget-wrap elementor-element-populated">
						<div class="elementor-element elementor-element-3206b8e elementor-widget elementor-widget-image" data-id="3206b8e" data-element_type="widget" data-e-type="widget" data-settings="{&quot;_animation&quot;:&quot;none&quot;}" data-widget_type="image.default">
				<div class="elementor-widget-container">
															<img fetchpriority="high" decoding="async" width="768" height="768" src="https://inclusivecourts.pt/wp-content/uploads/2024/04/noticia-2academia-das-ciencias-768x768.jpg" class="elementor-animation-grow attachment-medium_large size-medium_large wp-image-2779" alt="" srcset="https://inclusivecourts.pt/wp-content/uploads/2024/04/noticia-2academia-das-ciencias-768x768.jpg 768w, https://inclusivecourts.pt/wp-content/uploads/2024/04/noticia-2academia-das-ciencias-300x300.jpg 300w, https://inclusivecourts.pt/wp-content/uploads/2024/04/noticia-2academia-das-ciencias-1024x1024.jpg 1024w, https://inclusivecourts.pt/wp-content/uploads/2024/04/noticia-2academia-das-ciencias-150x150.jpg 150w, https://inclusivecourts.pt/wp-content/uploads/2024/04/noticia-2academia-das-ciencias-12x12.jpg 12w, https://inclusivecourts.pt/wp-content/uploads/2024/04/noticia-2academia-das-ciencias.jpg 1080w" sizes="(max-width: 768px) 100vw, 768px" />															</div>
				</div>
					</div>
		</div>
					</div>
		</section>
					</div>
		</div>
					</div>
		</section>
				</div>

<p>Ciclo da ACL sobre diversidade cultural, desenvolvimento e direitos humanos A Academia das Ciências de Lisboa (ACL) está a promover, durante os meses de abril e maio, um Ciclo de webinars dedicado ao tema “Diversidade cultural, desenvolvimento e direitos humanos”, coordenado por Maria Salomé Soares Pais, Maria Manuela Tavares Ribeiro e Maria de Jesus Cabral.&hellip;</p>
