{"id":2724,"date":"2023-12-13T13:54:20","date_gmt":"2023-12-13T13:54:20","guid":{"rendered":"https:\/\/inclusivecourts.pt\/?page_id=2724"},"modified":"2023-12-13T13:59:38","modified_gmt":"2023-12-13T13:59:38","slug":"noticia78","status":"publish","type":"page","link":"https:\/\/inclusivecourts.pt\/en\/noticia78\/","title":{"rendered":"International Human Rights Conference in Alenquer"},"content":{"rendered":"<div data-elementor-type=\"wp-page\" data-elementor-id=\"2724\" class=\"elementor elementor-2724\" data-elementor-post-type=\"page\">\n\t\t\t\t\t\t<section class=\"elementor-section elementor-top-section elementor-element elementor-element-b3b27e8 elementor-section-boxed elementor-section-height-default elementor-section-height-default\" data-id=\"b3b27e8\" data-element_type=\"section\" data-e-type=\"section\">\n\t\t\t\t\t\t<div class=\"elementor-container elementor-column-gap-default\">\n\t\t\t\t\t<div class=\"elementor-column elementor-col-100 elementor-top-column elementor-element elementor-element-950192f\" data-id=\"950192f\" data-element_type=\"column\" data-e-type=\"column\">\n\t\t\t<div class=\"elementor-widget-wrap elementor-element-populated\">\n\t\t\t\t\t\t<div class=\"elementor-element elementor-element-6ffdbba elementor-widget elementor-widget-text-editor\" data-id=\"6ffdbba\" data-element_type=\"widget\" data-e-type=\"widget\" data-widget_type=\"text-editor.default\">\n\t\t\t\t<div class=\"elementor-widget-container\">\n\t\t\t\t\t\t\t\t\t<p><strong>International Human Rights Conference in Alenquer<\/strong><\/p>\t\t\t\t\t\t\t\t<\/div>\n\t\t\t\t<\/div>\n\t\t\t\t<div class=\"elementor-element elementor-element-452dbed elementor-widget elementor-widget-text-editor\" data-id=\"452dbed\" data-element_type=\"widget\" data-e-type=\"widget\" data-widget_type=\"text-editor.default\">\n\t\t\t\t<div class=\"elementor-widget-container\">\n\t\t\t\t\t\t\t\t\t<p>No quadro do projeto Dignip\u00e9dia Global \u2013 em que participam v\u00e1rios investigadores do JusGov e do projeto InclusiveCourts \u2013, teve lugar, nos dias 6 e 7 de dezembro de 2023, um congresso internacional intitulado <em>Direitos Humanos: Hist\u00f3ria, Atualidade e Utopia(s) em Contexto de Globaliza\u00e7\u00e3o<\/em>. O congresso decorreu no Audit\u00f3rio Dr. Te\u00f3filo Carvalho dos Santos, em Alenquer, com transmiss\u00e3o online, e contou com a participa\u00e7\u00e3o, entre outros, de Carlos Fiolhais (Universidade de Coimbra), Eva Fabry (European Centre for Women and Technology), Jo\u00e3o Cardoso Rosas (Universidade do Minho), Jos\u00e9 Eduardo Franco (Universidade Aberta), Jos\u00e9 Lamego (Universidade de Lisboa), Nuno Rebelo dos Santos (Universidade de \u00c9vora), Patr\u00edcia Jer\u00f3nimo (Universidade do Minho), Susana Mourato Alves-Jesus (Universidade Aberta) e Teresa Pizarro Beleza (Universidade Nova de Lisboa).<\/p><p>The conference programme is available <a href=\"https:\/\/inclusivecourts.pt\/wp-content\/uploads\/2023\/12\/Programa.pdf\"><u>here<\/u><\/a>.<\/p>\t\t\t\t\t\t\t\t<\/div>\n\t\t\t\t<\/div>\n\t\t\t\t<section class=\"elementor-section elementor-inner-section elementor-element elementor-element-fa5e046 elementor-section-boxed elementor-section-height-default elementor-section-height-default\" data-id=\"fa5e046\" data-element_type=\"section\" data-e-type=\"section\">\n\t\t\t\t\t\t<div class=\"elementor-container elementor-column-gap-default\">\n\t\t\t\t\t<div class=\"elementor-column elementor-col-100 elementor-inner-column elementor-element elementor-element-e78e9d9 elementor-invisible\" data-id=\"e78e9d9\" data-element_type=\"column\" data-e-type=\"column\" data-settings=\"{&quot;animation&quot;:&quot;fadeInDown&quot;}\">\n\t\t\t<div class=\"elementor-widget-wrap elementor-element-populated\">\n\t\t\t\t\t\t<div class=\"elementor-element elementor-element-3206b8e elementor-widget elementor-widget-image\" data-id=\"3206b8e\" data-element_type=\"widget\" data-e-type=\"widget\" data-settings=\"{&quot;_animation&quot;:&quot;none&quot;}\" data-widget_type=\"image.default\">\n\t\t\t\t<div class=\"elementor-widget-container\">\n\t\t\t\t\t\t\t\t\t\t\t\t\t\t\t<img fetchpriority=\"high\" decoding=\"async\" width=\"768\" height=\"485\" src=\"https:\/\/inclusivecourts.pt\/wp-content\/uploads\/2023\/12\/Img-Noticia78-768x485.jpg\" class=\"elementor-animation-grow attachment-medium_large size-medium_large wp-image-2729\" alt=\"\" srcset=\"https:\/\/inclusivecourts.pt\/wp-content\/uploads\/2023\/12\/Img-Noticia78-768x485.jpg 768w, https:\/\/inclusivecourts.pt\/wp-content\/uploads\/2023\/12\/Img-Noticia78-300x190.jpg 300w, https:\/\/inclusivecourts.pt\/wp-content\/uploads\/2023\/12\/Img-Noticia78-18x12.jpg 18w, https:\/\/inclusivecourts.pt\/wp-content\/uploads\/2023\/12\/Img-Noticia78.jpg 1000w\" sizes=\"(max-width: 768px) 100vw, 768px\" \/>\t\t\t\t\t\t\t\t\t\t\t\t\t\t\t<\/div>\n\t\t\t\t<\/div>\n\t\t\t\t\t<\/div>\n\t\t<\/div>\n\t\t\t\t\t<\/div>\n\t\t<\/section>\n\t\t\t\t\t<\/div>\n\t\t<\/div>\n\t\t\t\t\t<\/div>\n\t\t<\/section>\n\t\t\t\t<\/div>","protected":false},"excerpt":{"rendered":"<p>Congresso Internacional de Direitos Humanos em Alenquer No quadro do projeto Dignip\u00e9dia Global \u2013 em que participam v\u00e1rios investigadores do JusGov e do projeto InclusiveCourts \u2013, teve lugar, nos dias 6 e 7 de dezembro de 2023, um congresso internacional intitulado Direitos Humanos: Hist\u00f3ria, Atualidade e Utopia(s) em Contexto de Globaliza\u00e7\u00e3o. O congresso decorreu no&hellip;<\/p>","protected":false},"author":1,"featured_media":0,"parent":0,"menu_order":0,"comment_status":"closed","ping_status":"closed","template":"","meta":{"footnotes":""},"class_list":["post-2724","page","type-page","status-publish","hentry"],"_links":{"self":[{"href":"https:\/\/inclusivecourts.pt\/en\/wp-json\/wp\/v2\/pages\/2724","targetHints":{"allow":["GET"]}}],"collection":[{"href":"https:\/\/inclusivecourts.pt\/en\/wp-json\/wp\/v2\/pages"}],"about":[{"href":"https:\/\/inclusivecourts.pt\/en\/wp-json\/wp\/v2\/types\/page"}],"author":[{"embeddable":true,"href":"https:\/\/inclusivecourts.pt\/en\/wp-json\/wp\/v2\/users\/1"}],"replies":[{"embeddable":true,"href":"https:\/\/inclusivecourts.pt\/en\/wp-json\/wp\/v2\/comments?post=2724"}],"version-history":[{"count":4,"href":"https:\/\/inclusivecourts.pt\/en\/wp-json\/wp\/v2\/pages\/2724\/revisions"}],"predecessor-version":[{"id":2732,"href":"https:\/\/inclusivecourts.pt\/en\/wp-json\/wp\/v2\/pages\/2724\/revisions\/2732"}],"wp:attachment":[{"href":"https:\/\/inclusivecourts.pt\/en\/wp-json\/wp\/v2\/media?parent=2724"}],"curies":[{"name":"wp","href":"https:\/\/api.w.org\/{rel}","templated":true}]}}

<div data-elementor-type="wp-page" data-elementor-id="2724" class="elementor elementor-2724" data-elementor-post-type="page">
						<section class="elementor-section elementor-top-section elementor-element elementor-element-b3b27e8 elementor-section-boxed elementor-section-height-default elementor-section-height-default" data-id="b3b27e8" data-element_type="section" data-e-type="section">
						<div class="elementor-container elementor-column-gap-default">
					<div class="elementor-column elementor-col-100 elementor-top-column elementor-element elementor-element-950192f" data-id="950192f" data-element_type="column" data-e-type="column">
			<div class="elementor-widget-wrap elementor-element-populated">
						<div class="elementor-element elementor-element-6ffdbba elementor-widget elementor-widget-text-editor" data-id="6ffdbba" data-element_type="widget" data-e-type="widget" data-widget_type="text-editor.default">
				<div class="elementor-widget-container">
									<p><strong>International Human Rights Conference in Alenquer</strong></p>								</div>
				</div>
				<div class="elementor-element elementor-element-452dbed elementor-widget elementor-widget-text-editor" data-id="452dbed" data-element_type="widget" data-e-type="widget" data-widget_type="text-editor.default">
				<div class="elementor-widget-container">
									<p>No quadro do projeto Dignipédia Global – em que participam vários investigadores do JusGov e do projeto InclusiveCourts –, teve lugar, nos dias 6 e 7 de dezembro de 2023, um congresso internacional intitulado <em>Direitos Humanos: História, Atualidade e Utopia(s) em Contexto de Globalização</em>. O congresso decorreu no Auditório Dr. Teófilo Carvalho dos Santos, em Alenquer, com transmissão online, e contou com a participação, entre outros, de Carlos Fiolhais (Universidade de Coimbra), Eva Fabry (European Centre for Women and Technology), João Cardoso Rosas (Universidade do Minho), José Eduardo Franco (Universidade Aberta), José Lamego (Universidade de Lisboa), Nuno Rebelo dos Santos (Universidade de Évora), Patrícia Jerónimo (Universidade do Minho), Susana Mourato Alves-Jesus (Universidade Aberta) e Teresa Pizarro Beleza (Universidade Nova de Lisboa).</p><p>The conference programme is available <a href="https://inclusivecourts.pt/wp-content/uploads/2023/12/Programa.pdf"><u>here</u></a>.</p>								</div>
				</div>
				<section class="elementor-section elementor-inner-section elementor-element elementor-element-fa5e046 elementor-section-boxed elementor-section-height-default elementor-section-height-default" data-id="fa5e046" data-element_type="section" data-e-type="section">
						<div class="elementor-container elementor-column-gap-default">
					<div class="elementor-column elementor-col-100 elementor-inner-column elementor-element elementor-element-e78e9d9 elementor-invisible" data-id="e78e9d9" data-element_type="column" data-e-type="column" data-settings="{&quot;animation&quot;:&quot;fadeInDown&quot;}">
			<div class="elementor-widget-wrap elementor-element-populated">
						<div class="elementor-element elementor-element-3206b8e elementor-widget elementor-widget-image" data-id="3206b8e" data-element_type="widget" data-e-type="widget" data-settings="{&quot;_animation&quot;:&quot;none&quot;}" data-widget_type="image.default">
				<div class="elementor-widget-container">
															<img fetchpriority="high" decoding="async" width="768" height="485" src="https://inclusivecourts.pt/wp-content/uploads/2023/12/Img-Noticia78-768x485.jpg" class="elementor-animation-grow attachment-medium_large size-medium_large wp-image-2729" alt="" srcset="https://inclusivecourts.pt/wp-content/uploads/2023/12/Img-Noticia78-768x485.jpg 768w, https://inclusivecourts.pt/wp-content/uploads/2023/12/Img-Noticia78-300x190.jpg 300w, https://inclusivecourts.pt/wp-content/uploads/2023/12/Img-Noticia78-18x12.jpg 18w, https://inclusivecourts.pt/wp-content/uploads/2023/12/Img-Noticia78.jpg 1000w" sizes="(max-width: 768px) 100vw, 768px" />															</div>
				</div>
					</div>
		</div>
					</div>
		</section>
					</div>
		</div>
					</div>
		</section>
				</div>

<p>Congresso Internacional de Direitos Humanos em Alenquer No quadro do projeto Dignipédia Global – em que participam vários investigadores do JusGov e do projeto InclusiveCourts –, teve lugar, nos dias 6 e 7 de dezembro de 2023, um congresso internacional intitulado Direitos Humanos: História, Atualidade e Utopia(s) em Contexto de Globalização. O congresso decorreu no&hellip;</p>
