{"id":2718,"date":"2023-12-13T13:49:07","date_gmt":"2023-12-13T13:49:07","guid":{"rendered":"https:\/\/inclusivecourts.pt\/?page_id=2718"},"modified":"2023-12-13T13:51:41","modified_gmt":"2023-12-13T13:51:41","slug":"noticia77","status":"publish","type":"page","link":"https:\/\/inclusivecourts.pt\/en\/noticia77\/","title":{"rendered":"Latin America-Europe dialogue on equality, cultural diversity and social benefits"},"content":{"rendered":"<div data-elementor-type=\"wp-page\" data-elementor-id=\"2718\" class=\"elementor elementor-2718\" data-elementor-post-type=\"page\">\n\t\t\t\t\t\t<section class=\"elementor-section elementor-top-section elementor-element elementor-element-b3b27e8 elementor-section-boxed elementor-section-height-default elementor-section-height-default\" data-id=\"b3b27e8\" data-element_type=\"section\" data-e-type=\"section\">\n\t\t\t\t\t\t<div class=\"elementor-container elementor-column-gap-default\">\n\t\t\t\t\t<div class=\"elementor-column elementor-col-100 elementor-top-column elementor-element elementor-element-950192f\" data-id=\"950192f\" data-element_type=\"column\" data-e-type=\"column\">\n\t\t\t<div class=\"elementor-widget-wrap elementor-element-populated\">\n\t\t\t\t\t\t<div class=\"elementor-element elementor-element-6ffdbba elementor-widget elementor-widget-text-editor\" data-id=\"6ffdbba\" data-element_type=\"widget\" data-e-type=\"widget\" data-widget_type=\"text-editor.default\">\n\t\t\t\t<div class=\"elementor-widget-container\">\n\t\t\t\t\t\t\t\t\t<p><strong>Latin America-Europe dialogue on equality, cultural diversity and social benefits<\/strong><\/p>\t\t\t\t\t\t\t\t<\/div>\n\t\t\t\t<\/div>\n\t\t\t\t<div class=\"elementor-element elementor-element-452dbed elementor-widget elementor-widget-text-editor\" data-id=\"452dbed\" data-element_type=\"widget\" data-e-type=\"widget\" data-widget_type=\"text-editor.default\">\n\t\t\t\t<div class=\"elementor-widget-container\">\n\t\t\t\t\t\t\t\t\t<p>Patr\u00edcia Jer\u00f3nimo foi uma das oradoras convidadas do semin\u00e1rio internacional que teve lugar na Universidade Alem\u00e3 de Ci\u00eancias Administrativas Speyer (<em>Deutsche Universit\u00e4t f\u00fcr Verwaltungswissenschafte Speyer<\/em>), entre 1 e 4 de desembro de 2023, subordinado ao tema <em>Dialogo entre Am\u00e9rica Latina y Europa: El Principio de Igualdad, la Diversidad Cultural y las Prestaciones Sociales<\/em>. O semin\u00e1rio foi organizado por Lorena Ossio Bustillos e Karl-Peter Sommermann, no quadro do projeto de investiga\u00e7\u00e3o sobre prote\u00e7\u00e3o social dos povos ind\u00edgenas na Am\u00e9rica Latina, que est\u00e1 a ser desenvolvido em coopera\u00e7\u00e3o entre o Instituto Max Planck de Direito Social e Pol\u00edtica Social e a Universidad Cat\u00f3lica Boliviana \u201cSan Pablo\u201d, sob dire\u00e7\u00e3o cient\u00edfica de Lorena Ossio Bustillos. O semin\u00e1rio contou com a participa\u00e7\u00e3o de, entre outros, Magdalena Nogueira Guastavino, da Universidad Aut\u00f3noma de Madrid, e de Raquel Yrigoyen Fajardo, da Pontificia Universidad Cat\u00f3lica del Per\u00fa, tendo sido uma oportunidade para Patr\u00edcia Jer\u00f3nimo apresentar e discutir alguns dos resultados do projeto InclusiveCourts.<\/p>\t\t\t\t\t\t\t\t<\/div>\n\t\t\t\t<\/div>\n\t\t\t\t<section class=\"elementor-section elementor-inner-section elementor-element elementor-element-fa5e046 elementor-section-boxed elementor-section-height-default elementor-section-height-default\" data-id=\"fa5e046\" data-element_type=\"section\" data-e-type=\"section\">\n\t\t\t\t\t\t<div class=\"elementor-container elementor-column-gap-default\">\n\t\t\t\t\t<div class=\"elementor-column elementor-col-100 elementor-inner-column elementor-element elementor-element-e78e9d9 elementor-invisible\" data-id=\"e78e9d9\" data-element_type=\"column\" data-e-type=\"column\" data-settings=\"{&quot;animation&quot;:&quot;fadeInDown&quot;}\">\n\t\t\t<div class=\"elementor-widget-wrap elementor-element-populated\">\n\t\t\t\t\t\t<div class=\"elementor-element elementor-element-3206b8e elementor-widget elementor-widget-image\" data-id=\"3206b8e\" data-element_type=\"widget\" data-e-type=\"widget\" data-settings=\"{&quot;_animation&quot;:&quot;none&quot;}\" data-widget_type=\"image.default\">\n\t\t\t\t<div class=\"elementor-widget-container\">\n\t\t\t\t\t\t\t\t\t\t\t\t\t\t\t<img fetchpriority=\"high\" decoding=\"async\" width=\"768\" height=\"266\" src=\"https:\/\/inclusivecourts.pt\/wp-content\/uploads\/2023\/12\/imagem-entrada-noticia-1-768x266.png\" class=\"elementor-animation-grow attachment-medium_large size-medium_large wp-image-2720\" alt=\"\" srcset=\"https:\/\/inclusivecourts.pt\/wp-content\/uploads\/2023\/12\/imagem-entrada-noticia-1-768x266.png 768w, https:\/\/inclusivecourts.pt\/wp-content\/uploads\/2023\/12\/imagem-entrada-noticia-1-300x104.png 300w, https:\/\/inclusivecourts.pt\/wp-content\/uploads\/2023\/12\/imagem-entrada-noticia-1-1024x355.png 1024w, https:\/\/inclusivecourts.pt\/wp-content\/uploads\/2023\/12\/imagem-entrada-noticia-1-18x6.png 18w, https:\/\/inclusivecourts.pt\/wp-content\/uploads\/2023\/12\/imagem-entrada-noticia-1.png 1280w\" sizes=\"(max-width: 768px) 100vw, 768px\" \/>\t\t\t\t\t\t\t\t\t\t\t\t\t\t\t<\/div>\n\t\t\t\t<\/div>\n\t\t\t\t\t<\/div>\n\t\t<\/div>\n\t\t\t\t\t<\/div>\n\t\t<\/section>\n\t\t\t\t\t<\/div>\n\t\t<\/div>\n\t\t\t\t\t<\/div>\n\t\t<\/section>\n\t\t\t\t<\/div>","protected":false},"excerpt":{"rendered":"<p>Di\u00e1logo Am\u00e9rica Latina-Europa sobre igualdade, diversidade cultural e presta\u00e7\u00f5es sociais Patr\u00edcia Jer\u00f3nimo foi uma das oradoras convidadas do semin\u00e1rio internacional que teve lugar na Universidade Alem\u00e3 de Ci\u00eancias Administrativas Speyer (Deutsche Universit\u00e4t f\u00fcr Verwaltungswissenschafte Speyer), entre 1 e 4 de desembro de 2023, subordinado ao tema Dialogo entre Am\u00e9rica Latina y Europa: El Principio de&hellip;<\/p>","protected":false},"author":1,"featured_media":0,"parent":0,"menu_order":0,"comment_status":"closed","ping_status":"closed","template":"","meta":{"footnotes":""},"class_list":["post-2718","page","type-page","status-publish","hentry"],"_links":{"self":[{"href":"https:\/\/inclusivecourts.pt\/en\/wp-json\/wp\/v2\/pages\/2718","targetHints":{"allow":["GET"]}}],"collection":[{"href":"https:\/\/inclusivecourts.pt\/en\/wp-json\/wp\/v2\/pages"}],"about":[{"href":"https:\/\/inclusivecourts.pt\/en\/wp-json\/wp\/v2\/types\/page"}],"author":[{"embeddable":true,"href":"https:\/\/inclusivecourts.pt\/en\/wp-json\/wp\/v2\/users\/1"}],"replies":[{"embeddable":true,"href":"https:\/\/inclusivecourts.pt\/en\/wp-json\/wp\/v2\/comments?post=2718"}],"version-history":[{"count":4,"href":"https:\/\/inclusivecourts.pt\/en\/wp-json\/wp\/v2\/pages\/2718\/revisions"}],"predecessor-version":[{"id":2723,"href":"https:\/\/inclusivecourts.pt\/en\/wp-json\/wp\/v2\/pages\/2718\/revisions\/2723"}],"wp:attachment":[{"href":"https:\/\/inclusivecourts.pt\/en\/wp-json\/wp\/v2\/media?parent=2718"}],"curies":[{"name":"wp","href":"https:\/\/api.w.org\/{rel}","templated":true}]}}

<div data-elementor-type="wp-page" data-elementor-id="2718" class="elementor elementor-2718" data-elementor-post-type="page">
						<section class="elementor-section elementor-top-section elementor-element elementor-element-b3b27e8 elementor-section-boxed elementor-section-height-default elementor-section-height-default" data-id="b3b27e8" data-element_type="section" data-e-type="section">
						<div class="elementor-container elementor-column-gap-default">
					<div class="elementor-column elementor-col-100 elementor-top-column elementor-element elementor-element-950192f" data-id="950192f" data-element_type="column" data-e-type="column">
			<div class="elementor-widget-wrap elementor-element-populated">
						<div class="elementor-element elementor-element-6ffdbba elementor-widget elementor-widget-text-editor" data-id="6ffdbba" data-element_type="widget" data-e-type="widget" data-widget_type="text-editor.default">
				<div class="elementor-widget-container">
									<p><strong>Latin America-Europe dialogue on equality, cultural diversity and social benefits</strong></p>								</div>
				</div>
				<div class="elementor-element elementor-element-452dbed elementor-widget elementor-widget-text-editor" data-id="452dbed" data-element_type="widget" data-e-type="widget" data-widget_type="text-editor.default">
				<div class="elementor-widget-container">
									<p>Patrícia Jerónimo foi uma das oradoras convidadas do seminário internacional que teve lugar na Universidade Alemã de Ciências Administrativas Speyer (<em>Deutsche Universität für Verwaltungswissenschafte Speyer</em>), entre 1 e 4 de desembro de 2023, subordinado ao tema <em>Dialogo entre América Latina y Europa: El Principio de Igualdad, la Diversidad Cultural y las Prestaciones Sociales</em>. O seminário foi organizado por Lorena Ossio Bustillos e Karl-Peter Sommermann, no quadro do projeto de investigação sobre proteção social dos povos indígenas na América Latina, que está a ser desenvolvido em cooperação entre o Instituto Max Planck de Direito Social e Política Social e a Universidad Católica Boliviana “San Pablo”, sob direção científica de Lorena Ossio Bustillos. O seminário contou com a participação de, entre outros, Magdalena Nogueira Guastavino, da Universidad Autónoma de Madrid, e de Raquel Yrigoyen Fajardo, da Pontificia Universidad Católica del Perú, tendo sido uma oportunidade para Patrícia Jerónimo apresentar e discutir alguns dos resultados do projeto InclusiveCourts.</p>								</div>
				</div>
				<section class="elementor-section elementor-inner-section elementor-element elementor-element-fa5e046 elementor-section-boxed elementor-section-height-default elementor-section-height-default" data-id="fa5e046" data-element_type="section" data-e-type="section">
						<div class="elementor-container elementor-column-gap-default">
					<div class="elementor-column elementor-col-100 elementor-inner-column elementor-element elementor-element-e78e9d9 elementor-invisible" data-id="e78e9d9" data-element_type="column" data-e-type="column" data-settings="{&quot;animation&quot;:&quot;fadeInDown&quot;}">
			<div class="elementor-widget-wrap elementor-element-populated">
						<div class="elementor-element elementor-element-3206b8e elementor-widget elementor-widget-image" data-id="3206b8e" data-element_type="widget" data-e-type="widget" data-settings="{&quot;_animation&quot;:&quot;none&quot;}" data-widget_type="image.default">
				<div class="elementor-widget-container">
															<img fetchpriority="high" decoding="async" width="768" height="266" src="https://inclusivecourts.pt/wp-content/uploads/2023/12/imagem-entrada-noticia-1-768x266.png" class="elementor-animation-grow attachment-medium_large size-medium_large wp-image-2720" alt="" srcset="https://inclusivecourts.pt/wp-content/uploads/2023/12/imagem-entrada-noticia-1-768x266.png 768w, https://inclusivecourts.pt/wp-content/uploads/2023/12/imagem-entrada-noticia-1-300x104.png 300w, https://inclusivecourts.pt/wp-content/uploads/2023/12/imagem-entrada-noticia-1-1024x355.png 1024w, https://inclusivecourts.pt/wp-content/uploads/2023/12/imagem-entrada-noticia-1-18x6.png 18w, https://inclusivecourts.pt/wp-content/uploads/2023/12/imagem-entrada-noticia-1.png 1280w" sizes="(max-width: 768px) 100vw, 768px" />															</div>
				</div>
					</div>
		</div>
					</div>
		</section>
					</div>
		</div>
					</div>
		</section>
				</div>

<p>Diálogo América Latina-Europa sobre igualdade, diversidade cultural e prestações sociais Patrícia Jerónimo foi uma das oradoras convidadas do seminário internacional que teve lugar na Universidade Alemã de Ciências Administrativas Speyer (Deutsche Universität für Verwaltungswissenschafte Speyer), entre 1 e 4 de desembro de 2023, subordinado ao tema Dialogo entre América Latina y Europa: El Principio de&hellip;</p>
