{"id":2496,"date":"2023-03-29T15:30:17","date_gmt":"2023-03-29T15:30:17","guid":{"rendered":"https:\/\/inclusivecourts.pt\/?page_id=2496"},"modified":"2023-03-29T15:32:48","modified_gmt":"2023-03-29T15:32:48","slug":"noticia66","status":"publish","type":"page","link":"https:\/\/inclusivecourts.pt\/en\/noticia66\/","title":{"rendered":"Talk hosted by the Brazilian Bar Association on the criminalization of female genital mutilation in Portugal"},"content":{"rendered":"<div data-elementor-type=\"wp-page\" data-elementor-id=\"2496\" class=\"elementor elementor-2496\" data-elementor-post-type=\"page\">\n\t\t\t\t\t\t<section class=\"elementor-section elementor-top-section elementor-element elementor-element-b3b27e8 elementor-section-boxed elementor-section-height-default elementor-section-height-default\" data-id=\"b3b27e8\" data-element_type=\"section\" data-e-type=\"section\">\n\t\t\t\t\t\t<div class=\"elementor-container elementor-column-gap-default\">\n\t\t\t\t\t<div class=\"elementor-column elementor-col-100 elementor-top-column elementor-element elementor-element-950192f\" data-id=\"950192f\" data-element_type=\"column\" data-e-type=\"column\">\n\t\t\t<div class=\"elementor-widget-wrap elementor-element-populated\">\n\t\t\t\t\t\t<div class=\"elementor-element elementor-element-6ffdbba elementor-widget elementor-widget-text-editor\" data-id=\"6ffdbba\" data-element_type=\"widget\" data-e-type=\"widget\" data-widget_type=\"text-editor.default\">\n\t\t\t\t<div class=\"elementor-widget-container\">\n\t\t\t\t\t\t\t\t\t<p><strong>Talk hosted by the Brazilian Bar Association on the criminalization of female genital mutilation in Portugal<\/strong><\/p>\t\t\t\t\t\t\t\t<\/div>\n\t\t\t\t<\/div>\n\t\t\t\t<div class=\"elementor-element elementor-element-452dbed elementor-widget elementor-widget-text-editor\" data-id=\"452dbed\" data-element_type=\"widget\" data-e-type=\"widget\" data-widget_type=\"text-editor.default\">\n\t\t\t\t<div class=\"elementor-widget-container\">\n\t\t\t\t\t\t\t\t\t<p>Patr\u00edcia Jer\u00f3nimo foi convidada pela Presidente da Comiss\u00e3o de Rela\u00e7\u00f5es Internacionais da OAB S\u00e3o Paulo, Subsec\u00e7\u00e3o S\u00e3o Bernardo do Campo \u2013 Dra. Gabriela Horvath \u2013, para intervir como oradora numa sess\u00e3o sobre O Direito Internacional e a Lei contra a Mutila\u00e7\u00e3o Genital Feminina (MGF) em Portugal. A palestra incidiu sobre o contexto em que a Lei n.\u00ba 83\/2015, de 5 de agosto, foi adotada (incluindo anteriores medidas legislativas de combate \u00e0 MGF e a influ\u00eancia exercida pela Conven\u00e7\u00e3o de Istambul, de 2011), sobre os n\u00fameros dos casos sinalizados em Portugal e sobre a aplica\u00e7\u00e3o da lei pelos tribunais a casos concretos, entre outros aspetos. A sess\u00e3o teve lugar online, no dia 28 de mar\u00e7o de 2023. A grava\u00e7\u00e3o v\u00eddeo est\u00e1 dispon\u00edvel no website da OAB S\u00e3o Paulo em <a href=\"https:\/\/oab-sbc.org.br\/o-direito-internacional-e-a-lei-contra-mutilacao-genital-feminina-em-portugal\/\">https:\/\/oab-sbc.org.br\/o-direito-internacional-e-a-lei-contra-mutilacao-genital-feminina-em-portugal\/<\/a><\/p>\t\t\t\t\t\t\t\t<\/div>\n\t\t\t\t<\/div>\n\t\t\t\t<section class=\"elementor-section elementor-inner-section elementor-element elementor-element-fa5e046 elementor-section-boxed elementor-section-height-default elementor-section-height-default\" data-id=\"fa5e046\" data-element_type=\"section\" data-e-type=\"section\">\n\t\t\t\t\t\t<div class=\"elementor-container elementor-column-gap-default\">\n\t\t\t\t\t<div class=\"elementor-column elementor-col-100 elementor-inner-column elementor-element elementor-element-e78e9d9 elementor-invisible\" data-id=\"e78e9d9\" data-element_type=\"column\" data-e-type=\"column\" data-settings=\"{&quot;animation&quot;:&quot;fadeInDown&quot;}\">\n\t\t\t<div class=\"elementor-widget-wrap elementor-element-populated\">\n\t\t\t\t\t\t<div class=\"elementor-element elementor-element-3206b8e elementor-widget elementor-widget-image\" data-id=\"3206b8e\" data-element_type=\"widget\" data-e-type=\"widget\" data-settings=\"{&quot;_animation&quot;:&quot;none&quot;}\" data-widget_type=\"image.default\">\n\t\t\t\t<div class=\"elementor-widget-container\">\n\t\t\t\t\t\t\t\t\t\t\t\t\t\t\t<img fetchpriority=\"high\" decoding=\"async\" width=\"594\" height=\"607\" src=\"https:\/\/inclusivecourts.pt\/wp-content\/uploads\/2023\/03\/Imagem-noticia-OAB.jpg\" class=\"elementor-animation-grow attachment-medium_large size-medium_large wp-image-2489\" alt=\"\" srcset=\"https:\/\/inclusivecourts.pt\/wp-content\/uploads\/2023\/03\/Imagem-noticia-OAB.jpg 594w, https:\/\/inclusivecourts.pt\/wp-content\/uploads\/2023\/03\/Imagem-noticia-OAB-294x300.jpg 294w, https:\/\/inclusivecourts.pt\/wp-content\/uploads\/2023\/03\/Imagem-noticia-OAB-12x12.jpg 12w\" sizes=\"(max-width: 594px) 100vw, 594px\" \/>\t\t\t\t\t\t\t\t\t\t\t\t\t\t\t<\/div>\n\t\t\t\t<\/div>\n\t\t\t\t\t<\/div>\n\t\t<\/div>\n\t\t\t\t\t<\/div>\n\t\t<\/section>\n\t\t\t\t\t<\/div>\n\t\t<\/div>\n\t\t\t\t\t<\/div>\n\t\t<\/section>\n\t\t\t\t<\/div>","protected":false},"excerpt":{"rendered":"<p>Sess\u00e3o com a OAB S\u00e3o Paulo sobre a criminaliza\u00e7\u00e3o da mutila\u00e7\u00e3o genital feminina em Portugal Patr\u00edcia Jer\u00f3nimo foi convidada pela Presidente da Comiss\u00e3o de Rela\u00e7\u00f5es Internacionais da OAB S\u00e3o Paulo, Subsec\u00e7\u00e3o S\u00e3o Bernardo do Campo \u2013 Dra. Gabriela Horvath \u2013, para intervir como oradora numa sess\u00e3o sobre O Direito Internacional e a Lei contra a&hellip;<\/p>","protected":false},"author":1,"featured_media":0,"parent":0,"menu_order":0,"comment_status":"closed","ping_status":"closed","template":"","meta":{"footnotes":""},"class_list":["post-2496","page","type-page","status-publish","hentry"],"_links":{"self":[{"href":"https:\/\/inclusivecourts.pt\/en\/wp-json\/wp\/v2\/pages\/2496","targetHints":{"allow":["GET"]}}],"collection":[{"href":"https:\/\/inclusivecourts.pt\/en\/wp-json\/wp\/v2\/pages"}],"about":[{"href":"https:\/\/inclusivecourts.pt\/en\/wp-json\/wp\/v2\/types\/page"}],"author":[{"embeddable":true,"href":"https:\/\/inclusivecourts.pt\/en\/wp-json\/wp\/v2\/users\/1"}],"replies":[{"embeddable":true,"href":"https:\/\/inclusivecourts.pt\/en\/wp-json\/wp\/v2\/comments?post=2496"}],"version-history":[{"count":4,"href":"https:\/\/inclusivecourts.pt\/en\/wp-json\/wp\/v2\/pages\/2496\/revisions"}],"predecessor-version":[{"id":2500,"href":"https:\/\/inclusivecourts.pt\/en\/wp-json\/wp\/v2\/pages\/2496\/revisions\/2500"}],"wp:attachment":[{"href":"https:\/\/inclusivecourts.pt\/en\/wp-json\/wp\/v2\/media?parent=2496"}],"curies":[{"name":"wp","href":"https:\/\/api.w.org\/{rel}","templated":true}]}}

<div data-elementor-type="wp-page" data-elementor-id="2496" class="elementor elementor-2496" data-elementor-post-type="page">
						<section class="elementor-section elementor-top-section elementor-element elementor-element-b3b27e8 elementor-section-boxed elementor-section-height-default elementor-section-height-default" data-id="b3b27e8" data-element_type="section" data-e-type="section">
						<div class="elementor-container elementor-column-gap-default">
					<div class="elementor-column elementor-col-100 elementor-top-column elementor-element elementor-element-950192f" data-id="950192f" data-element_type="column" data-e-type="column">
			<div class="elementor-widget-wrap elementor-element-populated">
						<div class="elementor-element elementor-element-6ffdbba elementor-widget elementor-widget-text-editor" data-id="6ffdbba" data-element_type="widget" data-e-type="widget" data-widget_type="text-editor.default">
				<div class="elementor-widget-container">
									<p><strong>Talk hosted by the Brazilian Bar Association on the criminalization of female genital mutilation in Portugal</strong></p>								</div>
				</div>
				<div class="elementor-element elementor-element-452dbed elementor-widget elementor-widget-text-editor" data-id="452dbed" data-element_type="widget" data-e-type="widget" data-widget_type="text-editor.default">
				<div class="elementor-widget-container">
									<p>Patrícia Jerónimo foi convidada pela Presidente da Comissão de Relações Internacionais da OAB São Paulo, Subsecção São Bernardo do Campo – Dra. Gabriela Horvath –, para intervir como oradora numa sessão sobre O Direito Internacional e a Lei contra a Mutilação Genital Feminina (MGF) em Portugal. A palestra incidiu sobre o contexto em que a Lei n.º 83/2015, de 5 de agosto, foi adotada (incluindo anteriores medidas legislativas de combate à MGF e a influência exercida pela Convenção de Istambul, de 2011), sobre os números dos casos sinalizados em Portugal e sobre a aplicação da lei pelos tribunais a casos concretos, entre outros aspetos. A sessão teve lugar online, no dia 28 de março de 2023. A gravação vídeo está disponível no website da OAB São Paulo em <a href="https://oab-sbc.org.br/o-direito-internacional-e-a-lei-contra-mutilacao-genital-feminina-em-portugal/">https://oab-sbc.org.br/o-direito-internacional-e-a-lei-contra-mutilacao-genital-feminina-em-portugal/</a></p>								</div>
				</div>
				<section class="elementor-section elementor-inner-section elementor-element elementor-element-fa5e046 elementor-section-boxed elementor-section-height-default elementor-section-height-default" data-id="fa5e046" data-element_type="section" data-e-type="section">
						<div class="elementor-container elementor-column-gap-default">
					<div class="elementor-column elementor-col-100 elementor-inner-column elementor-element elementor-element-e78e9d9 elementor-invisible" data-id="e78e9d9" data-element_type="column" data-e-type="column" data-settings="{&quot;animation&quot;:&quot;fadeInDown&quot;}">
			<div class="elementor-widget-wrap elementor-element-populated">
						<div class="elementor-element elementor-element-3206b8e elementor-widget elementor-widget-image" data-id="3206b8e" data-element_type="widget" data-e-type="widget" data-settings="{&quot;_animation&quot;:&quot;none&quot;}" data-widget_type="image.default">
				<div class="elementor-widget-container">
															<img fetchpriority="high" decoding="async" width="594" height="607" src="https://inclusivecourts.pt/wp-content/uploads/2023/03/Imagem-noticia-OAB.jpg" class="elementor-animation-grow attachment-medium_large size-medium_large wp-image-2489" alt="" srcset="https://inclusivecourts.pt/wp-content/uploads/2023/03/Imagem-noticia-OAB.jpg 594w, https://inclusivecourts.pt/wp-content/uploads/2023/03/Imagem-noticia-OAB-294x300.jpg 294w, https://inclusivecourts.pt/wp-content/uploads/2023/03/Imagem-noticia-OAB-12x12.jpg 12w" sizes="(max-width: 594px) 100vw, 594px" />															</div>
				</div>
					</div>
		</div>
					</div>
		</section>
					</div>
		</div>
					</div>
		</section>
				</div>

<p>Sessão com a OAB São Paulo sobre a criminalização da mutilação genital feminina em Portugal Patrícia Jerónimo foi convidada pela Presidente da Comissão de Relações Internacionais da OAB São Paulo, Subsecção São Bernardo do Campo – Dra. Gabriela Horvath –, para intervir como oradora numa sessão sobre O Direito Internacional e a Lei contra a&hellip;</p>
