{"id":2423,"date":"2022-12-15T18:44:48","date_gmt":"2022-12-15T18:44:48","guid":{"rendered":"https:\/\/inclusivecourts.pt\/?page_id=2423"},"modified":"2022-12-15T18:47:59","modified_gmt":"2022-12-15T18:47:59","slug":"noticia62","status":"publish","type":"page","link":"https:\/\/inclusivecourts.pt\/en\/noticia62\/","title":{"rendered":"International Human Rights Day at the Medical School of UMinho"},"content":{"rendered":"<div data-elementor-type=\"wp-page\" data-elementor-id=\"2423\" class=\"elementor elementor-2423\" data-elementor-post-type=\"page\">\n\t\t\t\t\t\t<section class=\"elementor-section elementor-top-section elementor-element elementor-element-b3b27e8 elementor-section-boxed elementor-section-height-default elementor-section-height-default\" data-id=\"b3b27e8\" data-element_type=\"section\" data-e-type=\"section\">\n\t\t\t\t\t\t<div class=\"elementor-container elementor-column-gap-default\">\n\t\t\t\t\t<div class=\"elementor-column elementor-col-100 elementor-top-column elementor-element elementor-element-950192f\" data-id=\"950192f\" data-element_type=\"column\" data-e-type=\"column\">\n\t\t\t<div class=\"elementor-widget-wrap elementor-element-populated\">\n\t\t\t\t\t\t<div class=\"elementor-element elementor-element-6ffdbba elementor-widget elementor-widget-text-editor\" data-id=\"6ffdbba\" data-element_type=\"widget\" data-e-type=\"widget\" data-widget_type=\"text-editor.default\">\n\t\t\t\t<div class=\"elementor-widget-container\">\n\t\t\t\t\t\t\t\t\t<p><strong>International Human Rights Day at the Medical School of UMinho<\/strong><\/p>\t\t\t\t\t\t\t\t<\/div>\n\t\t\t\t<\/div>\n\t\t\t\t<div class=\"elementor-element elementor-element-452dbed elementor-widget elementor-widget-text-editor\" data-id=\"452dbed\" data-element_type=\"widget\" data-e-type=\"widget\" data-widget_type=\"text-editor.default\">\n\t\t\t\t<div class=\"elementor-widget-container\">\n\t\t\t\t\t\t\t\t\t<p>A Associa\u00e7\u00e3o Nacional de Estudantes de Medicina (ANEM) organizou, no dia 12 de dezembro de 2022, uma sess\u00e3o comemorativa do Dia internacional dos Direitos Humanos, subordinada ao tema \u201cPortugal de Portas Abertas: Direitos das Pessoas Migrantes e Refugiadas\u201d, com a participa\u00e7\u00e3o de acad\u00e9micos, ativistas e mediadores interculturais. A sess\u00e3o decorreu no audit\u00f3rio da Escola de Medicina da Universidade do Minho.<\/p><p>Como oradores convidados, estiveram Patr\u00edcia Jer\u00f3nimo, Ana Filipa Silva (Conselho Portugu\u00eas para os Refugiados), Saidatina Dias (Associa\u00e7\u00e3o dos Imigrantes Senegaleses em Portugal), Vasyl Bundzyak (UPE \u2013 Associa\u00e7\u00e3o Centro Social e Cultural Luso-Ucraniano) e David Rodrigues (Cruz Vermelha Portuguesa).<\/p>\t\t\t\t\t\t\t\t<\/div>\n\t\t\t\t<\/div>\n\t\t\t\t<section class=\"elementor-section elementor-inner-section elementor-element elementor-element-fa5e046 elementor-section-boxed elementor-section-height-default elementor-section-height-default\" data-id=\"fa5e046\" data-element_type=\"section\" data-e-type=\"section\">\n\t\t\t\t\t\t<div class=\"elementor-container elementor-column-gap-default\">\n\t\t\t\t\t<div class=\"elementor-column elementor-col-100 elementor-inner-column elementor-element elementor-element-e78e9d9 elementor-invisible\" data-id=\"e78e9d9\" data-element_type=\"column\" data-e-type=\"column\" data-settings=\"{&quot;animation&quot;:&quot;fadeInDown&quot;}\">\n\t\t\t<div class=\"elementor-widget-wrap elementor-element-populated\">\n\t\t\t\t\t\t<div class=\"elementor-element elementor-element-3206b8e elementor-widget elementor-widget-image\" data-id=\"3206b8e\" data-element_type=\"widget\" data-e-type=\"widget\" data-settings=\"{&quot;_animation&quot;:&quot;none&quot;}\" data-widget_type=\"image.default\">\n\t\t\t\t<div class=\"elementor-widget-container\">\n\t\t\t\t\t\t\t\t\t\t\t\t\t\t\t<img fetchpriority=\"high\" decoding=\"async\" width=\"768\" height=\"432\" src=\"https:\/\/inclusivecourts.pt\/wp-content\/uploads\/2022\/12\/ANEM-Dia-internacional-dos-direitos-humanos-768x432.jpg\" class=\"elementor-animation-grow attachment-medium_large size-medium_large wp-image-2425\" alt=\"\" srcset=\"https:\/\/inclusivecourts.pt\/wp-content\/uploads\/2022\/12\/ANEM-Dia-internacional-dos-direitos-humanos-768x432.jpg 768w, https:\/\/inclusivecourts.pt\/wp-content\/uploads\/2022\/12\/ANEM-Dia-internacional-dos-direitos-humanos-300x169.jpg 300w, https:\/\/inclusivecourts.pt\/wp-content\/uploads\/2022\/12\/ANEM-Dia-internacional-dos-direitos-humanos-1024x576.jpg 1024w, https:\/\/inclusivecourts.pt\/wp-content\/uploads\/2022\/12\/ANEM-Dia-internacional-dos-direitos-humanos-1536x864.jpg 1536w, https:\/\/inclusivecourts.pt\/wp-content\/uploads\/2022\/12\/ANEM-Dia-internacional-dos-direitos-humanos-18x10.jpg 18w, https:\/\/inclusivecourts.pt\/wp-content\/uploads\/2022\/12\/ANEM-Dia-internacional-dos-direitos-humanos-1140x641.jpg 1140w, https:\/\/inclusivecourts.pt\/wp-content\/uploads\/2022\/12\/ANEM-Dia-internacional-dos-direitos-humanos.jpg 1600w\" sizes=\"(max-width: 768px) 100vw, 768px\" \/>\t\t\t\t\t\t\t\t\t\t\t\t\t\t\t<\/div>\n\t\t\t\t<\/div>\n\t\t\t\t\t<\/div>\n\t\t<\/div>\n\t\t\t\t\t<\/div>\n\t\t<\/section>\n\t\t\t\t\t<\/div>\n\t\t<\/div>\n\t\t\t\t\t<\/div>\n\t\t<\/section>\n\t\t\t\t<\/div>","protected":false},"excerpt":{"rendered":"<p>Dia internacional dos Direitos Humanos assinalado na Escola de Medicina da UMinho A Associa\u00e7\u00e3o Nacional de Estudantes de Medicina (ANEM) organizou, no dia 12 de dezembro de 2022, uma sess\u00e3o comemorativa do Dia internacional dos Direitos Humanos, subordinada ao tema \u201cPortugal de Portas Abertas: Direitos das Pessoas Migrantes e Refugiadas\u201d, com a participa\u00e7\u00e3o de acad\u00e9micos,&hellip;<\/p>","protected":false},"author":1,"featured_media":0,"parent":0,"menu_order":0,"comment_status":"closed","ping_status":"closed","template":"","meta":{"footnotes":""},"class_list":["post-2423","page","type-page","status-publish","hentry"],"_links":{"self":[{"href":"https:\/\/inclusivecourts.pt\/en\/wp-json\/wp\/v2\/pages\/2423","targetHints":{"allow":["GET"]}}],"collection":[{"href":"https:\/\/inclusivecourts.pt\/en\/wp-json\/wp\/v2\/pages"}],"about":[{"href":"https:\/\/inclusivecourts.pt\/en\/wp-json\/wp\/v2\/types\/page"}],"author":[{"embeddable":true,"href":"https:\/\/inclusivecourts.pt\/en\/wp-json\/wp\/v2\/users\/1"}],"replies":[{"embeddable":true,"href":"https:\/\/inclusivecourts.pt\/en\/wp-json\/wp\/v2\/comments?post=2423"}],"version-history":[{"count":4,"href":"https:\/\/inclusivecourts.pt\/en\/wp-json\/wp\/v2\/pages\/2423\/revisions"}],"predecessor-version":[{"id":2428,"href":"https:\/\/inclusivecourts.pt\/en\/wp-json\/wp\/v2\/pages\/2423\/revisions\/2428"}],"wp:attachment":[{"href":"https:\/\/inclusivecourts.pt\/en\/wp-json\/wp\/v2\/media?parent=2423"}],"curies":[{"name":"wp","href":"https:\/\/api.w.org\/{rel}","templated":true}]}}

<div data-elementor-type="wp-page" data-elementor-id="2423" class="elementor elementor-2423" data-elementor-post-type="page">
						<section class="elementor-section elementor-top-section elementor-element elementor-element-b3b27e8 elementor-section-boxed elementor-section-height-default elementor-section-height-default" data-id="b3b27e8" data-element_type="section" data-e-type="section">
						<div class="elementor-container elementor-column-gap-default">
					<div class="elementor-column elementor-col-100 elementor-top-column elementor-element elementor-element-950192f" data-id="950192f" data-element_type="column" data-e-type="column">
			<div class="elementor-widget-wrap elementor-element-populated">
						<div class="elementor-element elementor-element-6ffdbba elementor-widget elementor-widget-text-editor" data-id="6ffdbba" data-element_type="widget" data-e-type="widget" data-widget_type="text-editor.default">
				<div class="elementor-widget-container">
									<p><strong>International Human Rights Day at the Medical School of UMinho</strong></p>								</div>
				</div>
				<div class="elementor-element elementor-element-452dbed elementor-widget elementor-widget-text-editor" data-id="452dbed" data-element_type="widget" data-e-type="widget" data-widget_type="text-editor.default">
				<div class="elementor-widget-container">
									<p>A Associação Nacional de Estudantes de Medicina (ANEM) organizou, no dia 12 de dezembro de 2022, uma sessão comemorativa do Dia internacional dos Direitos Humanos, subordinada ao tema “Portugal de Portas Abertas: Direitos das Pessoas Migrantes e Refugiadas”, com a participação de académicos, ativistas e mediadores interculturais. A sessão decorreu no auditório da Escola de Medicina da Universidade do Minho.</p><p>Como oradores convidados, estiveram Patrícia Jerónimo, Ana Filipa Silva (Conselho Português para os Refugiados), Saidatina Dias (Associação dos Imigrantes Senegaleses em Portugal), Vasyl Bundzyak (UPE – Associação Centro Social e Cultural Luso-Ucraniano) e David Rodrigues (Cruz Vermelha Portuguesa).</p>								</div>
				</div>
				<section class="elementor-section elementor-inner-section elementor-element elementor-element-fa5e046 elementor-section-boxed elementor-section-height-default elementor-section-height-default" data-id="fa5e046" data-element_type="section" data-e-type="section">
						<div class="elementor-container elementor-column-gap-default">
					<div class="elementor-column elementor-col-100 elementor-inner-column elementor-element elementor-element-e78e9d9 elementor-invisible" data-id="e78e9d9" data-element_type="column" data-e-type="column" data-settings="{&quot;animation&quot;:&quot;fadeInDown&quot;}">
			<div class="elementor-widget-wrap elementor-element-populated">
						<div class="elementor-element elementor-element-3206b8e elementor-widget elementor-widget-image" data-id="3206b8e" data-element_type="widget" data-e-type="widget" data-settings="{&quot;_animation&quot;:&quot;none&quot;}" data-widget_type="image.default">
				<div class="elementor-widget-container">
															<img fetchpriority="high" decoding="async" width="768" height="432" src="https://inclusivecourts.pt/wp-content/uploads/2022/12/ANEM-Dia-internacional-dos-direitos-humanos-768x432.jpg" class="elementor-animation-grow attachment-medium_large size-medium_large wp-image-2425" alt="" srcset="https://inclusivecourts.pt/wp-content/uploads/2022/12/ANEM-Dia-internacional-dos-direitos-humanos-768x432.jpg 768w, https://inclusivecourts.pt/wp-content/uploads/2022/12/ANEM-Dia-internacional-dos-direitos-humanos-300x169.jpg 300w, https://inclusivecourts.pt/wp-content/uploads/2022/12/ANEM-Dia-internacional-dos-direitos-humanos-1024x576.jpg 1024w, https://inclusivecourts.pt/wp-content/uploads/2022/12/ANEM-Dia-internacional-dos-direitos-humanos-1536x864.jpg 1536w, https://inclusivecourts.pt/wp-content/uploads/2022/12/ANEM-Dia-internacional-dos-direitos-humanos-18x10.jpg 18w, https://inclusivecourts.pt/wp-content/uploads/2022/12/ANEM-Dia-internacional-dos-direitos-humanos-1140x641.jpg 1140w, https://inclusivecourts.pt/wp-content/uploads/2022/12/ANEM-Dia-internacional-dos-direitos-humanos.jpg 1600w" sizes="(max-width: 768px) 100vw, 768px" />															</div>
				</div>
					</div>
		</div>
					</div>
		</section>
					</div>
		</div>
					</div>
		</section>
				</div>

<p>Dia internacional dos Direitos Humanos assinalado na Escola de Medicina da UMinho A Associação Nacional de Estudantes de Medicina (ANEM) organizou, no dia 12 de dezembro de 2022, uma sessão comemorativa do Dia internacional dos Direitos Humanos, subordinada ao tema “Portugal de Portas Abertas: Direitos das Pessoas Migrantes e Refugiadas”, com a participação de académicos,&hellip;</p>
