{"id":2377,"date":"2022-11-16T09:56:41","date_gmt":"2022-11-16T09:56:41","guid":{"rendered":"https:\/\/inclusivecourts.pt\/?page_id=2377"},"modified":"2022-11-16T09:58:50","modified_gmt":"2022-11-16T09:58:50","slug":"noticia60","status":"publish","type":"page","link":"https:\/\/inclusivecourts.pt\/en\/noticia60\/","title":{"rendered":"Patr\u00edcia Jer\u00f3nimo debates religious freedom at FDUP"},"content":{"rendered":"<div data-elementor-type=\"wp-page\" data-elementor-id=\"2377\" class=\"elementor elementor-2377\" data-elementor-post-type=\"page\">\n\t\t\t\t\t\t<section class=\"elementor-section elementor-top-section elementor-element elementor-element-b3b27e8 elementor-section-boxed elementor-section-height-default elementor-section-height-default\" data-id=\"b3b27e8\" data-element_type=\"section\" data-e-type=\"section\">\n\t\t\t\t\t\t<div class=\"elementor-container elementor-column-gap-default\">\n\t\t\t\t\t<div class=\"elementor-column elementor-col-100 elementor-top-column elementor-element elementor-element-950192f\" data-id=\"950192f\" data-element_type=\"column\" data-e-type=\"column\">\n\t\t\t<div class=\"elementor-widget-wrap elementor-element-populated\">\n\t\t\t\t\t\t<div class=\"elementor-element elementor-element-6ffdbba elementor-widget elementor-widget-text-editor\" data-id=\"6ffdbba\" data-element_type=\"widget\" data-e-type=\"widget\" data-widget_type=\"text-editor.default\">\n\t\t\t\t<div class=\"elementor-widget-container\">\n\t\t\t\t\t\t\t\t\t<p><strong>Patr\u00edcia Jer\u00f3nimo debates religious freedom at FDUP<\/strong><\/p>\t\t\t\t\t\t\t\t<\/div>\n\t\t\t\t<\/div>\n\t\t\t\t<div class=\"elementor-element elementor-element-452dbed elementor-widget elementor-widget-text-editor\" data-id=\"452dbed\" data-element_type=\"widget\" data-e-type=\"widget\" data-widget_type=\"text-editor.default\">\n\t\t\t\t<div class=\"elementor-widget-container\">\n\t\t\t\t\t\t\t\t\t<p>Patr\u00edcia Jer\u00f3nimo was one of the guest speakers in the workshop organised by the European Law Students\u2019 Association of the University of Porto on the Right to Freedom of Religion and Worship. The workshop was held, in hybrid format, on 15 November 2022, and also had as guest speakers Joaquim Freitas da Rocha, of the Law School of the University of Minho, who talked about principle of separation and its place in the Portuguese constitutional tradition, and Carlos Magno, of the Instituto Superior de Comunica\u00e7\u00e3o Empresarial in Lisbon, who talked about freedom of religion in education. Patr\u00edcia Jer\u00f3nimo gave a talk on religious neutrality in the workplace, focusing on Directive 2000\/78\/EC and the relevant case law of the Court of Justice of the European Union.<\/p>\t\t\t\t\t\t\t\t<\/div>\n\t\t\t\t<\/div>\n\t\t\t\t<section class=\"elementor-section elementor-inner-section elementor-element elementor-element-fa5e046 elementor-section-boxed elementor-section-height-default elementor-section-height-default\" data-id=\"fa5e046\" data-element_type=\"section\" data-e-type=\"section\">\n\t\t\t\t\t\t<div class=\"elementor-container elementor-column-gap-default\">\n\t\t\t\t\t<div class=\"elementor-column elementor-col-100 elementor-inner-column elementor-element elementor-element-e78e9d9 elementor-invisible\" data-id=\"e78e9d9\" data-element_type=\"column\" data-e-type=\"column\" data-settings=\"{&quot;animation&quot;:&quot;fadeInDown&quot;}\">\n\t\t\t<div class=\"elementor-widget-wrap elementor-element-populated\">\n\t\t\t\t\t\t<div class=\"elementor-element elementor-element-3206b8e elementor-widget elementor-widget-image\" data-id=\"3206b8e\" data-element_type=\"widget\" data-e-type=\"widget\" data-settings=\"{&quot;_animation&quot;:&quot;none&quot;}\" data-widget_type=\"image.default\">\n\t\t\t\t<div class=\"elementor-widget-container\">\n\t\t\t\t\t\t\t\t\t\t\t\t\t\t\t<img fetchpriority=\"high\" decoding=\"async\" width=\"768\" height=\"768\" src=\"https:\/\/inclusivecourts.pt\/wp-content\/uploads\/2022\/11\/cartaz-workshop-porto-768x768.jpg\" class=\"elementor-animation-grow attachment-medium_large size-medium_large wp-image-2379\" alt=\"\" srcset=\"https:\/\/inclusivecourts.pt\/wp-content\/uploads\/2022\/11\/cartaz-workshop-porto-768x768.jpg 768w, https:\/\/inclusivecourts.pt\/wp-content\/uploads\/2022\/11\/cartaz-workshop-porto-300x300.jpg 300w, https:\/\/inclusivecourts.pt\/wp-content\/uploads\/2022\/11\/cartaz-workshop-porto-1024x1024.jpg 1024w, https:\/\/inclusivecourts.pt\/wp-content\/uploads\/2022\/11\/cartaz-workshop-porto-150x150.jpg 150w, https:\/\/inclusivecourts.pt\/wp-content\/uploads\/2022\/11\/cartaz-workshop-porto-12x12.jpg 12w, https:\/\/inclusivecourts.pt\/wp-content\/uploads\/2022\/11\/cartaz-workshop-porto.jpg 1080w\" sizes=\"(max-width: 768px) 100vw, 768px\" \/>\t\t\t\t\t\t\t\t\t\t\t\t\t\t\t<\/div>\n\t\t\t\t<\/div>\n\t\t\t\t\t<\/div>\n\t\t<\/div>\n\t\t\t\t\t<\/div>\n\t\t<\/section>\n\t\t\t\t\t<\/div>\n\t\t<\/div>\n\t\t\t\t\t<\/div>\n\t\t<\/section>\n\t\t\t\t<\/div>","protected":false},"excerpt":{"rendered":"<p>Patr\u00edcia Jer\u00f3nimo discute liberdade de religi\u00e3o na FDUP Patr\u00edcia Jer\u00f3nimo foi uma das oradoras convidadas na sess\u00e3o, organizada pela Associa\u00e7\u00e3o Europeia de Estudantes de Direito da Universidade do Porto, sobre Direito \u00e0 Liberdade Religiosa e de Culto. A sess\u00e3o, que teve lugar, em formato h\u00edbrido, no dia 15 de novembro de 2022, contou ainda com&hellip;<\/p>","protected":false},"author":1,"featured_media":0,"parent":0,"menu_order":0,"comment_status":"closed","ping_status":"closed","template":"","meta":{"footnotes":""},"class_list":["post-2377","page","type-page","status-publish","hentry"],"_links":{"self":[{"href":"https:\/\/inclusivecourts.pt\/en\/wp-json\/wp\/v2\/pages\/2377","targetHints":{"allow":["GET"]}}],"collection":[{"href":"https:\/\/inclusivecourts.pt\/en\/wp-json\/wp\/v2\/pages"}],"about":[{"href":"https:\/\/inclusivecourts.pt\/en\/wp-json\/wp\/v2\/types\/page"}],"author":[{"embeddable":true,"href":"https:\/\/inclusivecourts.pt\/en\/wp-json\/wp\/v2\/users\/1"}],"replies":[{"embeddable":true,"href":"https:\/\/inclusivecourts.pt\/en\/wp-json\/wp\/v2\/comments?post=2377"}],"version-history":[{"count":4,"href":"https:\/\/inclusivecourts.pt\/en\/wp-json\/wp\/v2\/pages\/2377\/revisions"}],"predecessor-version":[{"id":2383,"href":"https:\/\/inclusivecourts.pt\/en\/wp-json\/wp\/v2\/pages\/2377\/revisions\/2383"}],"wp:attachment":[{"href":"https:\/\/inclusivecourts.pt\/en\/wp-json\/wp\/v2\/media?parent=2377"}],"curies":[{"name":"wp","href":"https:\/\/api.w.org\/{rel}","templated":true}]}}

Patrícia Jerónimo debates religious freedom at FDUP

<div data-elementor-type="wp-page" data-elementor-id="2377" class="elementor elementor-2377" data-elementor-post-type="page">
						<section class="elementor-section elementor-top-section elementor-element elementor-element-b3b27e8 elementor-section-boxed elementor-section-height-default elementor-section-height-default" data-id="b3b27e8" data-element_type="section" data-e-type="section">
						<div class="elementor-container elementor-column-gap-default">
					<div class="elementor-column elementor-col-100 elementor-top-column elementor-element elementor-element-950192f" data-id="950192f" data-element_type="column" data-e-type="column">
			<div class="elementor-widget-wrap elementor-element-populated">
						<div class="elementor-element elementor-element-6ffdbba elementor-widget elementor-widget-text-editor" data-id="6ffdbba" data-element_type="widget" data-e-type="widget" data-widget_type="text-editor.default">
				<div class="elementor-widget-container">
									<p><strong>Patrícia Jerónimo debates religious freedom at FDUP</strong></p>								</div>
				</div>
				<div class="elementor-element elementor-element-452dbed elementor-widget elementor-widget-text-editor" data-id="452dbed" data-element_type="widget" data-e-type="widget" data-widget_type="text-editor.default">
				<div class="elementor-widget-container">
									<p>Patrícia Jerónimo was one of the guest speakers in the workshop organised by the European Law Students’ Association of the University of Porto on the Right to Freedom of Religion and Worship. The workshop was held, in hybrid format, on 15 November 2022, and also had as guest speakers Joaquim Freitas da Rocha, of the Law School of the University of Minho, who talked about principle of separation and its place in the Portuguese constitutional tradition, and Carlos Magno, of the Instituto Superior de Comunicação Empresarial in Lisbon, who talked about freedom of religion in education. Patrícia Jerónimo gave a talk on religious neutrality in the workplace, focusing on Directive 2000/78/EC and the relevant case law of the Court of Justice of the European Union.</p>								</div>
				</div>
				<section class="elementor-section elementor-inner-section elementor-element elementor-element-fa5e046 elementor-section-boxed elementor-section-height-default elementor-section-height-default" data-id="fa5e046" data-element_type="section" data-e-type="section">
						<div class="elementor-container elementor-column-gap-default">
					<div class="elementor-column elementor-col-100 elementor-inner-column elementor-element elementor-element-e78e9d9 elementor-invisible" data-id="e78e9d9" data-element_type="column" data-e-type="column" data-settings="{&quot;animation&quot;:&quot;fadeInDown&quot;}">
			<div class="elementor-widget-wrap elementor-element-populated">
						<div class="elementor-element elementor-element-3206b8e elementor-widget elementor-widget-image" data-id="3206b8e" data-element_type="widget" data-e-type="widget" data-settings="{&quot;_animation&quot;:&quot;none&quot;}" data-widget_type="image.default">
				<div class="elementor-widget-container">
															<img fetchpriority="high" decoding="async" width="768" height="768" src="https://inclusivecourts.pt/wp-content/uploads/2022/11/cartaz-workshop-porto-768x768.jpg" class="elementor-animation-grow attachment-medium_large size-medium_large wp-image-2379" alt="" srcset="https://inclusivecourts.pt/wp-content/uploads/2022/11/cartaz-workshop-porto-768x768.jpg 768w, https://inclusivecourts.pt/wp-content/uploads/2022/11/cartaz-workshop-porto-300x300.jpg 300w, https://inclusivecourts.pt/wp-content/uploads/2022/11/cartaz-workshop-porto-1024x1024.jpg 1024w, https://inclusivecourts.pt/wp-content/uploads/2022/11/cartaz-workshop-porto-150x150.jpg 150w, https://inclusivecourts.pt/wp-content/uploads/2022/11/cartaz-workshop-porto-12x12.jpg 12w, https://inclusivecourts.pt/wp-content/uploads/2022/11/cartaz-workshop-porto.jpg 1080w" sizes="(max-width: 768px) 100vw, 768px" />															</div>
				</div>
					</div>
		</div>
					</div>
		</section>
					</div>
		</div>
					</div>
		</section>
				</div>

<p>Patrícia Jerónimo discute liberdade de religião na FDUP Patrícia Jerónimo foi uma das oradoras convidadas na sessão, organizada pela Associação Europeia de Estudantes de Direito da Universidade do Porto, sobre Direito à Liberdade Religiosa e de Culto. A sessão, que teve lugar, em formato híbrido, no dia 15 de novembro de 2022, contou ainda com&hellip;</p>
