{"id":2337,"date":"2022-11-14T16:50:25","date_gmt":"2022-11-14T16:50:25","guid":{"rendered":"https:\/\/inclusivecourts.pt\/?page_id=2337"},"modified":"2022-11-14T16:51:54","modified_gmt":"2022-11-14T16:51:54","slug":"noticia59","status":"publish","type":"page","link":"https:\/\/inclusivecourts.pt\/en\/noticia59\/","title":{"rendered":"InclusiveCourts collaborates with German research project on Antisemitism"},"content":{"rendered":"<div data-elementor-type=\"wp-page\" data-elementor-id=\"2337\" class=\"elementor elementor-2337\" data-elementor-post-type=\"page\">\n\t\t\t\t\t\t<section class=\"elementor-section elementor-top-section elementor-element elementor-element-b3b27e8 elementor-section-boxed elementor-section-height-default elementor-section-height-default\" data-id=\"b3b27e8\" data-element_type=\"section\" data-e-type=\"section\">\n\t\t\t\t\t\t<div class=\"elementor-container elementor-column-gap-default\">\n\t\t\t\t\t<div class=\"elementor-column elementor-col-100 elementor-top-column elementor-element elementor-element-950192f\" data-id=\"950192f\" data-element_type=\"column\" data-e-type=\"column\">\n\t\t\t<div class=\"elementor-widget-wrap elementor-element-populated\">\n\t\t\t\t\t\t<div class=\"elementor-element elementor-element-6ffdbba elementor-widget elementor-widget-text-editor\" data-id=\"6ffdbba\" data-element_type=\"widget\" data-e-type=\"widget\" data-widget_type=\"text-editor.default\">\n\t\t\t\t<div class=\"elementor-widget-container\">\n\t\t\t\t\t\t\t\t\t<p><strong>InclusiveCourts collaborates with German research project on Antisemitism<\/strong><\/p>\t\t\t\t\t\t\t\t<\/div>\n\t\t\t\t<\/div>\n\t\t\t\t<div class=\"elementor-element elementor-element-452dbed elementor-widget elementor-widget-text-editor\" data-id=\"452dbed\" data-element_type=\"widget\" data-e-type=\"widget\" data-widget_type=\"text-editor.default\">\n\t\t\t\t<div class=\"elementor-widget-container\">\n\t\t\t\t\t\t\t\t\t<p>Patr\u00edcia Jer\u00f3nimo e Ximene Rego conduziram, em conjunto com Carolin Lerch (Instituto Universit\u00e1rio Europeu de Floren\u00e7a\/Universidade Humboldt de Berlim) e Moritz Schramm (Universidade Humboldt de Berlim), um workshop sobre a realiza\u00e7\u00e3o de entrevistas em projetos de investiga\u00e7\u00e3o em Direito, a convite de investigadores do projeto Struggling for Justice \u2013 Anti-Semitism as a Judicial Challenge, que est\u00e1 a ser desenvolvido por um cons\u00f3rcio integrado pelas Universidades de Giessen, Heidelberg e Humboldt de Berlim, pelo Centro de Informa\u00e7\u00e3o e Investiga\u00e7\u00e3o sobre Antissemitismo (Bundesarbeitsgemeinschaft RIAS) e pelo Centro Moses Mendelssohn, com financiamento do Governo alem\u00e3o, at\u00e9 2024. O workshop teve lugar na Faculdade de Direito da Universidade Humboldt de Berlim, no dia 11 de novembro de 2022.<\/p>\t\t\t\t\t\t\t\t<\/div>\n\t\t\t\t<\/div>\n\t\t\t\t<section class=\"elementor-section elementor-inner-section elementor-element elementor-element-fa5e046 elementor-section-boxed elementor-section-height-default elementor-section-height-default\" data-id=\"fa5e046\" data-element_type=\"section\" data-e-type=\"section\">\n\t\t\t\t\t\t<div class=\"elementor-container elementor-column-gap-default\">\n\t\t\t\t\t<div class=\"elementor-column elementor-col-100 elementor-inner-column elementor-element elementor-element-e78e9d9 elementor-invisible\" data-id=\"e78e9d9\" data-element_type=\"column\" data-e-type=\"column\" data-settings=\"{&quot;animation&quot;:&quot;fadeInDown&quot;}\">\n\t\t\t<div class=\"elementor-widget-wrap elementor-element-populated\">\n\t\t\t\t\t\t<div class=\"elementor-element elementor-element-3206b8e elementor-widget elementor-widget-image\" data-id=\"3206b8e\" data-element_type=\"widget\" data-e-type=\"widget\" data-settings=\"{&quot;_animation&quot;:&quot;none&quot;}\" data-widget_type=\"image.default\">\n\t\t\t\t<div class=\"elementor-widget-container\">\n\t\t\t\t\t\t\t\t\t\t\t\t\t\t\t<img fetchpriority=\"high\" decoding=\"async\" width=\"768\" height=\"403\" src=\"https:\/\/inclusivecourts.pt\/wp-content\/uploads\/2022\/11\/og_logo-768x403.png\" class=\"elementor-animation-grow attachment-medium_large size-medium_large wp-image-2339\" alt=\"\" srcset=\"https:\/\/inclusivecourts.pt\/wp-content\/uploads\/2022\/11\/og_logo-768x403.png 768w, https:\/\/inclusivecourts.pt\/wp-content\/uploads\/2022\/11\/og_logo-300x158.png 300w, https:\/\/inclusivecourts.pt\/wp-content\/uploads\/2022\/11\/og_logo-1024x538.png 1024w, https:\/\/inclusivecourts.pt\/wp-content\/uploads\/2022\/11\/og_logo-18x9.png 18w, https:\/\/inclusivecourts.pt\/wp-content\/uploads\/2022\/11\/og_logo.png 1200w\" sizes=\"(max-width: 768px) 100vw, 768px\" \/>\t\t\t\t\t\t\t\t\t\t\t\t\t\t\t<\/div>\n\t\t\t\t<\/div>\n\t\t\t\t\t<\/div>\n\t\t<\/div>\n\t\t\t\t\t<\/div>\n\t\t<\/section>\n\t\t\t\t\t<\/div>\n\t\t<\/div>\n\t\t\t\t\t<\/div>\n\t\t<\/section>\n\t\t\t\t<\/div>","protected":false},"excerpt":{"rendered":"<p>InclusiveCourts colabora com projeto alem\u00e3o sobre antissemitismo Patr\u00edcia Jer\u00f3nimo e Ximene Rego conduziram, em conjunto com Carolin Lerch (Instituto Universit\u00e1rio Europeu de Floren\u00e7a\/Universidade Humboldt de Berlim) e Moritz Schramm (Universidade Humboldt de Berlim), um workshop sobre a realiza\u00e7\u00e3o de entrevistas em projetos de investiga\u00e7\u00e3o em Direito, a convite de investigadores do projeto Struggling for Justice&hellip;<\/p>","protected":false},"author":1,"featured_media":0,"parent":0,"menu_order":0,"comment_status":"closed","ping_status":"closed","template":"","meta":{"footnotes":""},"class_list":["post-2337","page","type-page","status-publish","hentry"],"_links":{"self":[{"href":"https:\/\/inclusivecourts.pt\/en\/wp-json\/wp\/v2\/pages\/2337","targetHints":{"allow":["GET"]}}],"collection":[{"href":"https:\/\/inclusivecourts.pt\/en\/wp-json\/wp\/v2\/pages"}],"about":[{"href":"https:\/\/inclusivecourts.pt\/en\/wp-json\/wp\/v2\/types\/page"}],"author":[{"embeddable":true,"href":"https:\/\/inclusivecourts.pt\/en\/wp-json\/wp\/v2\/users\/1"}],"replies":[{"embeddable":true,"href":"https:\/\/inclusivecourts.pt\/en\/wp-json\/wp\/v2\/comments?post=2337"}],"version-history":[{"count":4,"href":"https:\/\/inclusivecourts.pt\/en\/wp-json\/wp\/v2\/pages\/2337\/revisions"}],"predecessor-version":[{"id":2342,"href":"https:\/\/inclusivecourts.pt\/en\/wp-json\/wp\/v2\/pages\/2337\/revisions\/2342"}],"wp:attachment":[{"href":"https:\/\/inclusivecourts.pt\/en\/wp-json\/wp\/v2\/media?parent=2337"}],"curies":[{"name":"wp","href":"https:\/\/api.w.org\/{rel}","templated":true}]}}

<div data-elementor-type="wp-page" data-elementor-id="2337" class="elementor elementor-2337" data-elementor-post-type="page">
						<section class="elementor-section elementor-top-section elementor-element elementor-element-b3b27e8 elementor-section-boxed elementor-section-height-default elementor-section-height-default" data-id="b3b27e8" data-element_type="section" data-e-type="section">
						<div class="elementor-container elementor-column-gap-default">
					<div class="elementor-column elementor-col-100 elementor-top-column elementor-element elementor-element-950192f" data-id="950192f" data-element_type="column" data-e-type="column">
			<div class="elementor-widget-wrap elementor-element-populated">
						<div class="elementor-element elementor-element-6ffdbba elementor-widget elementor-widget-text-editor" data-id="6ffdbba" data-element_type="widget" data-e-type="widget" data-widget_type="text-editor.default">
				<div class="elementor-widget-container">
									<p><strong>InclusiveCourts collaborates with German research project on Antisemitism</strong></p>								</div>
				</div>
				<div class="elementor-element elementor-element-452dbed elementor-widget elementor-widget-text-editor" data-id="452dbed" data-element_type="widget" data-e-type="widget" data-widget_type="text-editor.default">
				<div class="elementor-widget-container">
									<p>Patrícia Jerónimo e Ximene Rego conduziram, em conjunto com Carolin Lerch (Instituto Universitário Europeu de Florença/Universidade Humboldt de Berlim) e Moritz Schramm (Universidade Humboldt de Berlim), um workshop sobre a realização de entrevistas em projetos de investigação em Direito, a convite de investigadores do projeto Struggling for Justice – Anti-Semitism as a Judicial Challenge, que está a ser desenvolvido por um consórcio integrado pelas Universidades de Giessen, Heidelberg e Humboldt de Berlim, pelo Centro de Informação e Investigação sobre Antissemitismo (Bundesarbeitsgemeinschaft RIAS) e pelo Centro Moses Mendelssohn, com financiamento do Governo alemão, até 2024. O workshop teve lugar na Faculdade de Direito da Universidade Humboldt de Berlim, no dia 11 de novembro de 2022.</p>								</div>
				</div>
				<section class="elementor-section elementor-inner-section elementor-element elementor-element-fa5e046 elementor-section-boxed elementor-section-height-default elementor-section-height-default" data-id="fa5e046" data-element_type="section" data-e-type="section">
						<div class="elementor-container elementor-column-gap-default">
					<div class="elementor-column elementor-col-100 elementor-inner-column elementor-element elementor-element-e78e9d9 elementor-invisible" data-id="e78e9d9" data-element_type="column" data-e-type="column" data-settings="{&quot;animation&quot;:&quot;fadeInDown&quot;}">
			<div class="elementor-widget-wrap elementor-element-populated">
						<div class="elementor-element elementor-element-3206b8e elementor-widget elementor-widget-image" data-id="3206b8e" data-element_type="widget" data-e-type="widget" data-settings="{&quot;_animation&quot;:&quot;none&quot;}" data-widget_type="image.default">
				<div class="elementor-widget-container">
															<img fetchpriority="high" decoding="async" width="768" height="403" src="https://inclusivecourts.pt/wp-content/uploads/2022/11/og_logo-768x403.png" class="elementor-animation-grow attachment-medium_large size-medium_large wp-image-2339" alt="" srcset="https://inclusivecourts.pt/wp-content/uploads/2022/11/og_logo-768x403.png 768w, https://inclusivecourts.pt/wp-content/uploads/2022/11/og_logo-300x158.png 300w, https://inclusivecourts.pt/wp-content/uploads/2022/11/og_logo-1024x538.png 1024w, https://inclusivecourts.pt/wp-content/uploads/2022/11/og_logo-18x9.png 18w, https://inclusivecourts.pt/wp-content/uploads/2022/11/og_logo.png 1200w" sizes="(max-width: 768px) 100vw, 768px" />															</div>
				</div>
					</div>
		</div>
					</div>
		</section>
					</div>
		</div>
					</div>
		</section>
				</div>

<p>InclusiveCourts colabora com projeto alemão sobre antissemitismo Patrícia Jerónimo e Ximene Rego conduziram, em conjunto com Carolin Lerch (Instituto Universitário Europeu de Florença/Universidade Humboldt de Berlim) e Moritz Schramm (Universidade Humboldt de Berlim), um workshop sobre a realização de entrevistas em projetos de investigação em Direito, a convite de investigadores do projeto Struggling for Justice&hellip;</p>
