{"id":2305,"date":"2022-10-31T16:50:24","date_gmt":"2022-10-31T16:50:24","guid":{"rendered":"https:\/\/inclusivecourts.pt\/?page_id=2305"},"modified":"2022-10-31T21:05:29","modified_gmt":"2022-10-31T21:05:29","slug":"noticia58","status":"publish","type":"page","link":"https:\/\/inclusivecourts.pt\/en\/noticia58\/","title":{"rendered":"InclusiveCourts\u2019 team presents research results"},"content":{"rendered":"<div data-elementor-type=\"wp-page\" data-elementor-id=\"2305\" class=\"elementor elementor-2305\" data-elementor-post-type=\"page\">\n\t\t\t\t\t\t<section class=\"elementor-section elementor-top-section elementor-element elementor-element-b3b27e8 elementor-section-boxed elementor-section-height-default elementor-section-height-default\" data-id=\"b3b27e8\" data-element_type=\"section\" data-e-type=\"section\">\n\t\t\t\t\t\t<div class=\"elementor-container elementor-column-gap-default\">\n\t\t\t\t\t<div class=\"elementor-column elementor-col-100 elementor-top-column elementor-element elementor-element-950192f\" data-id=\"950192f\" data-element_type=\"column\" data-e-type=\"column\">\n\t\t\t<div class=\"elementor-widget-wrap elementor-element-populated\">\n\t\t\t\t\t\t<div class=\"elementor-element elementor-element-6ffdbba elementor-widget elementor-widget-text-editor\" data-id=\"6ffdbba\" data-element_type=\"widget\" data-e-type=\"widget\" data-widget_type=\"text-editor.default\">\n\t\t\t\t<div class=\"elementor-widget-container\">\n\t\t\t\t\t\t\t\t\t<p><strong>InclusiveCourts\u2019 team presents research results<\/strong><\/p>\t\t\t\t\t\t\t\t<\/div>\n\t\t\t\t<\/div>\n\t\t\t\t<div class=\"elementor-element elementor-element-452dbed elementor-widget elementor-widget-text-editor\" data-id=\"452dbed\" data-element_type=\"widget\" data-e-type=\"widget\" data-widget_type=\"text-editor.default\">\n\t\t\t\t<div class=\"elementor-widget-container\">\n\t\t\t\t\t\t\t\t\t<p>The results of the project InclusiveCourts for the period of 2018-2022 were presented on 28 October 2022, in a session where judges and prosecutors were invited to act as discussants of the presentations given by the members of the team. Patr\u00edcia Jer\u00f3nimo, Manuela Ivone Cunha, Ximene Rego, Fl\u00e1via Noversa Loureiro, Miriam Rocha and A. Sofia Pinto Oliveira were in charge of the presentations on behalf of the team. The discussants were Justices Afonso Henrique Cabral Ferreira, Anabela Russo, and Maria Jo\u00e3o Sousa e Faro, Judges Chandra Gracias, Marlene Fortuna Rodrigues and Anabela Pedroso, and Prosecutors Rui do Carmo, Jorge Alves de Oliveira, Manuel Magri\u00e7o and Jo\u00e3o Paulo Afonso Amaro.<\/p><p>The session program can be consulted <a href=\"https:\/\/inclusivecourts.pt\/wp-content\/uploads\/2022\/09\/Cartaz-ConferenciaEncerramento.pdf\">here<\/a>.\u00a0\u00a0<\/p>\t\t\t\t\t\t\t\t<\/div>\n\t\t\t\t<\/div>\n\t\t\t\t<section class=\"elementor-section elementor-inner-section elementor-element elementor-element-fa5e046 elementor-section-boxed elementor-section-height-default elementor-section-height-default\" data-id=\"fa5e046\" data-element_type=\"section\" data-e-type=\"section\">\n\t\t\t\t\t\t<div class=\"elementor-container elementor-column-gap-default\">\n\t\t\t\t\t<div class=\"elementor-column elementor-col-100 elementor-inner-column elementor-element elementor-element-e78e9d9 elementor-invisible\" data-id=\"e78e9d9\" data-element_type=\"column\" data-e-type=\"column\" data-settings=\"{&quot;animation&quot;:&quot;fadeInDown&quot;}\">\n\t\t\t<div class=\"elementor-widget-wrap elementor-element-populated\">\n\t\t\t\t\t\t<div class=\"elementor-element elementor-element-3206b8e elementor-widget elementor-widget-image\" data-id=\"3206b8e\" data-element_type=\"widget\" data-e-type=\"widget\" data-settings=\"{&quot;_animation&quot;:&quot;none&quot;}\" data-widget_type=\"image.default\">\n\t\t\t\t<div class=\"elementor-widget-container\">\n\t\t\t\t\t\t\t\t\t\t\t\t\t\t\t<img fetchpriority=\"high\" decoding=\"async\" width=\"768\" height=\"432\" src=\"https:\/\/inclusivecourts.pt\/wp-content\/uploads\/2022\/10\/Banner-ConfEncerramento-1920x1080-1-768x432.jpg\" class=\"elementor-animation-grow attachment-medium_large size-medium_large wp-image-2325\" alt=\"\" srcset=\"https:\/\/inclusivecourts.pt\/wp-content\/uploads\/2022\/10\/Banner-ConfEncerramento-1920x1080-1-768x432.jpg 768w, https:\/\/inclusivecourts.pt\/wp-content\/uploads\/2022\/10\/Banner-ConfEncerramento-1920x1080-1-300x169.jpg 300w, https:\/\/inclusivecourts.pt\/wp-content\/uploads\/2022\/10\/Banner-ConfEncerramento-1920x1080-1-1024x576.jpg 1024w, https:\/\/inclusivecourts.pt\/wp-content\/uploads\/2022\/10\/Banner-ConfEncerramento-1920x1080-1-1536x864.jpg 1536w, https:\/\/inclusivecourts.pt\/wp-content\/uploads\/2022\/10\/Banner-ConfEncerramento-1920x1080-1-18x10.jpg 18w, https:\/\/inclusivecourts.pt\/wp-content\/uploads\/2022\/10\/Banner-ConfEncerramento-1920x1080-1-1140x641.jpg 1140w, https:\/\/inclusivecourts.pt\/wp-content\/uploads\/2022\/10\/Banner-ConfEncerramento-1920x1080-1.jpg 1920w\" sizes=\"(max-width: 768px) 100vw, 768px\" \/>\t\t\t\t\t\t\t\t\t\t\t\t\t\t\t<\/div>\n\t\t\t\t<\/div>\n\t\t\t\t\t<\/div>\n\t\t<\/div>\n\t\t\t\t\t<\/div>\n\t\t<\/section>\n\t\t\t\t\t<\/div>\n\t\t<\/div>\n\t\t\t\t\t<\/div>\n\t\t<\/section>\n\t\t\t\t<\/div>","protected":false},"excerpt":{"rendered":"<p>Equipa do InclusiveCourts apresenta resultados Os resultados do projeto InclusiveCourts para o per\u00edodo 2018-2022 foram apresentados no dia 28 de outubro de 2022, numa sess\u00e3o que contou com a participa\u00e7\u00e3o ativa de magistrados judiciais e do Minist\u00e9rio P\u00fablico, que foram convidados a comentar as apresenta\u00e7\u00f5es feitas pela equipa. As apresenta\u00e7\u00f5es estiveram a cargo das investigadoras&hellip;<\/p>","protected":false},"author":1,"featured_media":0,"parent":0,"menu_order":0,"comment_status":"closed","ping_status":"closed","template":"","meta":{"footnotes":""},"class_list":["post-2305","page","type-page","status-publish","hentry"],"_links":{"self":[{"href":"https:\/\/inclusivecourts.pt\/en\/wp-json\/wp\/v2\/pages\/2305","targetHints":{"allow":["GET"]}}],"collection":[{"href":"https:\/\/inclusivecourts.pt\/en\/wp-json\/wp\/v2\/pages"}],"about":[{"href":"https:\/\/inclusivecourts.pt\/en\/wp-json\/wp\/v2\/types\/page"}],"author":[{"embeddable":true,"href":"https:\/\/inclusivecourts.pt\/en\/wp-json\/wp\/v2\/users\/1"}],"replies":[{"embeddable":true,"href":"https:\/\/inclusivecourts.pt\/en\/wp-json\/wp\/v2\/comments?post=2305"}],"version-history":[{"count":7,"href":"https:\/\/inclusivecourts.pt\/en\/wp-json\/wp\/v2\/pages\/2305\/revisions"}],"predecessor-version":[{"id":2328,"href":"https:\/\/inclusivecourts.pt\/en\/wp-json\/wp\/v2\/pages\/2305\/revisions\/2328"}],"wp:attachment":[{"href":"https:\/\/inclusivecourts.pt\/en\/wp-json\/wp\/v2\/media?parent=2305"}],"curies":[{"name":"wp","href":"https:\/\/api.w.org\/{rel}","templated":true}]}}

<div data-elementor-type="wp-page" data-elementor-id="2305" class="elementor elementor-2305" data-elementor-post-type="page">
						<section class="elementor-section elementor-top-section elementor-element elementor-element-b3b27e8 elementor-section-boxed elementor-section-height-default elementor-section-height-default" data-id="b3b27e8" data-element_type="section" data-e-type="section">
						<div class="elementor-container elementor-column-gap-default">
					<div class="elementor-column elementor-col-100 elementor-top-column elementor-element elementor-element-950192f" data-id="950192f" data-element_type="column" data-e-type="column">
			<div class="elementor-widget-wrap elementor-element-populated">
						<div class="elementor-element elementor-element-6ffdbba elementor-widget elementor-widget-text-editor" data-id="6ffdbba" data-element_type="widget" data-e-type="widget" data-widget_type="text-editor.default">
				<div class="elementor-widget-container">
									<p><strong>InclusiveCourts’ team presents research results</strong></p>								</div>
				</div>
				<div class="elementor-element elementor-element-452dbed elementor-widget elementor-widget-text-editor" data-id="452dbed" data-element_type="widget" data-e-type="widget" data-widget_type="text-editor.default">
				<div class="elementor-widget-container">
									<p>The results of the project InclusiveCourts for the period of 2018-2022 were presented on 28 October 2022, in a session where judges and prosecutors were invited to act as discussants of the presentations given by the members of the team. Patrícia Jerónimo, Manuela Ivone Cunha, Ximene Rego, Flávia Noversa Loureiro, Miriam Rocha and A. Sofia Pinto Oliveira were in charge of the presentations on behalf of the team. The discussants were Justices Afonso Henrique Cabral Ferreira, Anabela Russo, and Maria João Sousa e Faro, Judges Chandra Gracias, Marlene Fortuna Rodrigues and Anabela Pedroso, and Prosecutors Rui do Carmo, Jorge Alves de Oliveira, Manuel Magriço and João Paulo Afonso Amaro.</p><p>The session program can be consulted <a href="https://inclusivecourts.pt/wp-content/uploads/2022/09/Cartaz-ConferenciaEncerramento.pdf">here</a>.  </p>								</div>
				</div>
				<section class="elementor-section elementor-inner-section elementor-element elementor-element-fa5e046 elementor-section-boxed elementor-section-height-default elementor-section-height-default" data-id="fa5e046" data-element_type="section" data-e-type="section">
						<div class="elementor-container elementor-column-gap-default">
					<div class="elementor-column elementor-col-100 elementor-inner-column elementor-element elementor-element-e78e9d9 elementor-invisible" data-id="e78e9d9" data-element_type="column" data-e-type="column" data-settings="{&quot;animation&quot;:&quot;fadeInDown&quot;}">
			<div class="elementor-widget-wrap elementor-element-populated">
						<div class="elementor-element elementor-element-3206b8e elementor-widget elementor-widget-image" data-id="3206b8e" data-element_type="widget" data-e-type="widget" data-settings="{&quot;_animation&quot;:&quot;none&quot;}" data-widget_type="image.default">
				<div class="elementor-widget-container">
															<img fetchpriority="high" decoding="async" width="768" height="432" src="https://inclusivecourts.pt/wp-content/uploads/2022/10/Banner-ConfEncerramento-1920x1080-1-768x432.jpg" class="elementor-animation-grow attachment-medium_large size-medium_large wp-image-2325" alt="" srcset="https://inclusivecourts.pt/wp-content/uploads/2022/10/Banner-ConfEncerramento-1920x1080-1-768x432.jpg 768w, https://inclusivecourts.pt/wp-content/uploads/2022/10/Banner-ConfEncerramento-1920x1080-1-300x169.jpg 300w, https://inclusivecourts.pt/wp-content/uploads/2022/10/Banner-ConfEncerramento-1920x1080-1-1024x576.jpg 1024w, https://inclusivecourts.pt/wp-content/uploads/2022/10/Banner-ConfEncerramento-1920x1080-1-1536x864.jpg 1536w, https://inclusivecourts.pt/wp-content/uploads/2022/10/Banner-ConfEncerramento-1920x1080-1-18x10.jpg 18w, https://inclusivecourts.pt/wp-content/uploads/2022/10/Banner-ConfEncerramento-1920x1080-1-1140x641.jpg 1140w, https://inclusivecourts.pt/wp-content/uploads/2022/10/Banner-ConfEncerramento-1920x1080-1.jpg 1920w" sizes="(max-width: 768px) 100vw, 768px" />															</div>
				</div>
					</div>
		</div>
					</div>
		</section>
					</div>
		</div>
					</div>
		</section>
				</div>

<p>Equipa do InclusiveCourts apresenta resultados Os resultados do projeto InclusiveCourts para o período 2018-2022 foram apresentados no dia 28 de outubro de 2022, numa sessão que contou com a participação ativa de magistrados judiciais e do Ministério Público, que foram convidados a comentar as apresentações feitas pela equipa. As apresentações estiveram a cargo das investigadoras&hellip;</p>
