{"id":2189,"date":"2022-09-23T18:36:47","date_gmt":"2022-09-23T18:36:47","guid":{"rendered":"https:\/\/inclusivecourts.pt\/?page_id=2189"},"modified":"2022-09-23T18:48:33","modified_gmt":"2022-09-23T18:48:33","slug":"noticia56","status":"publish","type":"page","link":"https:\/\/inclusivecourts.pt\/en\/noticia56\/","title":{"rendered":"In\u00eas Granja takes part on the 6th ICLARS Conference"},"content":{"rendered":"<div data-elementor-type=\"wp-page\" data-elementor-id=\"2189\" class=\"elementor elementor-2189\" data-elementor-post-type=\"page\">\n\t\t\t\t\t\t<section class=\"elementor-section elementor-top-section elementor-element elementor-element-b3b27e8 elementor-section-boxed elementor-section-height-default elementor-section-height-default\" data-id=\"b3b27e8\" data-element_type=\"section\" data-e-type=\"section\">\n\t\t\t\t\t\t<div class=\"elementor-container elementor-column-gap-default\">\n\t\t\t\t\t<div class=\"elementor-column elementor-col-100 elementor-top-column elementor-element elementor-element-950192f\" data-id=\"950192f\" data-element_type=\"column\" data-e-type=\"column\">\n\t\t\t<div class=\"elementor-widget-wrap elementor-element-populated\">\n\t\t\t\t\t\t<div class=\"elementor-element elementor-element-6ffdbba elementor-widget elementor-widget-text-editor\" data-id=\"6ffdbba\" data-element_type=\"widget\" data-e-type=\"widget\" data-widget_type=\"text-editor.default\">\n\t\t\t\t<div class=\"elementor-widget-container\">\n\t\t\t\t\t\t\t\t\t<p><strong>In\u00eas Granja takes part on the 6th ICLARS Conference<\/strong><\/p>\t\t\t\t\t\t\t\t<\/div>\n\t\t\t\t<\/div>\n\t\t\t\t<div class=\"elementor-element elementor-element-452dbed elementor-widget elementor-widget-text-editor\" data-id=\"452dbed\" data-element_type=\"widget\" data-e-type=\"widget\" data-widget_type=\"text-editor.default\">\n\t\t\t\t<div class=\"elementor-widget-container\">\n\t\t\t\t\t\t\t\t\t<p>In\u00eas Granja foi uma das oradoras da 6\u00aa confer\u00eancia bienal do International Consortium for Law and Religion Studies, dedicada \u00e0 Dignidade Humana, Direito e Diversidade Religiosa: Desenhando o Futuro de Sociedades Interculturais, que decorreu em C\u00f3rdoba, nos dias 19, 20 e 21 de setembro de 2022. In\u00eas Granja apresentou uma comunica\u00e7\u00e3o intitulada \u201cA close up on Portuguese case law concerning religious diversity\u201d, num painel sobre a preven\u00e7\u00e3o da discrimina\u00e7\u00e3o e a garantia da liberdade religiosa, moderado por Burkhard Berkmann, no qual intervieram tamb\u00e9m, para al\u00e9m do moderador, Mark Emerton, Sylvie Bacquet e Jaroslav B\u00e9nak. O programa geral da confer\u00eancia e o programa dos pain\u00e9is paralelos podem ser acedidos <a href=\"https:\/\/iclars2022cordoba.org\/\">here<\/a>.<\/p>\t\t\t\t\t\t\t\t<\/div>\n\t\t\t\t<\/div>\n\t\t\t\t<section class=\"elementor-section elementor-inner-section elementor-element elementor-element-fa5e046 elementor-section-boxed elementor-section-height-default elementor-section-height-default\" data-id=\"fa5e046\" data-element_type=\"section\" data-e-type=\"section\">\n\t\t\t\t\t\t<div class=\"elementor-container elementor-column-gap-default\">\n\t\t\t\t\t<div class=\"elementor-column elementor-col-100 elementor-inner-column elementor-element elementor-element-e78e9d9 elementor-invisible\" data-id=\"e78e9d9\" data-element_type=\"column\" data-e-type=\"column\" data-settings=\"{&quot;animation&quot;:&quot;fadeInDown&quot;}\">\n\t\t\t<div class=\"elementor-widget-wrap elementor-element-populated\">\n\t\t\t\t\t\t<div class=\"elementor-element elementor-element-3206b8e elementor-widget elementor-widget-image\" data-id=\"3206b8e\" data-element_type=\"widget\" data-e-type=\"widget\" data-settings=\"{&quot;_animation&quot;:&quot;none&quot;}\" data-widget_type=\"image.default\">\n\t\t\t\t<div class=\"elementor-widget-container\">\n\t\t\t\t\t\t\t\t\t\t\t\t\t\t\t<img fetchpriority=\"high\" decoding=\"async\" width=\"542\" height=\"159\" src=\"https:\/\/inclusivecourts.pt\/wp-content\/uploads\/2022\/09\/Img-Noticia56.jpg\" class=\"elementor-animation-grow attachment-medium_large size-medium_large wp-image-2191\" alt=\"\" srcset=\"https:\/\/inclusivecourts.pt\/wp-content\/uploads\/2022\/09\/Img-Noticia56.jpg 542w, https:\/\/inclusivecourts.pt\/wp-content\/uploads\/2022\/09\/Img-Noticia56-300x88.jpg 300w, https:\/\/inclusivecourts.pt\/wp-content\/uploads\/2022\/09\/Img-Noticia56-18x5.jpg 18w\" sizes=\"(max-width: 542px) 100vw, 542px\" \/>\t\t\t\t\t\t\t\t\t\t\t\t\t\t\t<\/div>\n\t\t\t\t<\/div>\n\t\t\t\t\t<\/div>\n\t\t<\/div>\n\t\t\t\t\t<\/div>\n\t\t<\/section>\n\t\t\t\t\t<\/div>\n\t\t<\/div>\n\t\t\t\t\t<\/div>\n\t\t<\/section>\n\t\t\t\t<\/div>","protected":false},"excerpt":{"rendered":"<p>In\u00eas Granja participa na 6\u00aa Confer\u00eancia ICLARS In\u00eas Granja foi uma das oradoras da 6\u00aa confer\u00eancia bienal do International Consortium for Law and Religion Studies, dedicada \u00e0 Dignidade Humana, Direito e Diversidade Religiosa: Desenhando o Futuro de Sociedades Interculturais, que decorreu em C\u00f3rdoba, nos dias 19, 20 e 21 de setembro de 2022. In\u00eas Granja&hellip;<\/p>","protected":false},"author":1,"featured_media":0,"parent":0,"menu_order":0,"comment_status":"closed","ping_status":"closed","template":"","meta":{"footnotes":""},"class_list":["post-2189","page","type-page","status-publish","hentry"],"_links":{"self":[{"href":"https:\/\/inclusivecourts.pt\/en\/wp-json\/wp\/v2\/pages\/2189","targetHints":{"allow":["GET"]}}],"collection":[{"href":"https:\/\/inclusivecourts.pt\/en\/wp-json\/wp\/v2\/pages"}],"about":[{"href":"https:\/\/inclusivecourts.pt\/en\/wp-json\/wp\/v2\/types\/page"}],"author":[{"embeddable":true,"href":"https:\/\/inclusivecourts.pt\/en\/wp-json\/wp\/v2\/users\/1"}],"replies":[{"embeddable":true,"href":"https:\/\/inclusivecourts.pt\/en\/wp-json\/wp\/v2\/comments?post=2189"}],"version-history":[{"count":5,"href":"https:\/\/inclusivecourts.pt\/en\/wp-json\/wp\/v2\/pages\/2189\/revisions"}],"predecessor-version":[{"id":2195,"href":"https:\/\/inclusivecourts.pt\/en\/wp-json\/wp\/v2\/pages\/2189\/revisions\/2195"}],"wp:attachment":[{"href":"https:\/\/inclusivecourts.pt\/en\/wp-json\/wp\/v2\/media?parent=2189"}],"curies":[{"name":"wp","href":"https:\/\/api.w.org\/{rel}","templated":true}]}}

Inês Granja takes part on the 6th ICLARS Conference

<div data-elementor-type="wp-page" data-elementor-id="2189" class="elementor elementor-2189" data-elementor-post-type="page">
						<section class="elementor-section elementor-top-section elementor-element elementor-element-b3b27e8 elementor-section-boxed elementor-section-height-default elementor-section-height-default" data-id="b3b27e8" data-element_type="section" data-e-type="section">
						<div class="elementor-container elementor-column-gap-default">
					<div class="elementor-column elementor-col-100 elementor-top-column elementor-element elementor-element-950192f" data-id="950192f" data-element_type="column" data-e-type="column">
			<div class="elementor-widget-wrap elementor-element-populated">
						<div class="elementor-element elementor-element-6ffdbba elementor-widget elementor-widget-text-editor" data-id="6ffdbba" data-element_type="widget" data-e-type="widget" data-widget_type="text-editor.default">
				<div class="elementor-widget-container">
									<p><strong>Inês Granja takes part on the 6th ICLARS Conference</strong></p>								</div>
				</div>
				<div class="elementor-element elementor-element-452dbed elementor-widget elementor-widget-text-editor" data-id="452dbed" data-element_type="widget" data-e-type="widget" data-widget_type="text-editor.default">
				<div class="elementor-widget-container">
									<p>Inês Granja foi uma das oradoras da 6ª conferência bienal do International Consortium for Law and Religion Studies, dedicada à Dignidade Humana, Direito e Diversidade Religiosa: Desenhando o Futuro de Sociedades Interculturais, que decorreu em Córdoba, nos dias 19, 20 e 21 de setembro de 2022. Inês Granja apresentou uma comunicação intitulada “A close up on Portuguese case law concerning religious diversity”, num painel sobre a prevenção da discriminação e a garantia da liberdade religiosa, moderado por Burkhard Berkmann, no qual intervieram também, para além do moderador, Mark Emerton, Sylvie Bacquet e Jaroslav Bénak. O programa geral da conferência e o programa dos painéis paralelos podem ser acedidos <a href="https://iclars2022cordoba.org/">here</a>.</p>								</div>
				</div>
				<section class="elementor-section elementor-inner-section elementor-element elementor-element-fa5e046 elementor-section-boxed elementor-section-height-default elementor-section-height-default" data-id="fa5e046" data-element_type="section" data-e-type="section">
						<div class="elementor-container elementor-column-gap-default">
					<div class="elementor-column elementor-col-100 elementor-inner-column elementor-element elementor-element-e78e9d9 elementor-invisible" data-id="e78e9d9" data-element_type="column" data-e-type="column" data-settings="{&quot;animation&quot;:&quot;fadeInDown&quot;}">
			<div class="elementor-widget-wrap elementor-element-populated">
						<div class="elementor-element elementor-element-3206b8e elementor-widget elementor-widget-image" data-id="3206b8e" data-element_type="widget" data-e-type="widget" data-settings="{&quot;_animation&quot;:&quot;none&quot;}" data-widget_type="image.default">
				<div class="elementor-widget-container">
															<img fetchpriority="high" decoding="async" width="542" height="159" src="https://inclusivecourts.pt/wp-content/uploads/2022/09/Img-Noticia56.jpg" class="elementor-animation-grow attachment-medium_large size-medium_large wp-image-2191" alt="" srcset="https://inclusivecourts.pt/wp-content/uploads/2022/09/Img-Noticia56.jpg 542w, https://inclusivecourts.pt/wp-content/uploads/2022/09/Img-Noticia56-300x88.jpg 300w, https://inclusivecourts.pt/wp-content/uploads/2022/09/Img-Noticia56-18x5.jpg 18w" sizes="(max-width: 542px) 100vw, 542px" />															</div>
				</div>
					</div>
		</div>
					</div>
		</section>
					</div>
		</div>
					</div>
		</section>
				</div>

<p>Inês Granja participa na 6ª Conferência ICLARS Inês Granja foi uma das oradoras da 6ª conferência bienal do International Consortium for Law and Religion Studies, dedicada à Dignidade Humana, Direito e Diversidade Religiosa: Desenhando o Futuro de Sociedades Interculturais, que decorreu em Córdoba, nos dias 19, 20 e 21 de setembro de 2022. Inês Granja&hellip;</p>
