{"id":2158,"date":"2022-09-22T19:17:42","date_gmt":"2022-09-22T19:17:42","guid":{"rendered":"https:\/\/inclusivecourts.pt\/?page_id=2158"},"modified":"2022-09-22T19:18:50","modified_gmt":"2022-09-22T19:18:50","slug":"noticia55","status":"publish","type":"page","link":"https:\/\/inclusivecourts.pt\/en\/noticia55\/","title":{"rendered":"Patr\u00edcia Jer\u00f3nimo hosted at the Max Planck Institute of Munich"},"content":{"rendered":"<div data-elementor-type=\"wp-page\" data-elementor-id=\"2158\" class=\"elementor elementor-2158\" data-elementor-post-type=\"page\">\n\t\t\t\t\t\t<section class=\"elementor-section elementor-top-section elementor-element elementor-element-b3b27e8 elementor-section-boxed elementor-section-height-default elementor-section-height-default\" data-id=\"b3b27e8\" data-element_type=\"section\" data-e-type=\"section\">\n\t\t\t\t\t\t<div class=\"elementor-container elementor-column-gap-default\">\n\t\t\t\t\t<div class=\"elementor-column elementor-col-100 elementor-top-column elementor-element elementor-element-950192f\" data-id=\"950192f\" data-element_type=\"column\" data-e-type=\"column\">\n\t\t\t<div class=\"elementor-widget-wrap elementor-element-populated\">\n\t\t\t\t\t\t<div class=\"elementor-element elementor-element-6ffdbba elementor-widget elementor-widget-text-editor\" data-id=\"6ffdbba\" data-element_type=\"widget\" data-e-type=\"widget\" data-widget_type=\"text-editor.default\">\n\t\t\t\t<div class=\"elementor-widget-container\">\n\t\t\t\t\t\t\t\t\t<p><strong>Patr\u00edcia Jer\u00f3nimo hosted at the Max Planck Institute of Munich<\/strong><\/p>\t\t\t\t\t\t\t\t<\/div>\n\t\t\t\t<\/div>\n\t\t\t\t<div class=\"elementor-element elementor-element-452dbed elementor-widget elementor-widget-text-editor\" data-id=\"452dbed\" data-element_type=\"widget\" data-e-type=\"widget\" data-widget_type=\"text-editor.default\">\n\t\t\t\t<div class=\"elementor-widget-container\">\n\t\t\t\t\t\t\t\t\t<p>Patr\u00edcia Jer\u00f3nimo esteve no Max Planck Institute of Social Law and Social Policy de Munique, como investigadora visitante, entre 19 e 21 de setembro de 2022, tendo apresentado uma comunica\u00e7\u00e3o sobre diversidade cultural e os desafios de uma justi\u00e7a inclusiva em Portugal (\u201cCultural diversity and the challenges of inclusive justice in Portugal\u201d), numa sess\u00e3o organizada por Lorena Ossio Bustillos e presidida pelo Diretor do Instituto, Ulrich Becker.<\/p>\t\t\t\t\t\t\t\t<\/div>\n\t\t\t\t<\/div>\n\t\t\t\t<section class=\"elementor-section elementor-inner-section elementor-element elementor-element-fa5e046 elementor-section-boxed elementor-section-height-default elementor-section-height-default\" data-id=\"fa5e046\" data-element_type=\"section\" data-e-type=\"section\">\n\t\t\t\t\t\t<div class=\"elementor-container elementor-column-gap-default\">\n\t\t\t\t\t<div class=\"elementor-column elementor-col-100 elementor-inner-column elementor-element elementor-element-e78e9d9 elementor-invisible\" data-id=\"e78e9d9\" data-element_type=\"column\" data-e-type=\"column\" data-settings=\"{&quot;animation&quot;:&quot;fadeInDown&quot;}\">\n\t\t\t<div class=\"elementor-widget-wrap elementor-element-populated\">\n\t\t\t\t\t\t<div class=\"elementor-element elementor-element-3206b8e elementor-widget elementor-widget-image\" data-id=\"3206b8e\" data-element_type=\"widget\" data-e-type=\"widget\" data-settings=\"{&quot;_animation&quot;:&quot;none&quot;}\" data-widget_type=\"image.default\">\n\t\t\t\t<div class=\"elementor-widget-container\">\n\t\t\t\t\t\t\t\t\t\t\t\t\t\t\t<img fetchpriority=\"high\" decoding=\"async\" width=\"733\" height=\"759\" src=\"https:\/\/inclusivecourts.pt\/wp-content\/uploads\/2022\/09\/5d14b078-db41-4186-af3b-0f7cdc355467.jpg\" class=\"elementor-animation-grow attachment-medium_large size-medium_large wp-image-2160\" alt=\"\" srcset=\"https:\/\/inclusivecourts.pt\/wp-content\/uploads\/2022\/09\/5d14b078-db41-4186-af3b-0f7cdc355467.jpg 733w, https:\/\/inclusivecourts.pt\/wp-content\/uploads\/2022\/09\/5d14b078-db41-4186-af3b-0f7cdc355467-290x300.jpg 290w, https:\/\/inclusivecourts.pt\/wp-content\/uploads\/2022\/09\/5d14b078-db41-4186-af3b-0f7cdc355467-12x12.jpg 12w\" sizes=\"(max-width: 733px) 100vw, 733px\" \/>\t\t\t\t\t\t\t\t\t\t\t\t\t\t\t<\/div>\n\t\t\t\t<\/div>\n\t\t\t\t\t<\/div>\n\t\t<\/div>\n\t\t\t\t\t<\/div>\n\t\t<\/section>\n\t\t\t\t\t<\/div>\n\t\t<\/div>\n\t\t\t\t\t<\/div>\n\t\t<\/section>\n\t\t\t\t<\/div>","protected":false},"excerpt":{"rendered":"<p>Patr\u00edcia Jer\u00f3nimo no Instituto Max Planck de Munique Patr\u00edcia Jer\u00f3nimo esteve no Max Planck Institute of Social Law and Social Policy de Munique, como investigadora visitante, entre 19 e 21 de setembro de 2022, tendo apresentado uma comunica\u00e7\u00e3o sobre diversidade cultural e os desafios de uma justi\u00e7a inclusiva em Portugal (\u201cCultural diversity and the challenges&hellip;<\/p>","protected":false},"author":1,"featured_media":0,"parent":0,"menu_order":0,"comment_status":"closed","ping_status":"closed","template":"","meta":{"footnotes":""},"class_list":["post-2158","page","type-page","status-publish","hentry"],"_links":{"self":[{"href":"https:\/\/inclusivecourts.pt\/en\/wp-json\/wp\/v2\/pages\/2158","targetHints":{"allow":["GET"]}}],"collection":[{"href":"https:\/\/inclusivecourts.pt\/en\/wp-json\/wp\/v2\/pages"}],"about":[{"href":"https:\/\/inclusivecourts.pt\/en\/wp-json\/wp\/v2\/types\/page"}],"author":[{"embeddable":true,"href":"https:\/\/inclusivecourts.pt\/en\/wp-json\/wp\/v2\/users\/1"}],"replies":[{"embeddable":true,"href":"https:\/\/inclusivecourts.pt\/en\/wp-json\/wp\/v2\/comments?post=2158"}],"version-history":[{"count":4,"href":"https:\/\/inclusivecourts.pt\/en\/wp-json\/wp\/v2\/pages\/2158\/revisions"}],"predecessor-version":[{"id":2163,"href":"https:\/\/inclusivecourts.pt\/en\/wp-json\/wp\/v2\/pages\/2158\/revisions\/2163"}],"wp:attachment":[{"href":"https:\/\/inclusivecourts.pt\/en\/wp-json\/wp\/v2\/media?parent=2158"}],"curies":[{"name":"wp","href":"https:\/\/api.w.org\/{rel}","templated":true}]}}

Patrícia Jerónimo hosted at the Max Planck Institute of Munich

<div data-elementor-type="wp-page" data-elementor-id="2158" class="elementor elementor-2158" data-elementor-post-type="page">
						<section class="elementor-section elementor-top-section elementor-element elementor-element-b3b27e8 elementor-section-boxed elementor-section-height-default elementor-section-height-default" data-id="b3b27e8" data-element_type="section" data-e-type="section">
						<div class="elementor-container elementor-column-gap-default">
					<div class="elementor-column elementor-col-100 elementor-top-column elementor-element elementor-element-950192f" data-id="950192f" data-element_type="column" data-e-type="column">
			<div class="elementor-widget-wrap elementor-element-populated">
						<div class="elementor-element elementor-element-6ffdbba elementor-widget elementor-widget-text-editor" data-id="6ffdbba" data-element_type="widget" data-e-type="widget" data-widget_type="text-editor.default">
				<div class="elementor-widget-container">
									<p><strong>Patrícia Jerónimo hosted at the Max Planck Institute of Munich</strong></p>								</div>
				</div>
				<div class="elementor-element elementor-element-452dbed elementor-widget elementor-widget-text-editor" data-id="452dbed" data-element_type="widget" data-e-type="widget" data-widget_type="text-editor.default">
				<div class="elementor-widget-container">
									<p>Patrícia Jerónimo esteve no Max Planck Institute of Social Law and Social Policy de Munique, como investigadora visitante, entre 19 e 21 de setembro de 2022, tendo apresentado uma comunicação sobre diversidade cultural e os desafios de uma justiça inclusiva em Portugal (“Cultural diversity and the challenges of inclusive justice in Portugal”), numa sessão organizada por Lorena Ossio Bustillos e presidida pelo Diretor do Instituto, Ulrich Becker.</p>								</div>
				</div>
				<section class="elementor-section elementor-inner-section elementor-element elementor-element-fa5e046 elementor-section-boxed elementor-section-height-default elementor-section-height-default" data-id="fa5e046" data-element_type="section" data-e-type="section">
						<div class="elementor-container elementor-column-gap-default">
					<div class="elementor-column elementor-col-100 elementor-inner-column elementor-element elementor-element-e78e9d9 elementor-invisible" data-id="e78e9d9" data-element_type="column" data-e-type="column" data-settings="{&quot;animation&quot;:&quot;fadeInDown&quot;}">
			<div class="elementor-widget-wrap elementor-element-populated">
						<div class="elementor-element elementor-element-3206b8e elementor-widget elementor-widget-image" data-id="3206b8e" data-element_type="widget" data-e-type="widget" data-settings="{&quot;_animation&quot;:&quot;none&quot;}" data-widget_type="image.default">
				<div class="elementor-widget-container">
															<img fetchpriority="high" decoding="async" width="733" height="759" src="https://inclusivecourts.pt/wp-content/uploads/2022/09/5d14b078-db41-4186-af3b-0f7cdc355467.jpg" class="elementor-animation-grow attachment-medium_large size-medium_large wp-image-2160" alt="" srcset="https://inclusivecourts.pt/wp-content/uploads/2022/09/5d14b078-db41-4186-af3b-0f7cdc355467.jpg 733w, https://inclusivecourts.pt/wp-content/uploads/2022/09/5d14b078-db41-4186-af3b-0f7cdc355467-290x300.jpg 290w, https://inclusivecourts.pt/wp-content/uploads/2022/09/5d14b078-db41-4186-af3b-0f7cdc355467-12x12.jpg 12w" sizes="(max-width: 733px) 100vw, 733px" />															</div>
				</div>
					</div>
		</div>
					</div>
		</section>
					</div>
		</div>
					</div>
		</section>
				</div>

<p>Patrícia Jerónimo no Instituto Max Planck de Munique Patrícia Jerónimo esteve no Max Planck Institute of Social Law and Social Policy de Munique, como investigadora visitante, entre 19 e 21 de setembro de 2022, tendo apresentado uma comunicação sobre diversidade cultural e os desafios de uma justiça inclusiva em Portugal (“Cultural diversity and the challenges&hellip;</p>
