{"id":1960,"date":"2022-05-17T16:32:28","date_gmt":"2022-05-17T16:32:28","guid":{"rendered":"https:\/\/inclusivecourts.pt\/?page_id=1960"},"modified":"2022-05-17T16:34:44","modified_gmt":"2022-05-17T16:34:44","slug":"noticia50","status":"publish","type":"page","link":"https:\/\/inclusivecourts.pt\/en\/noticia50\/","title":{"rendered":"Patr\u00edcia Jer\u00f3nimo submits written evidence to the UK House of Lords"},"content":{"rendered":"<div data-elementor-type=\"wp-page\" data-elementor-id=\"1960\" class=\"elementor elementor-1960\" data-elementor-post-type=\"page\">\n\t\t\t\t\t\t<section class=\"elementor-section elementor-top-section elementor-element elementor-element-b3b27e8 elementor-section-boxed elementor-section-height-default elementor-section-height-default\" data-id=\"b3b27e8\" data-element_type=\"section\" data-e-type=\"section\">\n\t\t\t\t\t\t<div class=\"elementor-container elementor-column-gap-default\">\n\t\t\t\t\t<div class=\"elementor-column elementor-col-100 elementor-top-column elementor-element elementor-element-950192f\" data-id=\"950192f\" data-element_type=\"column\" data-e-type=\"column\">\n\t\t\t<div class=\"elementor-widget-wrap elementor-element-populated\">\n\t\t\t\t\t\t<div class=\"elementor-element elementor-element-6ffdbba elementor-widget elementor-widget-text-editor\" data-id=\"6ffdbba\" data-element_type=\"widget\" data-e-type=\"widget\" data-widget_type=\"text-editor.default\">\n\t\t\t\t<div class=\"elementor-widget-container\">\n\t\t\t\t\t\t\t\t\t<p><strong>Patr\u00edcia Jer\u00f3nimo submits written evidence to the UK House of Lords<\/strong><\/p>\t\t\t\t\t\t\t\t<\/div>\n\t\t\t\t<\/div>\n\t\t\t\t<div class=\"elementor-element elementor-element-452dbed elementor-widget elementor-widget-text-editor\" data-id=\"452dbed\" data-element_type=\"widget\" data-e-type=\"widget\" data-widget_type=\"text-editor.default\">\n\t\t\t\t<div class=\"elementor-widget-container\">\n\t\t\t\t\t\t\t\t\t<p class=\"translation-block\">Patr\u00edcia Jer\u00f3nimo was invited by the Justice and Home Affairs Committee of the UK House of Lords to submit written evidence on the Life in the UK test which is required from all prospective British citizens. The written evidence was accepted by the Committee on 17 May 2022 and is available from the <a href=\"https:\/\/committees.parliament.uk\/work\/6615\/the-life-in-the-uk-test\/publications\/written-evidence\/\" target=\"_self\">Committee\u2019s website<\/a>.<\/p>\t\t\t\t\t\t\t\t<\/div>\n\t\t\t\t<\/div>\n\t\t\t\t<section class=\"elementor-section elementor-inner-section elementor-element elementor-element-fa5e046 elementor-section-boxed elementor-section-height-default elementor-section-height-default\" data-id=\"fa5e046\" data-element_type=\"section\" data-e-type=\"section\">\n\t\t\t\t\t\t<div class=\"elementor-container elementor-column-gap-default\">\n\t\t\t\t\t<div class=\"elementor-column elementor-col-100 elementor-inner-column elementor-element elementor-element-e78e9d9 elementor-invisible\" data-id=\"e78e9d9\" data-element_type=\"column\" data-e-type=\"column\" data-settings=\"{&quot;animation&quot;:&quot;fadeInDown&quot;}\">\n\t\t\t<div class=\"elementor-widget-wrap elementor-element-populated\">\n\t\t\t\t\t\t<div class=\"elementor-element elementor-element-3206b8e elementor-widget elementor-widget-image\" data-id=\"3206b8e\" data-element_type=\"widget\" data-e-type=\"widget\" data-settings=\"{&quot;_animation&quot;:&quot;none&quot;}\" data-widget_type=\"image.default\">\n\t\t\t\t<div class=\"elementor-widget-container\">\n\t\t\t\t\t\t\t\t\t\t\t\t\t\t\t<img fetchpriority=\"high\" decoding=\"async\" width=\"310\" height=\"163\" src=\"https:\/\/inclusivecourts.pt\/wp-content\/uploads\/2022\/05\/UK-parliament-logo.png\" class=\"elementor-animation-grow attachment-medium_large size-medium_large wp-image-1962\" alt=\"\" srcset=\"https:\/\/inclusivecourts.pt\/wp-content\/uploads\/2022\/05\/UK-parliament-logo.png 310w, https:\/\/inclusivecourts.pt\/wp-content\/uploads\/2022\/05\/UK-parliament-logo-300x158.png 300w, https:\/\/inclusivecourts.pt\/wp-content\/uploads\/2022\/05\/UK-parliament-logo-18x9.png 18w\" sizes=\"(max-width: 310px) 100vw, 310px\" \/>\t\t\t\t\t\t\t\t\t\t\t\t\t\t\t<\/div>\n\t\t\t\t<\/div>\n\t\t\t\t\t<\/div>\n\t\t<\/div>\n\t\t\t\t\t<\/div>\n\t\t<\/section>\n\t\t\t\t\t<\/div>\n\t\t<\/div>\n\t\t\t\t\t<\/div>\n\t\t<\/section>\n\t\t\t\t<\/div>","protected":false},"excerpt":{"rendered":"<p>Patr\u00edcia Jer\u00f3nimo emite parecer a convite do Parlamento brit\u00e2nico Patr\u00edcia Jer\u00f3nimo foi convidada pelo Comit\u00e9 de Justi\u00e7a e Assuntos Internos do Parlamento brit\u00e2nico a pronunciar-se sobre o teste de compet\u00eancias c\u00edvicas (Life in the UK test) que \u00e9 exigido aos candidatos \u00e0 cidadania brit\u00e2nica. O parecer de Patr\u00edcia Jer\u00f3nimo, aprovado em 17 de maio de&hellip;<\/p>","protected":false},"author":1,"featured_media":0,"parent":0,"menu_order":0,"comment_status":"closed","ping_status":"closed","template":"","meta":{"footnotes":""},"class_list":["post-1960","page","type-page","status-publish","hentry"],"_links":{"self":[{"href":"https:\/\/inclusivecourts.pt\/en\/wp-json\/wp\/v2\/pages\/1960","targetHints":{"allow":["GET"]}}],"collection":[{"href":"https:\/\/inclusivecourts.pt\/en\/wp-json\/wp\/v2\/pages"}],"about":[{"href":"https:\/\/inclusivecourts.pt\/en\/wp-json\/wp\/v2\/types\/page"}],"author":[{"embeddable":true,"href":"https:\/\/inclusivecourts.pt\/en\/wp-json\/wp\/v2\/users\/1"}],"replies":[{"embeddable":true,"href":"https:\/\/inclusivecourts.pt\/en\/wp-json\/wp\/v2\/comments?post=1960"}],"version-history":[{"count":5,"href":"https:\/\/inclusivecourts.pt\/en\/wp-json\/wp\/v2\/pages\/1960\/revisions"}],"predecessor-version":[{"id":1966,"href":"https:\/\/inclusivecourts.pt\/en\/wp-json\/wp\/v2\/pages\/1960\/revisions\/1966"}],"wp:attachment":[{"href":"https:\/\/inclusivecourts.pt\/en\/wp-json\/wp\/v2\/media?parent=1960"}],"curies":[{"name":"wp","href":"https:\/\/api.w.org\/{rel}","templated":true}]}}

Patrícia Jerónimo submits written evidence to the UK House of Lords

<div data-elementor-type="wp-page" data-elementor-id="1960" class="elementor elementor-1960" data-elementor-post-type="page">
						<section class="elementor-section elementor-top-section elementor-element elementor-element-b3b27e8 elementor-section-boxed elementor-section-height-default elementor-section-height-default" data-id="b3b27e8" data-element_type="section" data-e-type="section">
						<div class="elementor-container elementor-column-gap-default">
					<div class="elementor-column elementor-col-100 elementor-top-column elementor-element elementor-element-950192f" data-id="950192f" data-element_type="column" data-e-type="column">
			<div class="elementor-widget-wrap elementor-element-populated">
						<div class="elementor-element elementor-element-6ffdbba elementor-widget elementor-widget-text-editor" data-id="6ffdbba" data-element_type="widget" data-e-type="widget" data-widget_type="text-editor.default">
				<div class="elementor-widget-container">
									<p><strong>Patrícia Jerónimo submits written evidence to the UK House of Lords</strong></p>								</div>
				</div>
				<div class="elementor-element elementor-element-452dbed elementor-widget elementor-widget-text-editor" data-id="452dbed" data-element_type="widget" data-e-type="widget" data-widget_type="text-editor.default">
				<div class="elementor-widget-container">
									<p class="translation-block">Patrícia Jerónimo was invited by the Justice and Home Affairs Committee of the UK House of Lords to submit written evidence on the Life in the UK test which is required from all prospective British citizens. The written evidence was accepted by the Committee on 17 May 2022 and is available from the <a href="https://committees.parliament.uk/work/6615/the-life-in-the-uk-test/publications/written-evidence/" target="_self">Committee’s website</a>.</p>								</div>
				</div>
				<section class="elementor-section elementor-inner-section elementor-element elementor-element-fa5e046 elementor-section-boxed elementor-section-height-default elementor-section-height-default" data-id="fa5e046" data-element_type="section" data-e-type="section">
						<div class="elementor-container elementor-column-gap-default">
					<div class="elementor-column elementor-col-100 elementor-inner-column elementor-element elementor-element-e78e9d9 elementor-invisible" data-id="e78e9d9" data-element_type="column" data-e-type="column" data-settings="{&quot;animation&quot;:&quot;fadeInDown&quot;}">
			<div class="elementor-widget-wrap elementor-element-populated">
						<div class="elementor-element elementor-element-3206b8e elementor-widget elementor-widget-image" data-id="3206b8e" data-element_type="widget" data-e-type="widget" data-settings="{&quot;_animation&quot;:&quot;none&quot;}" data-widget_type="image.default">
				<div class="elementor-widget-container">
															<img fetchpriority="high" decoding="async" width="310" height="163" src="https://inclusivecourts.pt/wp-content/uploads/2022/05/UK-parliament-logo.png" class="elementor-animation-grow attachment-medium_large size-medium_large wp-image-1962" alt="" srcset="https://inclusivecourts.pt/wp-content/uploads/2022/05/UK-parliament-logo.png 310w, https://inclusivecourts.pt/wp-content/uploads/2022/05/UK-parliament-logo-300x158.png 300w, https://inclusivecourts.pt/wp-content/uploads/2022/05/UK-parliament-logo-18x9.png 18w" sizes="(max-width: 310px) 100vw, 310px" />															</div>
				</div>
					</div>
		</div>
					</div>
		</section>
					</div>
		</div>
					</div>
		</section>
				</div>

<p>Patrícia Jerónimo emite parecer a convite do Parlamento britânico Patrícia Jerónimo foi convidada pelo Comité de Justiça e Assuntos Internos do Parlamento britânico a pronunciar-se sobre o teste de competências cívicas (Life in the UK test) que é exigido aos candidatos à cidadania britânica. O parecer de Patrícia Jerónimo, aprovado em 17 de maio de&hellip;</p>
