{"id":1916,"date":"2022-04-28T15:15:57","date_gmt":"2022-04-28T15:15:57","guid":{"rendered":"https:\/\/inclusivecourts.pt\/?page_id=1916"},"modified":"2022-04-28T15:22:46","modified_gmt":"2022-04-28T15:22:46","slug":"noticia49","status":"publish","type":"page","link":"https:\/\/inclusivecourts.pt\/en\/noticia49\/","title":{"rendered":"InclusiveCourts\u2019 researchers take part in international conference Humanity\/Humanities on the Move"},"content":{"rendered":"<div data-elementor-type=\"wp-page\" data-elementor-id=\"1916\" class=\"elementor elementor-1916\" data-elementor-post-type=\"page\">\n\t\t\t\t\t\t<section class=\"elementor-section elementor-top-section elementor-element elementor-element-b3b27e8 elementor-section-boxed elementor-section-height-default elementor-section-height-default\" data-id=\"b3b27e8\" data-element_type=\"section\" data-e-type=\"section\">\n\t\t\t\t\t\t<div class=\"elementor-container elementor-column-gap-default\">\n\t\t\t\t\t<div class=\"elementor-column elementor-col-100 elementor-top-column elementor-element elementor-element-950192f\" data-id=\"950192f\" data-element_type=\"column\" data-e-type=\"column\">\n\t\t\t<div class=\"elementor-widget-wrap elementor-element-populated\">\n\t\t\t\t\t\t<div class=\"elementor-element elementor-element-6ffdbba elementor-widget elementor-widget-text-editor\" data-id=\"6ffdbba\" data-element_type=\"widget\" data-e-type=\"widget\" data-widget_type=\"text-editor.default\">\n\t\t\t\t<div class=\"elementor-widget-container\">\n\t\t\t\t\t\t\t\t\t<p><strong>InclusiveCourts\u2019 researchers take part in international conference Humanity\/Humanities on the Move<\/strong><\/p>\t\t\t\t\t\t\t\t<\/div>\n\t\t\t\t<\/div>\n\t\t\t\t<div class=\"elementor-element elementor-element-452dbed elementor-widget elementor-widget-text-editor\" data-id=\"452dbed\" data-element_type=\"widget\" data-e-type=\"widget\" data-widget_type=\"text-editor.default\">\n\t\t\t\t<div class=\"elementor-widget-container\">\n\t\t\t\t\t\t\t\t\t<p>Andreia Sofia Pinto Oliveira, Fernando Ferreira Alves and Maria Jos\u00e9 Casa-Nova took part in the international conference Humanity\/Humanities on the Move, which was held at the Diogo de Sousa Archeologic Museum and at the Gualtar Campus of the University of Minho, in Braga, between 27 and 29 April 2022. Andreia Sofia Pinto Oliveira chaired the session with G\u00e1bor Gyulai, Refugee Programme Director of the Hungarian Helsinki Committee, about credible asylum claims vs credible asylum systems. Fernando Ferreira Alves chaired the session with Joanna Drugan, of East Anglia University, about ethical communication in contexts of migration and transnational organised crime. Maria Jos\u00e9 Casa-Nova chaired the session with Carlos Est\u00eav\u00e3o, of the Portuguese Catholic University, about the complexity of the Human in Human Rights. The conference was organised by the Centre for Humanistic Studies of the University of Minho (CEHUM), and is part of the project Humanistic Studies in Migrations &amp; Marginalization (EHUM2M), with which InclusiveCourts has collaborated on other occasions.<\/p>\t\t\t\t\t\t\t\t<\/div>\n\t\t\t\t<\/div>\n\t\t\t\t<section class=\"elementor-section elementor-inner-section elementor-element elementor-element-fa5e046 elementor-section-boxed elementor-section-height-default elementor-section-height-default\" data-id=\"fa5e046\" data-element_type=\"section\" data-e-type=\"section\">\n\t\t\t\t\t\t<div class=\"elementor-container elementor-column-gap-default\">\n\t\t\t\t\t<div class=\"elementor-column elementor-col-100 elementor-inner-column elementor-element elementor-element-e78e9d9 elementor-invisible\" data-id=\"e78e9d9\" data-element_type=\"column\" data-e-type=\"column\" data-settings=\"{&quot;animation&quot;:&quot;fadeInDown&quot;}\">\n\t\t\t<div class=\"elementor-widget-wrap elementor-element-populated\">\n\t\t\t\t\t\t<div class=\"elementor-element elementor-element-3206b8e elementor-widget elementor-widget-image\" data-id=\"3206b8e\" data-element_type=\"widget\" data-e-type=\"widget\" data-settings=\"{&quot;_animation&quot;:&quot;none&quot;}\" data-widget_type=\"image.default\">\n\t\t\t\t<div class=\"elementor-widget-container\">\n\t\t\t\t\t\t\t\t\t\t\t\t\t\t\t<img fetchpriority=\"high\" decoding=\"async\" width=\"768\" height=\"304\" src=\"https:\/\/inclusivecourts.pt\/wp-content\/uploads\/2022\/04\/Humanities-on-the-Move-abril-2022-cartaz-768x304.png\" class=\"elementor-animation-grow attachment-medium_large size-medium_large wp-image-1919\" alt=\"\" srcset=\"https:\/\/inclusivecourts.pt\/wp-content\/uploads\/2022\/04\/Humanities-on-the-Move-abril-2022-cartaz-768x304.png 768w, https:\/\/inclusivecourts.pt\/wp-content\/uploads\/2022\/04\/Humanities-on-the-Move-abril-2022-cartaz-300x119.png 300w, https:\/\/inclusivecourts.pt\/wp-content\/uploads\/2022\/04\/Humanities-on-the-Move-abril-2022-cartaz-1024x405.png 1024w, https:\/\/inclusivecourts.pt\/wp-content\/uploads\/2022\/04\/Humanities-on-the-Move-abril-2022-cartaz-1536x608.png 1536w, https:\/\/inclusivecourts.pt\/wp-content\/uploads\/2022\/04\/Humanities-on-the-Move-abril-2022-cartaz-18x7.png 18w, https:\/\/inclusivecourts.pt\/wp-content\/uploads\/2022\/04\/Humanities-on-the-Move-abril-2022-cartaz.png 1895w\" sizes=\"(max-width: 768px) 100vw, 768px\" \/>\t\t\t\t\t\t\t\t\t\t\t\t\t\t\t<\/div>\n\t\t\t\t<\/div>\n\t\t\t\t\t<\/div>\n\t\t<\/div>\n\t\t\t\t\t<\/div>\n\t\t<\/section>\n\t\t\t\t\t<\/div>\n\t\t<\/div>\n\t\t\t\t\t<\/div>\n\t\t<\/section>\n\t\t\t\t<\/div>","protected":false},"excerpt":{"rendered":"<p>Investigadores do projeto InclusiveCourts participam na confer\u00eancia internacional Humanity\/Humanities on the Move Andreia Sofia Pinto Oliveira, Fernando Ferreira Alves e Maria Jos\u00e9 Casa-Nova participaram na confer\u00eancia internacional Humanity\/Humanities on the Move, que decorreu no Museu Arqueol\u00f3gico Diogo de Sousa e no Campus de Gualtar da Universidade do Minho, em Braga, entre os dias 27 e&hellip;<\/p>","protected":false},"author":1,"featured_media":0,"parent":0,"menu_order":0,"comment_status":"closed","ping_status":"closed","template":"","meta":{"footnotes":""},"class_list":["post-1916","page","type-page","status-publish","hentry"],"_links":{"self":[{"href":"https:\/\/inclusivecourts.pt\/en\/wp-json\/wp\/v2\/pages\/1916","targetHints":{"allow":["GET"]}}],"collection":[{"href":"https:\/\/inclusivecourts.pt\/en\/wp-json\/wp\/v2\/pages"}],"about":[{"href":"https:\/\/inclusivecourts.pt\/en\/wp-json\/wp\/v2\/types\/page"}],"author":[{"embeddable":true,"href":"https:\/\/inclusivecourts.pt\/en\/wp-json\/wp\/v2\/users\/1"}],"replies":[{"embeddable":true,"href":"https:\/\/inclusivecourts.pt\/en\/wp-json\/wp\/v2\/comments?post=1916"}],"version-history":[{"count":4,"href":"https:\/\/inclusivecourts.pt\/en\/wp-json\/wp\/v2\/pages\/1916\/revisions"}],"predecessor-version":[{"id":1922,"href":"https:\/\/inclusivecourts.pt\/en\/wp-json\/wp\/v2\/pages\/1916\/revisions\/1922"}],"wp:attachment":[{"href":"https:\/\/inclusivecourts.pt\/en\/wp-json\/wp\/v2\/media?parent=1916"}],"curies":[{"name":"wp","href":"https:\/\/api.w.org\/{rel}","templated":true}]}}

<div data-elementor-type="wp-page" data-elementor-id="1916" class="elementor elementor-1916" data-elementor-post-type="page">
						<section class="elementor-section elementor-top-section elementor-element elementor-element-b3b27e8 elementor-section-boxed elementor-section-height-default elementor-section-height-default" data-id="b3b27e8" data-element_type="section" data-e-type="section">
						<div class="elementor-container elementor-column-gap-default">
					<div class="elementor-column elementor-col-100 elementor-top-column elementor-element elementor-element-950192f" data-id="950192f" data-element_type="column" data-e-type="column">
			<div class="elementor-widget-wrap elementor-element-populated">
						<div class="elementor-element elementor-element-6ffdbba elementor-widget elementor-widget-text-editor" data-id="6ffdbba" data-element_type="widget" data-e-type="widget" data-widget_type="text-editor.default">
				<div class="elementor-widget-container">
									<p><strong>InclusiveCourts’ researchers take part in international conference Humanity/Humanities on the Move</strong></p>								</div>
				</div>
				<div class="elementor-element elementor-element-452dbed elementor-widget elementor-widget-text-editor" data-id="452dbed" data-element_type="widget" data-e-type="widget" data-widget_type="text-editor.default">
				<div class="elementor-widget-container">
									<p>Andreia Sofia Pinto Oliveira, Fernando Ferreira Alves and Maria José Casa-Nova took part in the international conference Humanity/Humanities on the Move, which was held at the Diogo de Sousa Archeologic Museum and at the Gualtar Campus of the University of Minho, in Braga, between 27 and 29 April 2022. Andreia Sofia Pinto Oliveira chaired the session with Gábor Gyulai, Refugee Programme Director of the Hungarian Helsinki Committee, about credible asylum claims vs credible asylum systems. Fernando Ferreira Alves chaired the session with Joanna Drugan, of East Anglia University, about ethical communication in contexts of migration and transnational organised crime. Maria José Casa-Nova chaired the session with Carlos Estêvão, of the Portuguese Catholic University, about the complexity of the Human in Human Rights. The conference was organised by the Centre for Humanistic Studies of the University of Minho (CEHUM), and is part of the project Humanistic Studies in Migrations &amp; Marginalization (EHUM2M), with which InclusiveCourts has collaborated on other occasions.</p>								</div>
				</div>
				<section class="elementor-section elementor-inner-section elementor-element elementor-element-fa5e046 elementor-section-boxed elementor-section-height-default elementor-section-height-default" data-id="fa5e046" data-element_type="section" data-e-type="section">
						<div class="elementor-container elementor-column-gap-default">
					<div class="elementor-column elementor-col-100 elementor-inner-column elementor-element elementor-element-e78e9d9 elementor-invisible" data-id="e78e9d9" data-element_type="column" data-e-type="column" data-settings="{&quot;animation&quot;:&quot;fadeInDown&quot;}">
			<div class="elementor-widget-wrap elementor-element-populated">
						<div class="elementor-element elementor-element-3206b8e elementor-widget elementor-widget-image" data-id="3206b8e" data-element_type="widget" data-e-type="widget" data-settings="{&quot;_animation&quot;:&quot;none&quot;}" data-widget_type="image.default">
				<div class="elementor-widget-container">
															<img fetchpriority="high" decoding="async" width="768" height="304" src="https://inclusivecourts.pt/wp-content/uploads/2022/04/Humanities-on-the-Move-abril-2022-cartaz-768x304.png" class="elementor-animation-grow attachment-medium_large size-medium_large wp-image-1919" alt="" srcset="https://inclusivecourts.pt/wp-content/uploads/2022/04/Humanities-on-the-Move-abril-2022-cartaz-768x304.png 768w, https://inclusivecourts.pt/wp-content/uploads/2022/04/Humanities-on-the-Move-abril-2022-cartaz-300x119.png 300w, https://inclusivecourts.pt/wp-content/uploads/2022/04/Humanities-on-the-Move-abril-2022-cartaz-1024x405.png 1024w, https://inclusivecourts.pt/wp-content/uploads/2022/04/Humanities-on-the-Move-abril-2022-cartaz-1536x608.png 1536w, https://inclusivecourts.pt/wp-content/uploads/2022/04/Humanities-on-the-Move-abril-2022-cartaz-18x7.png 18w, https://inclusivecourts.pt/wp-content/uploads/2022/04/Humanities-on-the-Move-abril-2022-cartaz.png 1895w" sizes="(max-width: 768px) 100vw, 768px" />															</div>
				</div>
					</div>
		</div>
					</div>
		</section>
					</div>
		</div>
					</div>
		</section>
				</div>

<p>Investigadores do projeto InclusiveCourts participam na conferência internacional Humanity/Humanities on the Move Andreia Sofia Pinto Oliveira, Fernando Ferreira Alves e Maria José Casa-Nova participaram na conferência internacional Humanity/Humanities on the Move, que decorreu no Museu Arqueológico Diogo de Sousa e no Campus de Gualtar da Universidade do Minho, em Braga, entre os dias 27 e&hellip;</p>
