{"id":1889,"date":"2022-04-14T16:14:44","date_gmt":"2022-04-14T16:14:44","guid":{"rendered":"https:\/\/inclusivecourts.pt\/?page_id=1889"},"modified":"2022-04-14T16:59:21","modified_gmt":"2022-04-14T16:59:21","slug":"noticia48","status":"publish","type":"page","link":"https:\/\/inclusivecourts.pt\/en\/noticia48\/","title":{"rendered":"InclusiveCourts presented at the European University Institute in Florence"},"content":{"rendered":"<div data-elementor-type=\"wp-page\" data-elementor-id=\"1889\" class=\"elementor elementor-1889\" data-elementor-post-type=\"page\">\n\t\t\t\t\t\t<section class=\"elementor-section elementor-top-section elementor-element elementor-element-b3b27e8 elementor-section-boxed elementor-section-height-default elementor-section-height-default\" data-id=\"b3b27e8\" data-element_type=\"section\" data-e-type=\"section\">\n\t\t\t\t\t\t<div class=\"elementor-container elementor-column-gap-default\">\n\t\t\t\t\t<div class=\"elementor-column elementor-col-100 elementor-top-column elementor-element elementor-element-950192f\" data-id=\"950192f\" data-element_type=\"column\" data-e-type=\"column\">\n\t\t\t<div class=\"elementor-widget-wrap elementor-element-populated\">\n\t\t\t\t\t\t<div class=\"elementor-element elementor-element-6ffdbba elementor-widget elementor-widget-text-editor\" data-id=\"6ffdbba\" data-element_type=\"widget\" data-e-type=\"widget\" data-widget_type=\"text-editor.default\">\n\t\t\t\t<div class=\"elementor-widget-container\">\n\t\t\t\t\t\t\t\t\t<p><strong>InclusiveCourts presented at the European University Institute in Florence<\/strong><\/p>\t\t\t\t\t\t\t\t<\/div>\n\t\t\t\t<\/div>\n\t\t\t\t<div class=\"elementor-element elementor-element-452dbed elementor-widget elementor-widget-text-editor\" data-id=\"452dbed\" data-element_type=\"widget\" data-e-type=\"widget\" data-widget_type=\"text-editor.default\">\n\t\t\t\t<div class=\"elementor-widget-container\">\n\t\t\t\t\t\t\t\t\t<p class=\"translation-block\">Patr\u00edcia Jer\u00f3nimo, who is currently Jean Monnet Fellow at the European University Institute in Florence, presented the project InclusiveCourts as part of the Robert Schuman Centre research seminar on Democracy, Law and Politics. The seminar, held on 13 April 2022, was chaired by the Director of the Robert Schuman Centre, Erik Jones, and included presentations by Richard McNeil-Willson and Radoslaw Zubek.<\/p><p>A comunica\u00e7\u00e3o de Patr\u00edcia Jer\u00f3nimo, intitulada \u201cEquality and Cultural Diversity in the Practice of Domestic Courts in Southern Europe: The Portuguese Case in Comparative Perspective\u201d, pode ser consultada <a href=\"https:\/\/inclusivecourts.pt\/wp-content\/uploads\/2022\/04\/JERONIMO-Patricia-PPT-presentation-13.04.2022.pdf\">here<\/a>.<\/p>\t\t\t\t\t\t\t\t<\/div>\n\t\t\t\t<\/div>\n\t\t\t\t<section class=\"elementor-section elementor-inner-section elementor-element elementor-element-fa5e046 elementor-section-boxed elementor-section-height-default elementor-section-height-default\" data-id=\"fa5e046\" data-element_type=\"section\" data-e-type=\"section\">\n\t\t\t\t\t\t<div class=\"elementor-container elementor-column-gap-default\">\n\t\t\t\t\t<div class=\"elementor-column elementor-col-100 elementor-inner-column elementor-element elementor-element-e78e9d9 elementor-invisible\" data-id=\"e78e9d9\" data-element_type=\"column\" data-e-type=\"column\" data-settings=\"{&quot;animation&quot;:&quot;fadeInDown&quot;}\">\n\t\t\t<div class=\"elementor-widget-wrap elementor-element-populated\">\n\t\t\t\t\t\t<div class=\"elementor-element elementor-element-3206b8e elementor-widget elementor-widget-image\" data-id=\"3206b8e\" data-element_type=\"widget\" data-e-type=\"widget\" data-settings=\"{&quot;_animation&quot;:&quot;none&quot;}\" data-widget_type=\"image.default\">\n\t\t\t\t<div class=\"elementor-widget-container\">\n\t\t\t\t\t\t\t\t\t\t\t\t\t\t\t<img fetchpriority=\"high\" decoding=\"async\" width=\"768\" height=\"432\" src=\"https:\/\/inclusivecourts.pt\/wp-content\/uploads\/2022\/04\/Img-Noticia48-768x432.jpg\" class=\"elementor-animation-grow attachment-medium_large size-medium_large wp-image-1891\" alt=\"\" srcset=\"https:\/\/inclusivecourts.pt\/wp-content\/uploads\/2022\/04\/Img-Noticia48-768x432.jpg 768w, https:\/\/inclusivecourts.pt\/wp-content\/uploads\/2022\/04\/Img-Noticia48-300x169.jpg 300w, https:\/\/inclusivecourts.pt\/wp-content\/uploads\/2022\/04\/Img-Noticia48-1024x576.jpg 1024w, https:\/\/inclusivecourts.pt\/wp-content\/uploads\/2022\/04\/Img-Noticia48-1536x864.jpg 1536w, https:\/\/inclusivecourts.pt\/wp-content\/uploads\/2022\/04\/Img-Noticia48-2048x1152.jpg 2048w, https:\/\/inclusivecourts.pt\/wp-content\/uploads\/2022\/04\/Img-Noticia48-18x10.jpg 18w, https:\/\/inclusivecourts.pt\/wp-content\/uploads\/2022\/04\/Img-Noticia48-1140x641.jpg 1140w\" sizes=\"(max-width: 768px) 100vw, 768px\" \/>\t\t\t\t\t\t\t\t\t\t\t\t\t\t\t<\/div>\n\t\t\t\t<\/div>\n\t\t\t\t\t<\/div>\n\t\t<\/div>\n\t\t\t\t\t<\/div>\n\t\t<\/section>\n\t\t\t\t\t<\/div>\n\t\t<\/div>\n\t\t\t\t\t<\/div>\n\t\t<\/section>\n\t\t\t\t<\/div>","protected":false},"excerpt":{"rendered":"<p>Projeto InclusiveCourts apresentado no Instituto Universit\u00e1rio Europeu de Floren\u00e7a Patr\u00edcia Jer\u00f3nimo, que se encontra no Instituto Universit\u00e1rio Europeu de Floren\u00e7a como Jean Monnet Fellow, apresentou a investiga\u00e7\u00e3o desenvolvida no \u00e2mbito do projeto InclusiveCourts, no semin\u00e1rio de investiga\u00e7\u00e3o do Robert Schuman Centre que teve lugar no dia 13 de abril de 2022, subordinado ao tema Democracy,&hellip;<\/p>","protected":false},"author":1,"featured_media":0,"parent":0,"menu_order":0,"comment_status":"closed","ping_status":"closed","template":"","meta":{"footnotes":""},"class_list":["post-1889","page","type-page","status-publish","hentry"],"_links":{"self":[{"href":"https:\/\/inclusivecourts.pt\/en\/wp-json\/wp\/v2\/pages\/1889","targetHints":{"allow":["GET"]}}],"collection":[{"href":"https:\/\/inclusivecourts.pt\/en\/wp-json\/wp\/v2\/pages"}],"about":[{"href":"https:\/\/inclusivecourts.pt\/en\/wp-json\/wp\/v2\/types\/page"}],"author":[{"embeddable":true,"href":"https:\/\/inclusivecourts.pt\/en\/wp-json\/wp\/v2\/users\/1"}],"replies":[{"embeddable":true,"href":"https:\/\/inclusivecourts.pt\/en\/wp-json\/wp\/v2\/comments?post=1889"}],"version-history":[{"count":5,"href":"https:\/\/inclusivecourts.pt\/en\/wp-json\/wp\/v2\/pages\/1889\/revisions"}],"predecessor-version":[{"id":1896,"href":"https:\/\/inclusivecourts.pt\/en\/wp-json\/wp\/v2\/pages\/1889\/revisions\/1896"}],"wp:attachment":[{"href":"https:\/\/inclusivecourts.pt\/en\/wp-json\/wp\/v2\/media?parent=1889"}],"curies":[{"name":"wp","href":"https:\/\/api.w.org\/{rel}","templated":true}]}}

<div data-elementor-type="wp-page" data-elementor-id="1889" class="elementor elementor-1889" data-elementor-post-type="page">
						<section class="elementor-section elementor-top-section elementor-element elementor-element-b3b27e8 elementor-section-boxed elementor-section-height-default elementor-section-height-default" data-id="b3b27e8" data-element_type="section" data-e-type="section">
						<div class="elementor-container elementor-column-gap-default">
					<div class="elementor-column elementor-col-100 elementor-top-column elementor-element elementor-element-950192f" data-id="950192f" data-element_type="column" data-e-type="column">
			<div class="elementor-widget-wrap elementor-element-populated">
						<div class="elementor-element elementor-element-6ffdbba elementor-widget elementor-widget-text-editor" data-id="6ffdbba" data-element_type="widget" data-e-type="widget" data-widget_type="text-editor.default">
				<div class="elementor-widget-container">
									<p><strong>InclusiveCourts presented at the European University Institute in Florence</strong></p>								</div>
				</div>
				<div class="elementor-element elementor-element-452dbed elementor-widget elementor-widget-text-editor" data-id="452dbed" data-element_type="widget" data-e-type="widget" data-widget_type="text-editor.default">
				<div class="elementor-widget-container">
									<p class="translation-block">Patrícia Jerónimo, who is currently Jean Monnet Fellow at the European University Institute in Florence, presented the project InclusiveCourts as part of the Robert Schuman Centre research seminar on Democracy, Law and Politics. The seminar, held on 13 April 2022, was chaired by the Director of the Robert Schuman Centre, Erik Jones, and included presentations by Richard McNeil-Willson and Radoslaw Zubek.</p><p>A comunicação de Patrícia Jerónimo, intitulada “Equality and Cultural Diversity in the Practice of Domestic Courts in Southern Europe: The Portuguese Case in Comparative Perspective”, pode ser consultada <a href="https://inclusivecourts.pt/wp-content/uploads/2022/04/JERONIMO-Patricia-PPT-presentation-13.04.2022.pdf">here</a>.</p>								</div>
				</div>
				<section class="elementor-section elementor-inner-section elementor-element elementor-element-fa5e046 elementor-section-boxed elementor-section-height-default elementor-section-height-default" data-id="fa5e046" data-element_type="section" data-e-type="section">
						<div class="elementor-container elementor-column-gap-default">
					<div class="elementor-column elementor-col-100 elementor-inner-column elementor-element elementor-element-e78e9d9 elementor-invisible" data-id="e78e9d9" data-element_type="column" data-e-type="column" data-settings="{&quot;animation&quot;:&quot;fadeInDown&quot;}">
			<div class="elementor-widget-wrap elementor-element-populated">
						<div class="elementor-element elementor-element-3206b8e elementor-widget elementor-widget-image" data-id="3206b8e" data-element_type="widget" data-e-type="widget" data-settings="{&quot;_animation&quot;:&quot;none&quot;}" data-widget_type="image.default">
				<div class="elementor-widget-container">
															<img fetchpriority="high" decoding="async" width="768" height="432" src="https://inclusivecourts.pt/wp-content/uploads/2022/04/Img-Noticia48-768x432.jpg" class="elementor-animation-grow attachment-medium_large size-medium_large wp-image-1891" alt="" srcset="https://inclusivecourts.pt/wp-content/uploads/2022/04/Img-Noticia48-768x432.jpg 768w, https://inclusivecourts.pt/wp-content/uploads/2022/04/Img-Noticia48-300x169.jpg 300w, https://inclusivecourts.pt/wp-content/uploads/2022/04/Img-Noticia48-1024x576.jpg 1024w, https://inclusivecourts.pt/wp-content/uploads/2022/04/Img-Noticia48-1536x864.jpg 1536w, https://inclusivecourts.pt/wp-content/uploads/2022/04/Img-Noticia48-2048x1152.jpg 2048w, https://inclusivecourts.pt/wp-content/uploads/2022/04/Img-Noticia48-18x10.jpg 18w, https://inclusivecourts.pt/wp-content/uploads/2022/04/Img-Noticia48-1140x641.jpg 1140w" sizes="(max-width: 768px) 100vw, 768px" />															</div>
				</div>
					</div>
		</div>
					</div>
		</section>
					</div>
		</div>
					</div>
		</section>
				</div>

<p>Projeto InclusiveCourts apresentado no Instituto Universitário Europeu de Florença Patrícia Jerónimo, que se encontra no Instituto Universitário Europeu de Florença como Jean Monnet Fellow, apresentou a investigação desenvolvida no âmbito do projeto InclusiveCourts, no seminário de investigação do Robert Schuman Centre que teve lugar no dia 13 de abril de 2022, subordinado ao tema Democracy,&hellip;</p>
