{"id":1868,"date":"2022-04-14T15:37:56","date_gmt":"2022-04-14T15:37:56","guid":{"rendered":"https:\/\/inclusivecourts.pt\/?page_id=1868"},"modified":"2022-04-14T16:55:56","modified_gmt":"2022-04-14T16:55:56","slug":"noticia47","status":"publish","type":"page","link":"https:\/\/inclusivecourts.pt\/en\/noticia47\/","title":{"rendered":"Book launch of A Imagem Predat\u00f3ria da Cidade, by Ximene Rego"},"content":{"rendered":"<div data-elementor-type=\"wp-page\" data-elementor-id=\"1868\" class=\"elementor elementor-1868\" data-elementor-post-type=\"page\">\n\t\t\t\t\t\t<section class=\"elementor-section elementor-top-section elementor-element elementor-element-b3b27e8 elementor-section-boxed elementor-section-height-default elementor-section-height-default\" data-id=\"b3b27e8\" data-element_type=\"section\" data-e-type=\"section\">\n\t\t\t\t\t\t<div class=\"elementor-container elementor-column-gap-default\">\n\t\t\t\t\t<div class=\"elementor-column elementor-col-100 elementor-top-column elementor-element elementor-element-950192f\" data-id=\"950192f\" data-element_type=\"column\" data-e-type=\"column\">\n\t\t\t<div class=\"elementor-widget-wrap elementor-element-populated\">\n\t\t\t\t\t\t<div class=\"elementor-element elementor-element-6ffdbba elementor-widget elementor-widget-text-editor\" data-id=\"6ffdbba\" data-element_type=\"widget\" data-e-type=\"widget\" data-widget_type=\"text-editor.default\">\n\t\t\t\t<div class=\"elementor-widget-container\">\n\t\t\t\t\t\t\t\t\t<p class=\"xmsonormal translation-block\" style=\"margin: 0cm; margin-bottom: .0001pt; background: white;\"><b><span style=\"color: #212121\">Book launch of  <i>A Imagem Predat\u00f3ria da Cidade<\/i>, by Ximene Rego<\/span><\/b><\/p>\t\t\t\t\t\t\t\t<\/div>\n\t\t\t\t<\/div>\n\t\t\t\t<div class=\"elementor-element elementor-element-452dbed elementor-widget elementor-widget-text-editor\" data-id=\"452dbed\" data-element_type=\"widget\" data-e-type=\"widget\" data-widget_type=\"text-editor.default\">\n\t\t\t\t<div class=\"elementor-widget-container\">\n\t\t\t\t\t\t\t\t\t<p class=\"translation-block\">The Centre for Research in Anthropology (CRIA) hosted, on 9 April 2022, the launch of the book A Imagem Predat\u00f3ria da Cidade: Uma Etnografia do Medo [The predatory image of the city: An ethnography of fear], by Ximene Rego, with a round table in which the author was joined by Lu\u00eds Fernandes (University of Porto), Michel Misse (Federal University of Rio de Janeiro) and Renato Vicentini (History professor in secondary state and municipal schools in Rio de Janeiro).<\/p><p>\u00a0<\/p><p>The book is available in open access <a href=\"https:\/\/books.openedition.org\/etnograficapress\/7837\">here.<\/a> \u00a0\u00a0<\/p>\t\t\t\t\t\t\t\t<\/div>\n\t\t\t\t<\/div>\n\t\t\t\t<section class=\"elementor-section elementor-inner-section elementor-element elementor-element-fa5e046 elementor-section-boxed elementor-section-height-default elementor-section-height-default\" data-id=\"fa5e046\" data-element_type=\"section\" data-e-type=\"section\">\n\t\t\t\t\t\t<div class=\"elementor-container elementor-column-gap-default\">\n\t\t\t\t\t<div class=\"elementor-column elementor-col-100 elementor-inner-column elementor-element elementor-element-e78e9d9 elementor-invisible\" data-id=\"e78e9d9\" data-element_type=\"column\" data-e-type=\"column\" data-settings=\"{&quot;animation&quot;:&quot;fadeInDown&quot;}\">\n\t\t\t<div class=\"elementor-widget-wrap elementor-element-populated\">\n\t\t\t\t\t\t<div class=\"elementor-element elementor-element-3206b8e elementor-widget elementor-widget-image\" data-id=\"3206b8e\" data-element_type=\"widget\" data-e-type=\"widget\" data-settings=\"{&quot;_animation&quot;:&quot;none&quot;}\" data-widget_type=\"image.default\">\n\t\t\t\t<div class=\"elementor-widget-container\">\n\t\t\t\t\t\t\t\t\t\t\t\t\t\t\t<img fetchpriority=\"high\" decoding=\"async\" width=\"231\" height=\"420\" src=\"https:\/\/inclusivecourts.pt\/wp-content\/uploads\/2022\/04\/Img-Noticia47.jpg\" class=\"elementor-animation-grow attachment-medium_large size-medium_large wp-image-1873\" alt=\"\" srcset=\"https:\/\/inclusivecourts.pt\/wp-content\/uploads\/2022\/04\/Img-Noticia47.jpg 231w, https:\/\/inclusivecourts.pt\/wp-content\/uploads\/2022\/04\/Img-Noticia47-165x300.jpg 165w, https:\/\/inclusivecourts.pt\/wp-content\/uploads\/2022\/04\/Img-Noticia47-7x12.jpg 7w\" sizes=\"(max-width: 231px) 100vw, 231px\" \/>\t\t\t\t\t\t\t\t\t\t\t\t\t\t\t<\/div>\n\t\t\t\t<\/div>\n\t\t\t\t\t<\/div>\n\t\t<\/div>\n\t\t\t\t\t<\/div>\n\t\t<\/section>\n\t\t\t\t\t<\/div>\n\t\t<\/div>\n\t\t\t\t\t<\/div>\n\t\t<\/section>\n\t\t\t\t<\/div>","protected":false},"excerpt":{"rendered":"<p>Lan\u00e7amento do livro A Imagem Predat\u00f3ria da Cidade, da autoria de Ximene Rego O Centro em Rede de Investiga\u00e7\u00e3o em Antropologia (CRIA) promoveu, no dia 9 de abril de 2022, o lan\u00e7amento do livro A Imagem Predat\u00f3ria da Cidade: Uma Etnografia do Medo, da autoria de Ximene Rego, com uma mesa-redonda em que intervieram a&hellip;<\/p>","protected":false},"author":1,"featured_media":0,"parent":0,"menu_order":0,"comment_status":"closed","ping_status":"closed","template":"","meta":{"footnotes":""},"class_list":["post-1868","page","type-page","status-publish","hentry"],"_links":{"self":[{"href":"https:\/\/inclusivecourts.pt\/en\/wp-json\/wp\/v2\/pages\/1868","targetHints":{"allow":["GET"]}}],"collection":[{"href":"https:\/\/inclusivecourts.pt\/en\/wp-json\/wp\/v2\/pages"}],"about":[{"href":"https:\/\/inclusivecourts.pt\/en\/wp-json\/wp\/v2\/types\/page"}],"author":[{"embeddable":true,"href":"https:\/\/inclusivecourts.pt\/en\/wp-json\/wp\/v2\/users\/1"}],"replies":[{"embeddable":true,"href":"https:\/\/inclusivecourts.pt\/en\/wp-json\/wp\/v2\/comments?post=1868"}],"version-history":[{"count":8,"href":"https:\/\/inclusivecourts.pt\/en\/wp-json\/wp\/v2\/pages\/1868\/revisions"}],"predecessor-version":[{"id":1877,"href":"https:\/\/inclusivecourts.pt\/en\/wp-json\/wp\/v2\/pages\/1868\/revisions\/1877"}],"wp:attachment":[{"href":"https:\/\/inclusivecourts.pt\/en\/wp-json\/wp\/v2\/media?parent=1868"}],"curies":[{"name":"wp","href":"https:\/\/api.w.org\/{rel}","templated":true}]}}

Book launch of A Imagem Predatória da Cidade, by Ximene Rego

<div data-elementor-type="wp-page" data-elementor-id="1868" class="elementor elementor-1868" data-elementor-post-type="page">
						<section class="elementor-section elementor-top-section elementor-element elementor-element-b3b27e8 elementor-section-boxed elementor-section-height-default elementor-section-height-default" data-id="b3b27e8" data-element_type="section" data-e-type="section">
						<div class="elementor-container elementor-column-gap-default">
					<div class="elementor-column elementor-col-100 elementor-top-column elementor-element elementor-element-950192f" data-id="950192f" data-element_type="column" data-e-type="column">
			<div class="elementor-widget-wrap elementor-element-populated">
						<div class="elementor-element elementor-element-6ffdbba elementor-widget elementor-widget-text-editor" data-id="6ffdbba" data-element_type="widget" data-e-type="widget" data-widget_type="text-editor.default">
				<div class="elementor-widget-container">
									<p class="xmsonormal translation-block" style="margin: 0cm; margin-bottom: .0001pt; background: white;"><b><span style="color: #212121">Book launch of  <i>A Imagem Predatória da Cidade</i>, by Ximene Rego</span></b></p>								</div>
				</div>
				<div class="elementor-element elementor-element-452dbed elementor-widget elementor-widget-text-editor" data-id="452dbed" data-element_type="widget" data-e-type="widget" data-widget_type="text-editor.default">
				<div class="elementor-widget-container">
									<p class="translation-block">The Centre for Research in Anthropology (CRIA) hosted, on 9 April 2022, the launch of the book A Imagem Predatória da Cidade: Uma Etnografia do Medo [The predatory image of the city: An ethnography of fear], by Ximene Rego, with a round table in which the author was joined by Luís Fernandes (University of Porto), Michel Misse (Federal University of Rio de Janeiro) and Renato Vicentini (History professor in secondary state and municipal schools in Rio de Janeiro).</p><p> </p><p>The book is available in open access <a href="https://books.openedition.org/etnograficapress/7837">here.</a>   </p>								</div>
				</div>
				<section class="elementor-section elementor-inner-section elementor-element elementor-element-fa5e046 elementor-section-boxed elementor-section-height-default elementor-section-height-default" data-id="fa5e046" data-element_type="section" data-e-type="section">
						<div class="elementor-container elementor-column-gap-default">
					<div class="elementor-column elementor-col-100 elementor-inner-column elementor-element elementor-element-e78e9d9 elementor-invisible" data-id="e78e9d9" data-element_type="column" data-e-type="column" data-settings="{&quot;animation&quot;:&quot;fadeInDown&quot;}">
			<div class="elementor-widget-wrap elementor-element-populated">
						<div class="elementor-element elementor-element-3206b8e elementor-widget elementor-widget-image" data-id="3206b8e" data-element_type="widget" data-e-type="widget" data-settings="{&quot;_animation&quot;:&quot;none&quot;}" data-widget_type="image.default">
				<div class="elementor-widget-container">
															<img fetchpriority="high" decoding="async" width="231" height="420" src="https://inclusivecourts.pt/wp-content/uploads/2022/04/Img-Noticia47.jpg" class="elementor-animation-grow attachment-medium_large size-medium_large wp-image-1873" alt="" srcset="https://inclusivecourts.pt/wp-content/uploads/2022/04/Img-Noticia47.jpg 231w, https://inclusivecourts.pt/wp-content/uploads/2022/04/Img-Noticia47-165x300.jpg 165w, https://inclusivecourts.pt/wp-content/uploads/2022/04/Img-Noticia47-7x12.jpg 7w" sizes="(max-width: 231px) 100vw, 231px" />															</div>
				</div>
					</div>
		</div>
					</div>
		</section>
					</div>
		</div>
					</div>
		</section>
				</div>

<p>Lançamento do livro A Imagem Predatória da Cidade, da autoria de Ximene Rego O Centro em Rede de Investigação em Antropologia (CRIA) promoveu, no dia 9 de abril de 2022, o lançamento do livro A Imagem Predatória da Cidade: Uma Etnografia do Medo, da autoria de Ximene Rego, com uma mesa-redonda em que intervieram a&hellip;</p>
