{"id":1808,"date":"2022-04-11T15:40:20","date_gmt":"2022-04-11T15:40:20","guid":{"rendered":"https:\/\/inclusivecourts.pt\/?page_id=1808"},"modified":"2022-04-11T15:42:28","modified_gmt":"2022-04-11T15:42:28","slug":"noticia46","status":"publish","type":"page","link":"https:\/\/inclusivecourts.pt\/en\/noticia46\/","title":{"rendered":"InclusiveCourts\u2019 team debates diversity in family relations"},"content":{"rendered":"<div data-elementor-type=\"wp-page\" data-elementor-id=\"1808\" class=\"elementor elementor-1808\" data-elementor-post-type=\"page\">\n\t\t\t\t\t\t<section class=\"elementor-section elementor-top-section elementor-element elementor-element-b3b27e8 elementor-section-boxed elementor-section-height-default elementor-section-height-default\" data-id=\"b3b27e8\" data-element_type=\"section\" data-e-type=\"section\">\n\t\t\t\t\t\t<div class=\"elementor-container elementor-column-gap-default\">\n\t\t\t\t\t<div class=\"elementor-column elementor-col-100 elementor-top-column elementor-element elementor-element-950192f\" data-id=\"950192f\" data-element_type=\"column\" data-e-type=\"column\">\n\t\t\t<div class=\"elementor-widget-wrap elementor-element-populated\">\n\t\t\t\t\t\t<div class=\"elementor-element elementor-element-6ffdbba elementor-widget elementor-widget-text-editor\" data-id=\"6ffdbba\" data-element_type=\"widget\" data-e-type=\"widget\" data-widget_type=\"text-editor.default\">\n\t\t\t\t<div class=\"elementor-widget-container\">\n\t\t\t\t\t\t\t\t\t<p><strong>InclusiveCourts\u2019 team debates diversity in family relations<\/strong><\/p>\t\t\t\t\t\t\t\t<\/div>\n\t\t\t\t<\/div>\n\t\t\t\t<div class=\"elementor-element elementor-element-452dbed elementor-widget elementor-widget-text-editor\" data-id=\"452dbed\" data-element_type=\"widget\" data-e-type=\"widget\" data-widget_type=\"text-editor.default\">\n\t\t\t\t<div class=\"elementor-widget-container\">\n\t\t\t\t\t\t\t\t\t<p>Diversity in family relations was the subject of a webinar organised by Cristina Dias and Rossana Martingo Cruz, in the framework of the project InclusiveCourts. The webinar, held on 8 April 2022, brought together psychologists and lawyers for an interdisciplinary debate on trans parenthood, the interpretation of the best interest of the child by domestic courts in Europe, the culturally formatted roles of the different family members and the provision of care, and the Portuguese case law dealing with the review of foreign judgments originating from Muslim majority countries. The session included a short intro by Patr\u00edcia Jer\u00f3nimo and paper presentations by In\u00eas Espinha\u00e7o Gomes, Judite Peixoto, Miriam Rocha and Ricardo Cunha.<\/p>\t\t\t\t\t\t\t\t<\/div>\n\t\t\t\t<\/div>\n\t\t\t\t<section class=\"elementor-section elementor-inner-section elementor-element elementor-element-fa5e046 elementor-section-boxed elementor-section-height-default elementor-section-height-default\" data-id=\"fa5e046\" data-element_type=\"section\" data-e-type=\"section\">\n\t\t\t\t\t\t<div class=\"elementor-container elementor-column-gap-default\">\n\t\t\t\t\t<div class=\"elementor-column elementor-col-100 elementor-inner-column elementor-element elementor-element-e78e9d9 elementor-invisible\" data-id=\"e78e9d9\" data-element_type=\"column\" data-e-type=\"column\" data-settings=\"{&quot;animation&quot;:&quot;fadeInDown&quot;}\">\n\t\t\t<div class=\"elementor-widget-wrap elementor-element-populated\">\n\t\t\t\t\t\t<div class=\"elementor-element elementor-element-3206b8e elementor-widget elementor-widget-image\" data-id=\"3206b8e\" data-element_type=\"widget\" data-e-type=\"widget\" data-settings=\"{&quot;_animation&quot;:&quot;none&quot;}\" data-widget_type=\"image.default\">\n\t\t\t\t<div class=\"elementor-widget-container\">\n\t\t\t\t\t\t\t\t\t\t\t\t\t\t\t<img fetchpriority=\"high\" decoding=\"async\" width=\"768\" height=\"446\" src=\"https:\/\/inclusivecourts.pt\/wp-content\/uploads\/2022\/04\/Captura-de-Ecra-39-768x446.jpg\" class=\"elementor-animation-grow attachment-medium_large size-medium_large wp-image-1810\" alt=\"\" srcset=\"https:\/\/inclusivecourts.pt\/wp-content\/uploads\/2022\/04\/Captura-de-Ecra-39-768x446.jpg 768w, https:\/\/inclusivecourts.pt\/wp-content\/uploads\/2022\/04\/Captura-de-Ecra-39-300x174.jpg 300w, https:\/\/inclusivecourts.pt\/wp-content\/uploads\/2022\/04\/Captura-de-Ecra-39-1024x595.jpg 1024w, https:\/\/inclusivecourts.pt\/wp-content\/uploads\/2022\/04\/Captura-de-Ecra-39-18x10.jpg 18w, https:\/\/inclusivecourts.pt\/wp-content\/uploads\/2022\/04\/Captura-de-Ecra-39.jpg 1378w\" sizes=\"(max-width: 768px) 100vw, 768px\" \/>\t\t\t\t\t\t\t\t\t\t\t\t\t\t\t<\/div>\n\t\t\t\t<\/div>\n\t\t\t\t\t<\/div>\n\t\t<\/div>\n\t\t\t\t\t<\/div>\n\t\t<\/section>\n\t\t\t\t\t<\/div>\n\t\t<\/div>\n\t\t\t\t\t<\/div>\n\t\t<\/section>\n\t\t\t\t<\/div>","protected":false},"excerpt":{"rendered":"<p>Equipa do InclusiveCourts discute diversidade nas rela\u00e7\u00f5es familiares A diversidade nas rela\u00e7\u00f5es familiares foi o tema do webinar organizado por Cristina Dias e Rossana Martingo Cruz, no \u00e2mbito do projeto InclusiveCourts. O webinar, que que teve lugar no dia 8 de abril de 2022, reuniu psic\u00f3logos e juristas para uma discuss\u00e3o interdisciplinar sobre a parentalidade&hellip;<\/p>","protected":false},"author":1,"featured_media":0,"parent":0,"menu_order":0,"comment_status":"closed","ping_status":"closed","template":"","meta":{"footnotes":""},"class_list":["post-1808","page","type-page","status-publish","hentry"],"_links":{"self":[{"href":"https:\/\/inclusivecourts.pt\/en\/wp-json\/wp\/v2\/pages\/1808","targetHints":{"allow":["GET"]}}],"collection":[{"href":"https:\/\/inclusivecourts.pt\/en\/wp-json\/wp\/v2\/pages"}],"about":[{"href":"https:\/\/inclusivecourts.pt\/en\/wp-json\/wp\/v2\/types\/page"}],"author":[{"embeddable":true,"href":"https:\/\/inclusivecourts.pt\/en\/wp-json\/wp\/v2\/users\/1"}],"replies":[{"embeddable":true,"href":"https:\/\/inclusivecourts.pt\/en\/wp-json\/wp\/v2\/comments?post=1808"}],"version-history":[{"count":4,"href":"https:\/\/inclusivecourts.pt\/en\/wp-json\/wp\/v2\/pages\/1808\/revisions"}],"predecessor-version":[{"id":1813,"href":"https:\/\/inclusivecourts.pt\/en\/wp-json\/wp\/v2\/pages\/1808\/revisions\/1813"}],"wp:attachment":[{"href":"https:\/\/inclusivecourts.pt\/en\/wp-json\/wp\/v2\/media?parent=1808"}],"curies":[{"name":"wp","href":"https:\/\/api.w.org\/{rel}","templated":true}]}}

<div data-elementor-type="wp-page" data-elementor-id="1808" class="elementor elementor-1808" data-elementor-post-type="page">
						<section class="elementor-section elementor-top-section elementor-element elementor-element-b3b27e8 elementor-section-boxed elementor-section-height-default elementor-section-height-default" data-id="b3b27e8" data-element_type="section" data-e-type="section">
						<div class="elementor-container elementor-column-gap-default">
					<div class="elementor-column elementor-col-100 elementor-top-column elementor-element elementor-element-950192f" data-id="950192f" data-element_type="column" data-e-type="column">
			<div class="elementor-widget-wrap elementor-element-populated">
						<div class="elementor-element elementor-element-6ffdbba elementor-widget elementor-widget-text-editor" data-id="6ffdbba" data-element_type="widget" data-e-type="widget" data-widget_type="text-editor.default">
				<div class="elementor-widget-container">
									<p><strong>InclusiveCourts’ team debates diversity in family relations</strong></p>								</div>
				</div>
				<div class="elementor-element elementor-element-452dbed elementor-widget elementor-widget-text-editor" data-id="452dbed" data-element_type="widget" data-e-type="widget" data-widget_type="text-editor.default">
				<div class="elementor-widget-container">
									<p>Diversity in family relations was the subject of a webinar organised by Cristina Dias and Rossana Martingo Cruz, in the framework of the project InclusiveCourts. The webinar, held on 8 April 2022, brought together psychologists and lawyers for an interdisciplinary debate on trans parenthood, the interpretation of the best interest of the child by domestic courts in Europe, the culturally formatted roles of the different family members and the provision of care, and the Portuguese case law dealing with the review of foreign judgments originating from Muslim majority countries. The session included a short intro by Patrícia Jerónimo and paper presentations by Inês Espinhaço Gomes, Judite Peixoto, Miriam Rocha and Ricardo Cunha.</p>								</div>
				</div>
				<section class="elementor-section elementor-inner-section elementor-element elementor-element-fa5e046 elementor-section-boxed elementor-section-height-default elementor-section-height-default" data-id="fa5e046" data-element_type="section" data-e-type="section">
						<div class="elementor-container elementor-column-gap-default">
					<div class="elementor-column elementor-col-100 elementor-inner-column elementor-element elementor-element-e78e9d9 elementor-invisible" data-id="e78e9d9" data-element_type="column" data-e-type="column" data-settings="{&quot;animation&quot;:&quot;fadeInDown&quot;}">
			<div class="elementor-widget-wrap elementor-element-populated">
						<div class="elementor-element elementor-element-3206b8e elementor-widget elementor-widget-image" data-id="3206b8e" data-element_type="widget" data-e-type="widget" data-settings="{&quot;_animation&quot;:&quot;none&quot;}" data-widget_type="image.default">
				<div class="elementor-widget-container">
															<img fetchpriority="high" decoding="async" width="768" height="446" src="https://inclusivecourts.pt/wp-content/uploads/2022/04/Captura-de-Ecra-39-768x446.jpg" class="elementor-animation-grow attachment-medium_large size-medium_large wp-image-1810" alt="" srcset="https://inclusivecourts.pt/wp-content/uploads/2022/04/Captura-de-Ecra-39-768x446.jpg 768w, https://inclusivecourts.pt/wp-content/uploads/2022/04/Captura-de-Ecra-39-300x174.jpg 300w, https://inclusivecourts.pt/wp-content/uploads/2022/04/Captura-de-Ecra-39-1024x595.jpg 1024w, https://inclusivecourts.pt/wp-content/uploads/2022/04/Captura-de-Ecra-39-18x10.jpg 18w, https://inclusivecourts.pt/wp-content/uploads/2022/04/Captura-de-Ecra-39.jpg 1378w" sizes="(max-width: 768px) 100vw, 768px" />															</div>
				</div>
					</div>
		</div>
					</div>
		</section>
					</div>
		</div>
					</div>
		</section>
				</div>

<p>Equipa do InclusiveCourts discute diversidade nas relações familiares A diversidade nas relações familiares foi o tema do webinar organizado por Cristina Dias e Rossana Martingo Cruz, no âmbito do projeto InclusiveCourts. O webinar, que que teve lugar no dia 8 de abril de 2022, reuniu psicólogos e juristas para uma discussão interdisciplinar sobre a parentalidade&hellip;</p>
