{"id":1721,"date":"2022-03-15T13:06:12","date_gmt":"2022-03-15T13:06:12","guid":{"rendered":"https:\/\/inclusivecourts.pt\/?page_id=1721"},"modified":"2022-03-15T13:08:48","modified_gmt":"2022-03-15T13:08:48","slug":"noticia43","status":"publish","type":"page","link":"https:\/\/inclusivecourts.pt\/en\/noticia43\/","title":{"rendered":"Sofia Pinto Oliveira comments the War in Ukraine for SIC Not\u00edcias"},"content":{"rendered":"<div data-elementor-type=\"wp-page\" data-elementor-id=\"1721\" class=\"elementor elementor-1721\" data-elementor-post-type=\"page\">\n\t\t\t\t\t\t<section class=\"elementor-section elementor-top-section elementor-element elementor-element-b3b27e8 elementor-section-boxed elementor-section-height-default elementor-section-height-default\" data-id=\"b3b27e8\" data-element_type=\"section\" data-e-type=\"section\">\n\t\t\t\t\t\t<div class=\"elementor-container elementor-column-gap-default\">\n\t\t\t\t\t<div class=\"elementor-column elementor-col-100 elementor-top-column elementor-element elementor-element-950192f\" data-id=\"950192f\" data-element_type=\"column\" data-e-type=\"column\">\n\t\t\t<div class=\"elementor-widget-wrap elementor-element-populated\">\n\t\t\t\t\t\t<div class=\"elementor-element elementor-element-6ffdbba elementor-widget elementor-widget-text-editor\" data-id=\"6ffdbba\" data-element_type=\"widget\" data-e-type=\"widget\" data-widget_type=\"text-editor.default\">\n\t\t\t\t<div class=\"elementor-widget-container\">\n\t\t\t\t\t\t\t\t\t<p><strong>Sofia Pinto Oliveira comments the War in Ukraine for SIC Not\u00edcias<\/strong><\/p>\t\t\t\t\t\t\t\t<\/div>\n\t\t\t\t<\/div>\n\t\t\t\t<div class=\"elementor-element elementor-element-452dbed elementor-widget elementor-widget-text-editor\" data-id=\"452dbed\" data-element_type=\"widget\" data-e-type=\"widget\" data-widget_type=\"text-editor.default\">\n\t\t\t\t<div class=\"elementor-widget-container\">\n\t\t\t\t\t\t\t\t\t<p>Sofia Pinto Oliveira foi convidada pela SIC Not\u00edcias para participar como comentadora na edi\u00e7\u00e3o especial sobre \u201cGuerra na Europa\u201d, exibida no dia 10 de mar\u00e7o de 2022, \u00e0s 15:55 horas. Na qualidade de especialista em Direito do Asilo, Sofia Pinto Oliveira falou sobre o drama dos refugiados, as expectativas de muitos quanto a poderem regressar a breve trecho \u00e0 Ucr\u00e2nia e a prote\u00e7\u00e3o oferecida pela Diretiva de Prote\u00e7\u00e3o Tempor\u00e1ria (Diretiva 2001\/55), ativada pela primeira vez na hist\u00f3ria da Uni\u00e3o Europeia em 4 de mar\u00e7o de 2022.<\/p>\t\t\t\t\t\t\t\t<\/div>\n\t\t\t\t<\/div>\n\t\t\t\t<section class=\"elementor-section elementor-inner-section elementor-element elementor-element-fa5e046 elementor-section-boxed elementor-section-height-default elementor-section-height-default\" data-id=\"fa5e046\" data-element_type=\"section\" data-e-type=\"section\">\n\t\t\t\t\t\t<div class=\"elementor-container elementor-column-gap-default\">\n\t\t\t\t\t<div class=\"elementor-column elementor-col-100 elementor-inner-column elementor-element elementor-element-e78e9d9 elementor-invisible\" data-id=\"e78e9d9\" data-element_type=\"column\" data-e-type=\"column\" data-settings=\"{&quot;animation&quot;:&quot;fadeInDown&quot;}\">\n\t\t\t<div class=\"elementor-widget-wrap elementor-element-populated\">\n\t\t\t\t\t\t<div class=\"elementor-element elementor-element-3206b8e elementor-widget elementor-widget-image\" data-id=\"3206b8e\" data-element_type=\"widget\" data-e-type=\"widget\" data-settings=\"{&quot;_animation&quot;:&quot;none&quot;}\" data-widget_type=\"image.default\">\n\t\t\t\t<div class=\"elementor-widget-container\">\n\t\t\t\t\t\t\t\t\t\t\t\t\t\t\t<img fetchpriority=\"high\" decoding=\"async\" width=\"768\" height=\"576\" src=\"https:\/\/inclusivecourts.pt\/wp-content\/uploads\/2022\/03\/45881df6-616b-4052-bbea-b58af613fbf0-2-768x576.jpg\" class=\"elementor-animation-grow attachment-medium_large size-medium_large wp-image-1723\" alt=\"\" srcset=\"https:\/\/inclusivecourts.pt\/wp-content\/uploads\/2022\/03\/45881df6-616b-4052-bbea-b58af613fbf0-2-768x576.jpg 768w, https:\/\/inclusivecourts.pt\/wp-content\/uploads\/2022\/03\/45881df6-616b-4052-bbea-b58af613fbf0-2-300x225.jpg 300w, https:\/\/inclusivecourts.pt\/wp-content\/uploads\/2022\/03\/45881df6-616b-4052-bbea-b58af613fbf0-2-1024x768.jpg 1024w, https:\/\/inclusivecourts.pt\/wp-content\/uploads\/2022\/03\/45881df6-616b-4052-bbea-b58af613fbf0-2-1536x1152.jpg 1536w, https:\/\/inclusivecourts.pt\/wp-content\/uploads\/2022\/03\/45881df6-616b-4052-bbea-b58af613fbf0-2-16x12.jpg 16w, https:\/\/inclusivecourts.pt\/wp-content\/uploads\/2022\/03\/45881df6-616b-4052-bbea-b58af613fbf0-2-160x120.jpg 160w, https:\/\/inclusivecourts.pt\/wp-content\/uploads\/2022\/03\/45881df6-616b-4052-bbea-b58af613fbf0-2.jpg 1984w\" sizes=\"(max-width: 768px) 100vw, 768px\" \/>\t\t\t\t\t\t\t\t\t\t\t\t\t\t\t<\/div>\n\t\t\t\t<\/div>\n\t\t\t\t\t<\/div>\n\t\t<\/div>\n\t\t\t\t\t<\/div>\n\t\t<\/section>\n\t\t\t\t\t<\/div>\n\t\t<\/div>\n\t\t\t\t\t<\/div>\n\t\t<\/section>\n\t\t\t\t<\/div>","protected":false},"excerpt":{"rendered":"<p>Sofia Pinto Oliveira comenta Guerra na Ucr\u00e2nia, na SIC Not\u00edcias Sofia Pinto Oliveira foi convidada pela SIC Not\u00edcias para participar como comentadora na edi\u00e7\u00e3o especial sobre \u201cGuerra na Europa\u201d, exibida no dia 10 de mar\u00e7o de 2022, \u00e0s 15:55 horas. Na qualidade de especialista em Direito do Asilo, Sofia Pinto Oliveira falou sobre o drama&hellip;<\/p>","protected":false},"author":1,"featured_media":0,"parent":0,"menu_order":0,"comment_status":"closed","ping_status":"closed","template":"","meta":{"footnotes":""},"class_list":["post-1721","page","type-page","status-publish","hentry"],"_links":{"self":[{"href":"https:\/\/inclusivecourts.pt\/en\/wp-json\/wp\/v2\/pages\/1721","targetHints":{"allow":["GET"]}}],"collection":[{"href":"https:\/\/inclusivecourts.pt\/en\/wp-json\/wp\/v2\/pages"}],"about":[{"href":"https:\/\/inclusivecourts.pt\/en\/wp-json\/wp\/v2\/types\/page"}],"author":[{"embeddable":true,"href":"https:\/\/inclusivecourts.pt\/en\/wp-json\/wp\/v2\/users\/1"}],"replies":[{"embeddable":true,"href":"https:\/\/inclusivecourts.pt\/en\/wp-json\/wp\/v2\/comments?post=1721"}],"version-history":[{"count":4,"href":"https:\/\/inclusivecourts.pt\/en\/wp-json\/wp\/v2\/pages\/1721\/revisions"}],"predecessor-version":[{"id":1728,"href":"https:\/\/inclusivecourts.pt\/en\/wp-json\/wp\/v2\/pages\/1721\/revisions\/1728"}],"wp:attachment":[{"href":"https:\/\/inclusivecourts.pt\/en\/wp-json\/wp\/v2\/media?parent=1721"}],"curies":[{"name":"wp","href":"https:\/\/api.w.org\/{rel}","templated":true}]}}

Sofia Pinto Oliveira comments the War in Ukraine for SIC Notícias

<div data-elementor-type="wp-page" data-elementor-id="1721" class="elementor elementor-1721" data-elementor-post-type="page">
						<section class="elementor-section elementor-top-section elementor-element elementor-element-b3b27e8 elementor-section-boxed elementor-section-height-default elementor-section-height-default" data-id="b3b27e8" data-element_type="section" data-e-type="section">
						<div class="elementor-container elementor-column-gap-default">
					<div class="elementor-column elementor-col-100 elementor-top-column elementor-element elementor-element-950192f" data-id="950192f" data-element_type="column" data-e-type="column">
			<div class="elementor-widget-wrap elementor-element-populated">
						<div class="elementor-element elementor-element-6ffdbba elementor-widget elementor-widget-text-editor" data-id="6ffdbba" data-element_type="widget" data-e-type="widget" data-widget_type="text-editor.default">
				<div class="elementor-widget-container">
									<p><strong>Sofia Pinto Oliveira comments the War in Ukraine for SIC Notícias</strong></p>								</div>
				</div>
				<div class="elementor-element elementor-element-452dbed elementor-widget elementor-widget-text-editor" data-id="452dbed" data-element_type="widget" data-e-type="widget" data-widget_type="text-editor.default">
				<div class="elementor-widget-container">
									<p>Sofia Pinto Oliveira foi convidada pela SIC Notícias para participar como comentadora na edição especial sobre “Guerra na Europa”, exibida no dia 10 de março de 2022, às 15:55 horas. Na qualidade de especialista em Direito do Asilo, Sofia Pinto Oliveira falou sobre o drama dos refugiados, as expectativas de muitos quanto a poderem regressar a breve trecho à Ucrânia e a proteção oferecida pela Diretiva de Proteção Temporária (Diretiva 2001/55), ativada pela primeira vez na história da União Europeia em 4 de março de 2022.</p>								</div>
				</div>
				<section class="elementor-section elementor-inner-section elementor-element elementor-element-fa5e046 elementor-section-boxed elementor-section-height-default elementor-section-height-default" data-id="fa5e046" data-element_type="section" data-e-type="section">
						<div class="elementor-container elementor-column-gap-default">
					<div class="elementor-column elementor-col-100 elementor-inner-column elementor-element elementor-element-e78e9d9 elementor-invisible" data-id="e78e9d9" data-element_type="column" data-e-type="column" data-settings="{&quot;animation&quot;:&quot;fadeInDown&quot;}">
			<div class="elementor-widget-wrap elementor-element-populated">
						<div class="elementor-element elementor-element-3206b8e elementor-widget elementor-widget-image" data-id="3206b8e" data-element_type="widget" data-e-type="widget" data-settings="{&quot;_animation&quot;:&quot;none&quot;}" data-widget_type="image.default">
				<div class="elementor-widget-container">
															<img fetchpriority="high" decoding="async" width="768" height="576" src="https://inclusivecourts.pt/wp-content/uploads/2022/03/45881df6-616b-4052-bbea-b58af613fbf0-2-768x576.jpg" class="elementor-animation-grow attachment-medium_large size-medium_large wp-image-1723" alt="" srcset="https://inclusivecourts.pt/wp-content/uploads/2022/03/45881df6-616b-4052-bbea-b58af613fbf0-2-768x576.jpg 768w, https://inclusivecourts.pt/wp-content/uploads/2022/03/45881df6-616b-4052-bbea-b58af613fbf0-2-300x225.jpg 300w, https://inclusivecourts.pt/wp-content/uploads/2022/03/45881df6-616b-4052-bbea-b58af613fbf0-2-1024x768.jpg 1024w, https://inclusivecourts.pt/wp-content/uploads/2022/03/45881df6-616b-4052-bbea-b58af613fbf0-2-1536x1152.jpg 1536w, https://inclusivecourts.pt/wp-content/uploads/2022/03/45881df6-616b-4052-bbea-b58af613fbf0-2-16x12.jpg 16w, https://inclusivecourts.pt/wp-content/uploads/2022/03/45881df6-616b-4052-bbea-b58af613fbf0-2-160x120.jpg 160w, https://inclusivecourts.pt/wp-content/uploads/2022/03/45881df6-616b-4052-bbea-b58af613fbf0-2.jpg 1984w" sizes="(max-width: 768px) 100vw, 768px" />															</div>
				</div>
					</div>
		</div>
					</div>
		</section>
					</div>
		</div>
					</div>
		</section>
				</div>

<p>Sofia Pinto Oliveira comenta Guerra na Ucrânia, na SIC Notícias Sofia Pinto Oliveira foi convidada pela SIC Notícias para participar como comentadora na edição especial sobre “Guerra na Europa”, exibida no dia 10 de março de 2022, às 15:55 horas. Na qualidade de especialista em Direito do Asilo, Sofia Pinto Oliveira falou sobre o drama&hellip;</p>
