{"id":1541,"date":"2021-11-23T16:27:14","date_gmt":"2021-11-23T16:27:14","guid":{"rendered":"https:\/\/inclusivecourts.pt\/?page_id=1541"},"modified":"2021-11-23T16:57:30","modified_gmt":"2021-11-23T16:57:30","slug":"noticia39","status":"publish","type":"page","link":"https:\/\/inclusivecourts.pt\/en\/noticia39\/","title":{"rendered":"Patr\u00edcia Jer\u00f3nimo discusses the fight against racism and discrimination in webinar hosted by the Portuguese National Institute for Administration"},"content":{"rendered":"<div data-elementor-type=\"wp-page\" data-elementor-id=\"1541\" class=\"elementor elementor-1541\" data-elementor-post-type=\"page\">\n\t\t\t\t\t\t<section class=\"elementor-section elementor-top-section elementor-element elementor-element-b3b27e8 elementor-section-boxed elementor-section-height-default elementor-section-height-default\" data-id=\"b3b27e8\" data-element_type=\"section\" data-e-type=\"section\">\n\t\t\t\t\t\t<div class=\"elementor-container elementor-column-gap-default\">\n\t\t\t\t\t<div class=\"elementor-column elementor-col-100 elementor-top-column elementor-element elementor-element-950192f\" data-id=\"950192f\" data-element_type=\"column\" data-e-type=\"column\">\n\t\t\t<div class=\"elementor-widget-wrap elementor-element-populated\">\n\t\t\t\t\t\t<div class=\"elementor-element elementor-element-6ffdbba elementor-widget elementor-widget-text-editor\" data-id=\"6ffdbba\" data-element_type=\"widget\" data-e-type=\"widget\" data-widget_type=\"text-editor.default\">\n\t\t\t\t<div class=\"elementor-widget-container\">\n\t\t\t\t\t\t\t\t\t<p><strong>Patr\u00edcia Jer\u00f3nimo discusses the fight against racism and discrimination in webinar hosted by the Portuguese National Institute for Administration<\/strong><\/p>\t\t\t\t\t\t\t\t<\/div>\n\t\t\t\t<\/div>\n\t\t\t\t<div class=\"elementor-element elementor-element-452dbed elementor-widget elementor-widget-text-editor\" data-id=\"452dbed\" data-element_type=\"widget\" data-e-type=\"widget\" data-widget_type=\"text-editor.default\">\n\t\t\t\t<div class=\"elementor-widget-container\">\n\t\t\t\t\t\t\t\t\t<p>Patr\u00edcia Jer\u00f3nimo foi a oradora convidada do webinar inaugural do ciclo de webINArs organizado pelo Instituto Nacional de Administra\u00e7\u00e3o (INA), no quadro da aplica\u00e7\u00e3o do \u201cPlano Nacional de Combate ao Racismo e \u00e0 Discrimina\u00e7\u00e3o 2021-2025 \u2013 Portugal contra o racismo\u201d, que prev\u00ea, entre outras atividades, a promo\u00e7\u00e3o de a\u00e7\u00f5es de informa\u00e7\u00e3o dirigidas a trabalhadores e dirigentes da Administra\u00e7\u00e3o P\u00fablica com o objetivo de disseminar conhecimento e de incentivar o desenvolvimento de programas de atua\u00e7\u00e3o na \u00e1rea da promo\u00e7\u00e3o da inclus\u00e3o social e da diversidade.<\/p><p>\u00a0<\/p><p>A sess\u00e3o, que decorreu no dia 17 de novembro de 2021, foi conduzida por Sofia Cris\u00f3stomo, Vogal da Comiss\u00e3o Instaladora do INA, e teve como tema \u201cBoas pr\u00e1ticas na promo\u00e7\u00e3o da inclus\u00e3o social e da diversidade em Portugal e em perspetiva comparada\u201d. 482 pessoas participaram na sess\u00e3o.<\/p>\t\t\t\t\t\t\t\t<\/div>\n\t\t\t\t<\/div>\n\t\t\t\t<section class=\"elementor-section elementor-inner-section elementor-element elementor-element-fa5e046 elementor-section-boxed elementor-section-height-default elementor-section-height-default\" data-id=\"fa5e046\" data-element_type=\"section\" data-e-type=\"section\">\n\t\t\t\t\t\t<div class=\"elementor-container elementor-column-gap-default\">\n\t\t\t\t\t<div class=\"elementor-column elementor-col-100 elementor-inner-column elementor-element elementor-element-e78e9d9 elementor-invisible\" data-id=\"e78e9d9\" data-element_type=\"column\" data-e-type=\"column\" data-settings=\"{&quot;animation&quot;:&quot;fadeInDown&quot;}\">\n\t\t\t<div class=\"elementor-widget-wrap elementor-element-populated\">\n\t\t\t\t\t\t<div class=\"elementor-element elementor-element-3206b8e elementor-widget elementor-widget-image\" data-id=\"3206b8e\" data-element_type=\"widget\" data-e-type=\"widget\" data-settings=\"{&quot;_animation&quot;:&quot;none&quot;}\" data-widget_type=\"image.default\">\n\t\t\t\t<div class=\"elementor-widget-container\">\n\t\t\t\t\t\t\t\t\t\t\t\t\t\t\t<img fetchpriority=\"high\" decoding=\"async\" width=\"705\" height=\"591\" src=\"https:\/\/inclusivecourts.pt\/wp-content\/uploads\/2021\/11\/WEBINAR-17NOV.jpg\" class=\"elementor-animation-grow attachment-medium_large size-medium_large wp-image-1544\" alt=\"\" srcset=\"https:\/\/inclusivecourts.pt\/wp-content\/uploads\/2021\/11\/WEBINAR-17NOV.jpg 705w, https:\/\/inclusivecourts.pt\/wp-content\/uploads\/2021\/11\/WEBINAR-17NOV-300x251.jpg 300w, https:\/\/inclusivecourts.pt\/wp-content\/uploads\/2021\/11\/WEBINAR-17NOV-14x12.jpg 14w\" sizes=\"(max-width: 705px) 100vw, 705px\" \/>\t\t\t\t\t\t\t\t\t\t\t\t\t\t\t<\/div>\n\t\t\t\t<\/div>\n\t\t\t\t\t<\/div>\n\t\t<\/div>\n\t\t\t\t\t<\/div>\n\t\t<\/section>\n\t\t\t\t\t<\/div>\n\t\t<\/div>\n\t\t\t\t\t<\/div>\n\t\t<\/section>\n\t\t\t\t<\/div>","protected":false},"excerpt":{"rendered":"<p>Patr\u00edcia Jer\u00f3nimo discute o combate ao racismo e \u00e0 discrimina\u00e7\u00e3o em webinar do Instituto Nacional de Administra\u00e7\u00e3o Patr\u00edcia Jer\u00f3nimo foi a oradora convidada do webinar inaugural do ciclo de webINArs organizado pelo Instituto Nacional de Administra\u00e7\u00e3o (INA), no quadro da aplica\u00e7\u00e3o do \u201cPlano Nacional de Combate ao Racismo e \u00e0 Discrimina\u00e7\u00e3o 2021-2025 \u2013 Portugal contra&hellip;<\/p>","protected":false},"author":1,"featured_media":0,"parent":0,"menu_order":0,"comment_status":"closed","ping_status":"closed","template":"","meta":{"footnotes":""},"class_list":["post-1541","page","type-page","status-publish","hentry"],"_links":{"self":[{"href":"https:\/\/inclusivecourts.pt\/en\/wp-json\/wp\/v2\/pages\/1541","targetHints":{"allow":["GET"]}}],"collection":[{"href":"https:\/\/inclusivecourts.pt\/en\/wp-json\/wp\/v2\/pages"}],"about":[{"href":"https:\/\/inclusivecourts.pt\/en\/wp-json\/wp\/v2\/types\/page"}],"author":[{"embeddable":true,"href":"https:\/\/inclusivecourts.pt\/en\/wp-json\/wp\/v2\/users\/1"}],"replies":[{"embeddable":true,"href":"https:\/\/inclusivecourts.pt\/en\/wp-json\/wp\/v2\/comments?post=1541"}],"version-history":[{"count":7,"href":"https:\/\/inclusivecourts.pt\/en\/wp-json\/wp\/v2\/pages\/1541\/revisions"}],"predecessor-version":[{"id":1556,"href":"https:\/\/inclusivecourts.pt\/en\/wp-json\/wp\/v2\/pages\/1541\/revisions\/1556"}],"wp:attachment":[{"href":"https:\/\/inclusivecourts.pt\/en\/wp-json\/wp\/v2\/media?parent=1541"}],"curies":[{"name":"wp","href":"https:\/\/api.w.org\/{rel}","templated":true}]}}

Patrícia Jerónimo discusses the fight against racism and discrimination in webinar hosted by the Portuguese National Institute for Administration

<div data-elementor-type="wp-page" data-elementor-id="1541" class="elementor elementor-1541" data-elementor-post-type="page">
						<section class="elementor-section elementor-top-section elementor-element elementor-element-b3b27e8 elementor-section-boxed elementor-section-height-default elementor-section-height-default" data-id="b3b27e8" data-element_type="section" data-e-type="section">
						<div class="elementor-container elementor-column-gap-default">
					<div class="elementor-column elementor-col-100 elementor-top-column elementor-element elementor-element-950192f" data-id="950192f" data-element_type="column" data-e-type="column">
			<div class="elementor-widget-wrap elementor-element-populated">
						<div class="elementor-element elementor-element-6ffdbba elementor-widget elementor-widget-text-editor" data-id="6ffdbba" data-element_type="widget" data-e-type="widget" data-widget_type="text-editor.default">
				<div class="elementor-widget-container">
									<p><strong>Patrícia Jerónimo discusses the fight against racism and discrimination in webinar hosted by the Portuguese National Institute for Administration</strong></p>								</div>
				</div>
				<div class="elementor-element elementor-element-452dbed elementor-widget elementor-widget-text-editor" data-id="452dbed" data-element_type="widget" data-e-type="widget" data-widget_type="text-editor.default">
				<div class="elementor-widget-container">
									<p>Patrícia Jerónimo foi a oradora convidada do webinar inaugural do ciclo de webINArs organizado pelo Instituto Nacional de Administração (INA), no quadro da aplicação do “Plano Nacional de Combate ao Racismo e à Discriminação 2021-2025 – Portugal contra o racismo”, que prevê, entre outras atividades, a promoção de ações de informação dirigidas a trabalhadores e dirigentes da Administração Pública com o objetivo de disseminar conhecimento e de incentivar o desenvolvimento de programas de atuação na área da promoção da inclusão social e da diversidade.</p><p> </p><p>A sessão, que decorreu no dia 17 de novembro de 2021, foi conduzida por Sofia Crisóstomo, Vogal da Comissão Instaladora do INA, e teve como tema “Boas práticas na promoção da inclusão social e da diversidade em Portugal e em perspetiva comparada”. 482 pessoas participaram na sessão.</p>								</div>
				</div>
				<section class="elementor-section elementor-inner-section elementor-element elementor-element-fa5e046 elementor-section-boxed elementor-section-height-default elementor-section-height-default" data-id="fa5e046" data-element_type="section" data-e-type="section">
						<div class="elementor-container elementor-column-gap-default">
					<div class="elementor-column elementor-col-100 elementor-inner-column elementor-element elementor-element-e78e9d9 elementor-invisible" data-id="e78e9d9" data-element_type="column" data-e-type="column" data-settings="{&quot;animation&quot;:&quot;fadeInDown&quot;}">
			<div class="elementor-widget-wrap elementor-element-populated">
						<div class="elementor-element elementor-element-3206b8e elementor-widget elementor-widget-image" data-id="3206b8e" data-element_type="widget" data-e-type="widget" data-settings="{&quot;_animation&quot;:&quot;none&quot;}" data-widget_type="image.default">
				<div class="elementor-widget-container">
															<img fetchpriority="high" decoding="async" width="705" height="591" src="https://inclusivecourts.pt/wp-content/uploads/2021/11/WEBINAR-17NOV.jpg" class="elementor-animation-grow attachment-medium_large size-medium_large wp-image-1544" alt="" srcset="https://inclusivecourts.pt/wp-content/uploads/2021/11/WEBINAR-17NOV.jpg 705w, https://inclusivecourts.pt/wp-content/uploads/2021/11/WEBINAR-17NOV-300x251.jpg 300w, https://inclusivecourts.pt/wp-content/uploads/2021/11/WEBINAR-17NOV-14x12.jpg 14w" sizes="(max-width: 705px) 100vw, 705px" />															</div>
				</div>
					</div>
		</div>
					</div>
		</section>
					</div>
		</div>
					</div>
		</section>
				</div>

<p>Patrícia Jerónimo discute o combate ao racismo e à discriminação em webinar do Instituto Nacional de Administração Patrícia Jerónimo foi a oradora convidada do webinar inaugural do ciclo de webINArs organizado pelo Instituto Nacional de Administração (INA), no quadro da aplicação do “Plano Nacional de Combate ao Racismo e à Discriminação 2021-2025 – Portugal contra&hellip;</p>
