{"id":1469,"date":"2021-11-09T11:44:42","date_gmt":"2021-11-09T11:44:42","guid":{"rendered":"https:\/\/inclusivecourts.pt\/?page_id=1469"},"modified":"2021-11-09T12:06:07","modified_gmt":"2021-11-09T12:06:07","slug":"noticia37","status":"publish","type":"page","link":"https:\/\/inclusivecourts.pt\/en\/noticia37\/","title":{"rendered":"Projeto InclusiveCourts apresentado no FIC.A \u2013 Festival Internacional de Ci\u00eancia"},"content":{"rendered":"<div data-elementor-type=\"wp-page\" data-elementor-id=\"1469\" class=\"elementor elementor-1469\" data-elementor-post-type=\"page\">\n\t\t\t\t\t\t<section class=\"elementor-section elementor-top-section elementor-element elementor-element-b3b27e8 elementor-section-boxed elementor-section-height-default elementor-section-height-default\" data-id=\"b3b27e8\" data-element_type=\"section\" data-e-type=\"section\">\n\t\t\t\t\t\t<div class=\"elementor-container elementor-column-gap-default\">\n\t\t\t\t\t<div class=\"elementor-column elementor-col-100 elementor-top-column elementor-element elementor-element-950192f\" data-id=\"950192f\" data-element_type=\"column\" data-e-type=\"column\">\n\t\t\t<div class=\"elementor-widget-wrap elementor-element-populated\">\n\t\t\t\t\t\t<div class=\"elementor-element elementor-element-6ffdbba elementor-widget elementor-widget-text-editor\" data-id=\"6ffdbba\" data-element_type=\"widget\" data-e-type=\"widget\" data-widget_type=\"text-editor.default\">\n\t\t\t\t<div class=\"elementor-widget-container\">\n\t\t\t\t\t\t\t\t\t<p><strong>Projeto InclusiveCourts apresentado no FIC.A \u2013 Festival Internacional de Ci\u00eancia<\/strong><\/p>\t\t\t\t\t\t\t\t<\/div>\n\t\t\t\t<\/div>\n\t\t\t\t<div class=\"elementor-element elementor-element-452dbed elementor-widget elementor-widget-text-editor\" data-id=\"452dbed\" data-element_type=\"widget\" data-e-type=\"widget\" data-widget_type=\"text-editor.default\">\n\t\t\t\t<div class=\"elementor-widget-container\">\n\t\t\t\t\t\t\t\t\t<p>A convite da FCT, o projeto InclusiveCourts foi apresentado em v\u00eddeo no FIC.A \u2013 Festival Internacional de Ci\u00eancia (FIC.A), que teve lugar de 12 a 17 de outubro de 2021, no Pal\u00e1cio e Jardins do Marqu\u00eas de Pombal em Oeiras. Para o efeito, foi usado o v\u00eddeo de apresenta\u00e7\u00e3o do InclusiveCourts produzido para a Mostra I&amp;D Europeia em Humanidades, que foi realizado por uma equipa de estudantes da Escola Superior de Arte e Design (ESAD), coordenada por Marta Varzim e Alexandre Jacinto, em articula\u00e7\u00e3o com a IR do projeto, Patr\u00edcia Jer\u00f3nimo.<\/p><p class=\"translation-block\">For more information of FIC.A, see <a href=\"https:\/\/www.fica.pt\/\" target=\"_self\">https:\/\/www.fica.pt\/<\/a><\/p>\t\t\t\t\t\t\t\t<\/div>\n\t\t\t\t<\/div>\n\t\t\t\t<section class=\"elementor-section elementor-inner-section elementor-element elementor-element-fa5e046 elementor-section-boxed elementor-section-height-default elementor-section-height-default\" data-id=\"fa5e046\" data-element_type=\"section\" data-e-type=\"section\">\n\t\t\t\t\t\t<div class=\"elementor-container elementor-column-gap-default\">\n\t\t\t\t\t<div class=\"elementor-column elementor-col-100 elementor-inner-column elementor-element elementor-element-e78e9d9 elementor-invisible\" data-id=\"e78e9d9\" data-element_type=\"column\" data-e-type=\"column\" data-settings=\"{&quot;animation&quot;:&quot;fadeInDown&quot;}\">\n\t\t\t<div class=\"elementor-widget-wrap elementor-element-populated\">\n\t\t\t\t\t\t<div class=\"elementor-element elementor-element-3206b8e elementor-widget elementor-widget-image\" data-id=\"3206b8e\" data-element_type=\"widget\" data-e-type=\"widget\" data-settings=\"{&quot;_animation&quot;:&quot;none&quot;}\" data-widget_type=\"image.default\">\n\t\t\t\t<div class=\"elementor-widget-container\">\n\t\t\t\t\t\t\t\t\t\t\t\t\t\t\t<img fetchpriority=\"high\" decoding=\"async\" width=\"768\" height=\"432\" src=\"https:\/\/inclusivecourts.pt\/wp-content\/uploads\/2021\/11\/FIC.A-Oeiras-2021-768x432.jpg\" class=\"elementor-animation-grow attachment-medium_large size-medium_large wp-image-1479\" alt=\"\" srcset=\"https:\/\/inclusivecourts.pt\/wp-content\/uploads\/2021\/11\/FIC.A-Oeiras-2021-768x432.jpg 768w, https:\/\/inclusivecourts.pt\/wp-content\/uploads\/2021\/11\/FIC.A-Oeiras-2021-300x169.jpg 300w, https:\/\/inclusivecourts.pt\/wp-content\/uploads\/2021\/11\/FIC.A-Oeiras-2021-1024x576.jpg 1024w, https:\/\/inclusivecourts.pt\/wp-content\/uploads\/2021\/11\/FIC.A-Oeiras-2021-1536x864.jpg 1536w, https:\/\/inclusivecourts.pt\/wp-content\/uploads\/2021\/11\/FIC.A-Oeiras-2021-18x10.jpg 18w, https:\/\/inclusivecourts.pt\/wp-content\/uploads\/2021\/11\/FIC.A-Oeiras-2021-1140x641.jpg 1140w, https:\/\/inclusivecourts.pt\/wp-content\/uploads\/2021\/11\/FIC.A-Oeiras-2021.jpg 1920w\" sizes=\"(max-width: 768px) 100vw, 768px\" \/>\t\t\t\t\t\t\t\t\t\t\t\t\t\t\t<\/div>\n\t\t\t\t<\/div>\n\t\t\t\t\t<\/div>\n\t\t<\/div>\n\t\t\t\t\t<\/div>\n\t\t<\/section>\n\t\t\t\t\t<\/div>\n\t\t<\/div>\n\t\t\t\t\t<\/div>\n\t\t<\/section>\n\t\t\t\t<\/div>","protected":false},"excerpt":{"rendered":"<p>Projeto InclusiveCourts apresentado no FIC.A \u2013 Festival Internacional de Ci\u00eancia A convite da FCT, o projeto InclusiveCourts foi apresentado em v\u00eddeo no FIC.A \u2013 Festival Internacional de Ci\u00eancia (FIC.A), que teve lugar de 12 a 17 de outubro de 2021, no Pal\u00e1cio e Jardins do Marqu\u00eas de Pombal em Oeiras. Para o efeito, foi usado&hellip;<\/p>","protected":false},"author":1,"featured_media":0,"parent":0,"menu_order":0,"comment_status":"closed","ping_status":"closed","template":"","meta":{"footnotes":""},"class_list":["post-1469","page","type-page","status-publish","hentry"],"_links":{"self":[{"href":"https:\/\/inclusivecourts.pt\/en\/wp-json\/wp\/v2\/pages\/1469","targetHints":{"allow":["GET"]}}],"collection":[{"href":"https:\/\/inclusivecourts.pt\/en\/wp-json\/wp\/v2\/pages"}],"about":[{"href":"https:\/\/inclusivecourts.pt\/en\/wp-json\/wp\/v2\/types\/page"}],"author":[{"embeddable":true,"href":"https:\/\/inclusivecourts.pt\/en\/wp-json\/wp\/v2\/users\/1"}],"replies":[{"embeddable":true,"href":"https:\/\/inclusivecourts.pt\/en\/wp-json\/wp\/v2\/comments?post=1469"}],"version-history":[{"count":8,"href":"https:\/\/inclusivecourts.pt\/en\/wp-json\/wp\/v2\/pages\/1469\/revisions"}],"predecessor-version":[{"id":1485,"href":"https:\/\/inclusivecourts.pt\/en\/wp-json\/wp\/v2\/pages\/1469\/revisions\/1485"}],"wp:attachment":[{"href":"https:\/\/inclusivecourts.pt\/en\/wp-json\/wp\/v2\/media?parent=1469"}],"curies":[{"name":"wp","href":"https:\/\/api.w.org\/{rel}","templated":true}]}}

Projeto InclusiveCourts apresentado no FIC.A – Festival Internacional de Ciência

<div data-elementor-type="wp-page" data-elementor-id="1469" class="elementor elementor-1469" data-elementor-post-type="page">
						<section class="elementor-section elementor-top-section elementor-element elementor-element-b3b27e8 elementor-section-boxed elementor-section-height-default elementor-section-height-default" data-id="b3b27e8" data-element_type="section" data-e-type="section">
						<div class="elementor-container elementor-column-gap-default">
					<div class="elementor-column elementor-col-100 elementor-top-column elementor-element elementor-element-950192f" data-id="950192f" data-element_type="column" data-e-type="column">
			<div class="elementor-widget-wrap elementor-element-populated">
						<div class="elementor-element elementor-element-6ffdbba elementor-widget elementor-widget-text-editor" data-id="6ffdbba" data-element_type="widget" data-e-type="widget" data-widget_type="text-editor.default">
				<div class="elementor-widget-container">
									<p><strong>Projeto InclusiveCourts apresentado no FIC.A – Festival Internacional de Ciência</strong></p>								</div>
				</div>
				<div class="elementor-element elementor-element-452dbed elementor-widget elementor-widget-text-editor" data-id="452dbed" data-element_type="widget" data-e-type="widget" data-widget_type="text-editor.default">
				<div class="elementor-widget-container">
									<p>A convite da FCT, o projeto InclusiveCourts foi apresentado em vídeo no FIC.A – Festival Internacional de Ciência (FIC.A), que teve lugar de 12 a 17 de outubro de 2021, no Palácio e Jardins do Marquês de Pombal em Oeiras. Para o efeito, foi usado o vídeo de apresentação do InclusiveCourts produzido para a Mostra I&amp;D Europeia em Humanidades, que foi realizado por uma equipa de estudantes da Escola Superior de Arte e Design (ESAD), coordenada por Marta Varzim e Alexandre Jacinto, em articulação com a IR do projeto, Patrícia Jerónimo.</p><p class="translation-block">For more information of FIC.A, see <a href="https://www.fica.pt/" target="_self">https://www.fica.pt/</a></p>								</div>
				</div>
				<section class="elementor-section elementor-inner-section elementor-element elementor-element-fa5e046 elementor-section-boxed elementor-section-height-default elementor-section-height-default" data-id="fa5e046" data-element_type="section" data-e-type="section">
						<div class="elementor-container elementor-column-gap-default">
					<div class="elementor-column elementor-col-100 elementor-inner-column elementor-element elementor-element-e78e9d9 elementor-invisible" data-id="e78e9d9" data-element_type="column" data-e-type="column" data-settings="{&quot;animation&quot;:&quot;fadeInDown&quot;}">
			<div class="elementor-widget-wrap elementor-element-populated">
						<div class="elementor-element elementor-element-3206b8e elementor-widget elementor-widget-image" data-id="3206b8e" data-element_type="widget" data-e-type="widget" data-settings="{&quot;_animation&quot;:&quot;none&quot;}" data-widget_type="image.default">
				<div class="elementor-widget-container">
															<img fetchpriority="high" decoding="async" width="768" height="432" src="https://inclusivecourts.pt/wp-content/uploads/2021/11/FIC.A-Oeiras-2021-768x432.jpg" class="elementor-animation-grow attachment-medium_large size-medium_large wp-image-1479" alt="" srcset="https://inclusivecourts.pt/wp-content/uploads/2021/11/FIC.A-Oeiras-2021-768x432.jpg 768w, https://inclusivecourts.pt/wp-content/uploads/2021/11/FIC.A-Oeiras-2021-300x169.jpg 300w, https://inclusivecourts.pt/wp-content/uploads/2021/11/FIC.A-Oeiras-2021-1024x576.jpg 1024w, https://inclusivecourts.pt/wp-content/uploads/2021/11/FIC.A-Oeiras-2021-1536x864.jpg 1536w, https://inclusivecourts.pt/wp-content/uploads/2021/11/FIC.A-Oeiras-2021-18x10.jpg 18w, https://inclusivecourts.pt/wp-content/uploads/2021/11/FIC.A-Oeiras-2021-1140x641.jpg 1140w, https://inclusivecourts.pt/wp-content/uploads/2021/11/FIC.A-Oeiras-2021.jpg 1920w" sizes="(max-width: 768px) 100vw, 768px" />															</div>
				</div>
					</div>
		</div>
					</div>
		</section>
					</div>
		</div>
					</div>
		</section>
				</div>

<p>Projeto InclusiveCourts apresentado no FIC.A – Festival Internacional de Ciência A convite da FCT, o projeto InclusiveCourts foi apresentado em vídeo no FIC.A – Festival Internacional de Ciência (FIC.A), que teve lugar de 12 a 17 de outubro de 2021, no Palácio e Jardins do Marquês de Pombal em Oeiras. Para o efeito, foi usado&hellip;</p>
