{"id":1348,"date":"2021-07-12T14:55:21","date_gmt":"2021-07-12T14:55:21","guid":{"rendered":"https:\/\/inclusivecourts.pt\/?page_id=1348"},"modified":"2021-07-12T14:56:50","modified_gmt":"2021-07-12T14:56:50","slug":"noticia36","status":"publish","type":"page","link":"https:\/\/inclusivecourts.pt\/en\/noticia36\/","title":{"rendered":"Patr\u00edcia Jer\u00f3nimo at ICON-S 2021 Mundo Conference"},"content":{"rendered":"<div data-elementor-type=\"wp-page\" data-elementor-id=\"1348\" class=\"elementor elementor-1348\" data-elementor-post-type=\"page\">\n\t\t\t\t\t\t<section class=\"elementor-section elementor-top-section elementor-element elementor-element-b3b27e8 elementor-section-boxed elementor-section-height-default elementor-section-height-default\" data-id=\"b3b27e8\" data-element_type=\"section\" data-e-type=\"section\">\n\t\t\t\t\t\t<div class=\"elementor-container elementor-column-gap-default\">\n\t\t\t\t\t<div class=\"elementor-column elementor-col-100 elementor-top-column elementor-element elementor-element-950192f\" data-id=\"950192f\" data-element_type=\"column\" data-e-type=\"column\">\n\t\t\t<div class=\"elementor-widget-wrap elementor-element-populated\">\n\t\t\t\t\t\t<div class=\"elementor-element elementor-element-6ffdbba elementor-widget elementor-widget-text-editor\" data-id=\"6ffdbba\" data-element_type=\"widget\" data-e-type=\"widget\" data-widget_type=\"text-editor.default\">\n\t\t\t\t<div class=\"elementor-widget-container\">\n\t\t\t\t\t\t\t\t\t<p><strong>Patr\u00edcia Jer\u00f3nimo at ICON-S 2021 Mundo Conference<\/strong><\/p>\t\t\t\t\t\t\t\t<\/div>\n\t\t\t\t<\/div>\n\t\t\t\t<div class=\"elementor-element elementor-element-452dbed elementor-widget elementor-widget-text-editor\" data-id=\"452dbed\" data-element_type=\"widget\" data-e-type=\"widget\" data-widget_type=\"text-editor.default\">\n\t\t\t\t<div class=\"elementor-widget-container\">\n\t\t\t\t\t\t\t\t\t<p>Patr\u00edcia Jer\u00f3nimo apresentou uma comunica\u00e7\u00e3o intitulada \u201cGender and culture in the courtroom: Notes from Southern Europe\u201d, integrada no painel <em>Gender in the Courtroom<\/em> da confer\u00eancia mundial sobre o Futuro do Direito P\u00fablico organizada online pela International Society of Public Law (ICON-S), entre os dias 6 e 9 de julho de 2021. O painel foi moderado por Paulina Mac\u00edas Ortega e contou ainda com a participa\u00e7\u00e3o de Beverley Baines, Sricheta Chowdhury e Jairo Lima.<\/p>\t\t\t\t\t\t\t\t<\/div>\n\t\t\t\t<\/div>\n\t\t\t\t<section class=\"elementor-section elementor-inner-section elementor-element elementor-element-fa5e046 elementor-section-boxed elementor-section-height-default elementor-section-height-default\" data-id=\"fa5e046\" data-element_type=\"section\" data-e-type=\"section\">\n\t\t\t\t\t\t<div class=\"elementor-container elementor-column-gap-default\">\n\t\t\t\t\t<div class=\"elementor-column elementor-col-100 elementor-inner-column elementor-element elementor-element-e78e9d9 elementor-invisible\" data-id=\"e78e9d9\" data-element_type=\"column\" data-e-type=\"column\" data-settings=\"{&quot;animation&quot;:&quot;fadeInDown&quot;}\">\n\t\t\t<div class=\"elementor-widget-wrap elementor-element-populated\">\n\t\t\t\t\t\t<div class=\"elementor-element elementor-element-3206b8e elementor-widget elementor-widget-image\" data-id=\"3206b8e\" data-element_type=\"widget\" data-e-type=\"widget\" data-settings=\"{&quot;_animation&quot;:&quot;none&quot;}\" data-widget_type=\"image.default\">\n\t\t\t\t<div class=\"elementor-widget-container\">\n\t\t\t\t\t\t\t\t\t\t\t\t\t\t\t<img fetchpriority=\"high\" decoding=\"async\" width=\"768\" height=\"438\" src=\"https:\/\/inclusivecourts.pt\/wp-content\/uploads\/2021\/07\/mundo-twitter-sharepic-sponsors-01-768x438.jpg\" class=\"elementor-animation-grow attachment-medium_large size-medium_large wp-image-1350\" alt=\"\" srcset=\"https:\/\/inclusivecourts.pt\/wp-content\/uploads\/2021\/07\/mundo-twitter-sharepic-sponsors-01-768x438.jpg 768w, https:\/\/inclusivecourts.pt\/wp-content\/uploads\/2021\/07\/mundo-twitter-sharepic-sponsors-01-300x171.jpg 300w, https:\/\/inclusivecourts.pt\/wp-content\/uploads\/2021\/07\/mundo-twitter-sharepic-sponsors-01-1024x585.jpg 1024w, https:\/\/inclusivecourts.pt\/wp-content\/uploads\/2021\/07\/mundo-twitter-sharepic-sponsors-01-1536x877.jpg 1536w, https:\/\/inclusivecourts.pt\/wp-content\/uploads\/2021\/07\/mundo-twitter-sharepic-sponsors-01-2048x1169.jpg 2048w, https:\/\/inclusivecourts.pt\/wp-content\/uploads\/2021\/07\/mundo-twitter-sharepic-sponsors-01-16x9.jpg 16w\" sizes=\"(max-width: 768px) 100vw, 768px\" \/>\t\t\t\t\t\t\t\t\t\t\t\t\t\t\t<\/div>\n\t\t\t\t<\/div>\n\t\t\t\t\t<\/div>\n\t\t<\/div>\n\t\t\t\t\t<\/div>\n\t\t<\/section>\n\t\t\t\t\t<\/div>\n\t\t<\/div>\n\t\t\t\t\t<\/div>\n\t\t<\/section>\n\t\t\t\t<\/div>","protected":false},"excerpt":{"rendered":"<p>Patr\u00edcia Jer\u00f3nimo na ICON-S 2021 Mundo Conference Patr\u00edcia Jer\u00f3nimo apresentou uma comunica\u00e7\u00e3o intitulada \u201cGender and culture in the courtroom: Notes from Southern Europe\u201d, integrada no painel Gender in the Courtroom da confer\u00eancia mundial sobre o Futuro do Direito P\u00fablico organizada online pela International Society of Public Law (ICON-S), entre os dias 6 e 9 de&hellip;<\/p>","protected":false},"author":1,"featured_media":0,"parent":0,"menu_order":0,"comment_status":"closed","ping_status":"closed","template":"","meta":{"footnotes":""},"class_list":["post-1348","page","type-page","status-publish","hentry"],"_links":{"self":[{"href":"https:\/\/inclusivecourts.pt\/en\/wp-json\/wp\/v2\/pages\/1348","targetHints":{"allow":["GET"]}}],"collection":[{"href":"https:\/\/inclusivecourts.pt\/en\/wp-json\/wp\/v2\/pages"}],"about":[{"href":"https:\/\/inclusivecourts.pt\/en\/wp-json\/wp\/v2\/types\/page"}],"author":[{"embeddable":true,"href":"https:\/\/inclusivecourts.pt\/en\/wp-json\/wp\/v2\/users\/1"}],"replies":[{"embeddable":true,"href":"https:\/\/inclusivecourts.pt\/en\/wp-json\/wp\/v2\/comments?post=1348"}],"version-history":[{"count":0,"href":"https:\/\/inclusivecourts.pt\/en\/wp-json\/wp\/v2\/pages\/1348\/revisions"}],"wp:attachment":[{"href":"https:\/\/inclusivecourts.pt\/en\/wp-json\/wp\/v2\/media?parent=1348"}],"curies":[{"name":"wp","href":"https:\/\/api.w.org\/{rel}","templated":true}]}}

Patrícia Jerónimo at ICON-S 2021 Mundo Conference

<div data-elementor-type="wp-page" data-elementor-id="1348" class="elementor elementor-1348" data-elementor-post-type="page">
						<section class="elementor-section elementor-top-section elementor-element elementor-element-b3b27e8 elementor-section-boxed elementor-section-height-default elementor-section-height-default" data-id="b3b27e8" data-element_type="section" data-e-type="section">
						<div class="elementor-container elementor-column-gap-default">
					<div class="elementor-column elementor-col-100 elementor-top-column elementor-element elementor-element-950192f" data-id="950192f" data-element_type="column" data-e-type="column">
			<div class="elementor-widget-wrap elementor-element-populated">
						<div class="elementor-element elementor-element-6ffdbba elementor-widget elementor-widget-text-editor" data-id="6ffdbba" data-element_type="widget" data-e-type="widget" data-widget_type="text-editor.default">
				<div class="elementor-widget-container">
									<p><strong>Patrícia Jerónimo at ICON-S 2021 Mundo Conference</strong></p>								</div>
				</div>
				<div class="elementor-element elementor-element-452dbed elementor-widget elementor-widget-text-editor" data-id="452dbed" data-element_type="widget" data-e-type="widget" data-widget_type="text-editor.default">
				<div class="elementor-widget-container">
									<p>Patrícia Jerónimo apresentou uma comunicação intitulada “Gender and culture in the courtroom: Notes from Southern Europe”, integrada no painel <em>Gender in the Courtroom</em> da conferência mundial sobre o Futuro do Direito Público organizada online pela International Society of Public Law (ICON-S), entre os dias 6 e 9 de julho de 2021. O painel foi moderado por Paulina Macías Ortega e contou ainda com a participação de Beverley Baines, Sricheta Chowdhury e Jairo Lima.</p>								</div>
				</div>
				<section class="elementor-section elementor-inner-section elementor-element elementor-element-fa5e046 elementor-section-boxed elementor-section-height-default elementor-section-height-default" data-id="fa5e046" data-element_type="section" data-e-type="section">
						<div class="elementor-container elementor-column-gap-default">
					<div class="elementor-column elementor-col-100 elementor-inner-column elementor-element elementor-element-e78e9d9 elementor-invisible" data-id="e78e9d9" data-element_type="column" data-e-type="column" data-settings="{&quot;animation&quot;:&quot;fadeInDown&quot;}">
			<div class="elementor-widget-wrap elementor-element-populated">
						<div class="elementor-element elementor-element-3206b8e elementor-widget elementor-widget-image" data-id="3206b8e" data-element_type="widget" data-e-type="widget" data-settings="{&quot;_animation&quot;:&quot;none&quot;}" data-widget_type="image.default">
				<div class="elementor-widget-container">
															<img fetchpriority="high" decoding="async" width="768" height="438" src="https://inclusivecourts.pt/wp-content/uploads/2021/07/mundo-twitter-sharepic-sponsors-01-768x438.jpg" class="elementor-animation-grow attachment-medium_large size-medium_large wp-image-1350" alt="" srcset="https://inclusivecourts.pt/wp-content/uploads/2021/07/mundo-twitter-sharepic-sponsors-01-768x438.jpg 768w, https://inclusivecourts.pt/wp-content/uploads/2021/07/mundo-twitter-sharepic-sponsors-01-300x171.jpg 300w, https://inclusivecourts.pt/wp-content/uploads/2021/07/mundo-twitter-sharepic-sponsors-01-1024x585.jpg 1024w, https://inclusivecourts.pt/wp-content/uploads/2021/07/mundo-twitter-sharepic-sponsors-01-1536x877.jpg 1536w, https://inclusivecourts.pt/wp-content/uploads/2021/07/mundo-twitter-sharepic-sponsors-01-2048x1169.jpg 2048w, https://inclusivecourts.pt/wp-content/uploads/2021/07/mundo-twitter-sharepic-sponsors-01-16x9.jpg 16w" sizes="(max-width: 768px) 100vw, 768px" />															</div>
				</div>
					</div>
		</div>
					</div>
		</section>
					</div>
		</div>
					</div>
		</section>
				</div>

<p>Patrícia Jerónimo na ICON-S 2021 Mundo Conference Patrícia Jerónimo apresentou uma comunicação intitulada “Gender and culture in the courtroom: Notes from Southern Europe”, integrada no painel Gender in the Courtroom da conferência mundial sobre o Futuro do Direito Público organizada online pela International Society of Public Law (ICON-S), entre os dias 6 e 9 de&hellip;</p>
