{"id":1325,"date":"2021-07-02T16:32:57","date_gmt":"2021-07-02T16:32:57","guid":{"rendered":"https:\/\/inclusivecourts.pt\/?page_id=1325"},"modified":"2021-07-05T16:53:08","modified_gmt":"2021-07-05T16:53:08","slug":"noticia35","status":"publish","type":"page","link":"https:\/\/inclusivecourts.pt\/en\/noticia35\/","title":{"rendered":"Patr\u00edcia Jer\u00f3nimo talks about feminism and multiculturalism at AJP conference"},"content":{"rendered":"<div data-elementor-type=\"wp-page\" data-elementor-id=\"1325\" class=\"elementor elementor-1325\" data-elementor-post-type=\"page\">\n\t\t\t\t\t\t<section class=\"elementor-section elementor-top-section elementor-element elementor-element-b3b27e8 elementor-section-boxed elementor-section-height-default elementor-section-height-default\" data-id=\"b3b27e8\" data-element_type=\"section\" data-e-type=\"section\">\n\t\t\t\t\t\t<div class=\"elementor-container elementor-column-gap-default\">\n\t\t\t\t\t<div class=\"elementor-column elementor-col-100 elementor-top-column elementor-element elementor-element-950192f\" data-id=\"950192f\" data-element_type=\"column\" data-e-type=\"column\">\n\t\t\t<div class=\"elementor-widget-wrap elementor-element-populated\">\n\t\t\t\t\t\t<div class=\"elementor-element elementor-element-6ffdbba elementor-widget elementor-widget-text-editor\" data-id=\"6ffdbba\" data-element_type=\"widget\" data-e-type=\"widget\" data-widget_type=\"text-editor.default\">\n\t\t\t\t<div class=\"elementor-widget-container\">\n\t\t\t\t\t\t\t\t\t<p><strong>Patr\u00edcia Jer\u00f3nimo talks about feminism and multiculturalism at AJP conference<\/strong><\/p>\t\t\t\t\t\t\t\t<\/div>\n\t\t\t\t<\/div>\n\t\t\t\t<div class=\"elementor-element elementor-element-452dbed elementor-widget elementor-widget-text-editor\" data-id=\"452dbed\" data-element_type=\"widget\" data-e-type=\"widget\" data-widget_type=\"text-editor.default\">\n\t\t\t\t<div class=\"elementor-widget-container\">\n\t\t\t\t\t\t\t\t\t<p>Patr\u00edcia Jer\u00f3nimo participou com Sara Ara\u00fajo, do Centro de Estudos Sociais da Universidade de Coimbra, numa confer\u00eancia organizada pela Associa\u00e7\u00e3o das Ju\u00edzas Portuguesas (AJP) subordinada ao tema <em>Sentido do Feminismo no S\u00e9c. XXI<\/em>. Na confer\u00eancia, que decorreu online no dia 1 de julho de 2021, Patr\u00edcia Jer\u00f3nimo apresentou uma comunica\u00e7\u00e3o intitulada \u201cG\u00e9nero e diferen\u00e7a cultural na pr\u00e1tica dos tribunais\u201d.<\/p>\t\t\t\t\t\t\t\t<\/div>\n\t\t\t\t<\/div>\n\t\t\t\t<section class=\"elementor-section elementor-inner-section elementor-element elementor-element-fa5e046 elementor-section-boxed elementor-section-height-default elementor-section-height-default\" data-id=\"fa5e046\" data-element_type=\"section\" data-e-type=\"section\">\n\t\t\t\t\t\t<div class=\"elementor-container elementor-column-gap-default\">\n\t\t\t\t\t<div class=\"elementor-column elementor-col-100 elementor-inner-column elementor-element elementor-element-e78e9d9 elementor-invisible\" data-id=\"e78e9d9\" data-element_type=\"column\" data-e-type=\"column\" data-settings=\"{&quot;animation&quot;:&quot;fadeInDown&quot;}\">\n\t\t\t<div class=\"elementor-widget-wrap elementor-element-populated\">\n\t\t\t\t\t\t<div class=\"elementor-element elementor-element-3206b8e elementor-widget elementor-widget-image\" data-id=\"3206b8e\" data-element_type=\"widget\" data-e-type=\"widget\" data-settings=\"{&quot;_animation&quot;:&quot;none&quot;}\" data-widget_type=\"image.default\">\n\t\t\t\t<div class=\"elementor-widget-container\">\n\t\t\t\t\t\t\t\t\t\t\t\t\t\t\t<img fetchpriority=\"high\" decoding=\"async\" width=\"768\" height=\"369\" src=\"https:\/\/inclusivecourts.pt\/wp-content\/uploads\/2021\/07\/Captura-de-Ecra-93-1-768x369.png\" class=\"elementor-animation-grow attachment-medium_large size-medium_large wp-image-1337\" alt=\"\" srcset=\"https:\/\/inclusivecourts.pt\/wp-content\/uploads\/2021\/07\/Captura-de-Ecra-93-1-768x369.png 768w, https:\/\/inclusivecourts.pt\/wp-content\/uploads\/2021\/07\/Captura-de-Ecra-93-1-300x144.png 300w, https:\/\/inclusivecourts.pt\/wp-content\/uploads\/2021\/07\/Captura-de-Ecra-93-1-1024x492.png 1024w, https:\/\/inclusivecourts.pt\/wp-content\/uploads\/2021\/07\/Captura-de-Ecra-93-1-1536x738.png 1536w, https:\/\/inclusivecourts.pt\/wp-content\/uploads\/2021\/07\/Captura-de-Ecra-93-1-16x8.png 16w, https:\/\/inclusivecourts.pt\/wp-content\/uploads\/2021\/07\/Captura-de-Ecra-93-1.png 1886w\" sizes=\"(max-width: 768px) 100vw, 768px\" \/>\t\t\t\t\t\t\t\t\t\t\t\t\t\t\t<\/div>\n\t\t\t\t<\/div>\n\t\t\t\t\t<\/div>\n\t\t<\/div>\n\t\t\t\t\t<\/div>\n\t\t<\/section>\n\t\t\t\t\t<\/div>\n\t\t<\/div>\n\t\t\t\t\t<\/div>\n\t\t<\/section>\n\t\t\t\t<\/div>","protected":false},"excerpt":{"rendered":"<p>Patr\u00edcia Jer\u00f3nimo discute feminismo e multiculturalismo em confer\u00eancia da Associa\u00e7\u00e3o das Ju\u00edzas Portuguesas (AJP) Patr\u00edcia Jer\u00f3nimo participou com Sara Ara\u00fajo, do Centro de Estudos Sociais da Universidade de Coimbra, numa confer\u00eancia organizada pela Associa\u00e7\u00e3o das Ju\u00edzas Portuguesas (AJP) subordinada ao tema Sentido do Feminismo no S\u00e9c. XXI. Na confer\u00eancia, que decorreu online no dia 1&hellip;<\/p>","protected":false},"author":1,"featured_media":0,"parent":0,"menu_order":0,"comment_status":"closed","ping_status":"closed","template":"","meta":{"footnotes":""},"class_list":["post-1325","page","type-page","status-publish","hentry"],"_links":{"self":[{"href":"https:\/\/inclusivecourts.pt\/en\/wp-json\/wp\/v2\/pages\/1325","targetHints":{"allow":["GET"]}}],"collection":[{"href":"https:\/\/inclusivecourts.pt\/en\/wp-json\/wp\/v2\/pages"}],"about":[{"href":"https:\/\/inclusivecourts.pt\/en\/wp-json\/wp\/v2\/types\/page"}],"author":[{"embeddable":true,"href":"https:\/\/inclusivecourts.pt\/en\/wp-json\/wp\/v2\/users\/1"}],"replies":[{"embeddable":true,"href":"https:\/\/inclusivecourts.pt\/en\/wp-json\/wp\/v2\/comments?post=1325"}],"version-history":[{"count":0,"href":"https:\/\/inclusivecourts.pt\/en\/wp-json\/wp\/v2\/pages\/1325\/revisions"}],"wp:attachment":[{"href":"https:\/\/inclusivecourts.pt\/en\/wp-json\/wp\/v2\/media?parent=1325"}],"curies":[{"name":"wp","href":"https:\/\/api.w.org\/{rel}","templated":true}]}}

Patrícia Jerónimo talks about feminism and multiculturalism at AJP conference

<div data-elementor-type="wp-page" data-elementor-id="1325" class="elementor elementor-1325" data-elementor-post-type="page">
						<section class="elementor-section elementor-top-section elementor-element elementor-element-b3b27e8 elementor-section-boxed elementor-section-height-default elementor-section-height-default" data-id="b3b27e8" data-element_type="section" data-e-type="section">
						<div class="elementor-container elementor-column-gap-default">
					<div class="elementor-column elementor-col-100 elementor-top-column elementor-element elementor-element-950192f" data-id="950192f" data-element_type="column" data-e-type="column">
			<div class="elementor-widget-wrap elementor-element-populated">
						<div class="elementor-element elementor-element-6ffdbba elementor-widget elementor-widget-text-editor" data-id="6ffdbba" data-element_type="widget" data-e-type="widget" data-widget_type="text-editor.default">
				<div class="elementor-widget-container">
									<p><strong>Patrícia Jerónimo talks about feminism and multiculturalism at AJP conference</strong></p>								</div>
				</div>
				<div class="elementor-element elementor-element-452dbed elementor-widget elementor-widget-text-editor" data-id="452dbed" data-element_type="widget" data-e-type="widget" data-widget_type="text-editor.default">
				<div class="elementor-widget-container">
									<p>Patrícia Jerónimo participou com Sara Araújo, do Centro de Estudos Sociais da Universidade de Coimbra, numa conferência organizada pela Associação das Juízas Portuguesas (AJP) subordinada ao tema <em>Sentido do Feminismo no Séc. XXI</em>. Na conferência, que decorreu online no dia 1 de julho de 2021, Patrícia Jerónimo apresentou uma comunicação intitulada “Género e diferença cultural na prática dos tribunais”.</p>								</div>
				</div>
				<section class="elementor-section elementor-inner-section elementor-element elementor-element-fa5e046 elementor-section-boxed elementor-section-height-default elementor-section-height-default" data-id="fa5e046" data-element_type="section" data-e-type="section">
						<div class="elementor-container elementor-column-gap-default">
					<div class="elementor-column elementor-col-100 elementor-inner-column elementor-element elementor-element-e78e9d9 elementor-invisible" data-id="e78e9d9" data-element_type="column" data-e-type="column" data-settings="{&quot;animation&quot;:&quot;fadeInDown&quot;}">
			<div class="elementor-widget-wrap elementor-element-populated">
						<div class="elementor-element elementor-element-3206b8e elementor-widget elementor-widget-image" data-id="3206b8e" data-element_type="widget" data-e-type="widget" data-settings="{&quot;_animation&quot;:&quot;none&quot;}" data-widget_type="image.default">
				<div class="elementor-widget-container">
															<img fetchpriority="high" decoding="async" width="768" height="369" src="https://inclusivecourts.pt/wp-content/uploads/2021/07/Captura-de-Ecra-93-1-768x369.png" class="elementor-animation-grow attachment-medium_large size-medium_large wp-image-1337" alt="" srcset="https://inclusivecourts.pt/wp-content/uploads/2021/07/Captura-de-Ecra-93-1-768x369.png 768w, https://inclusivecourts.pt/wp-content/uploads/2021/07/Captura-de-Ecra-93-1-300x144.png 300w, https://inclusivecourts.pt/wp-content/uploads/2021/07/Captura-de-Ecra-93-1-1024x492.png 1024w, https://inclusivecourts.pt/wp-content/uploads/2021/07/Captura-de-Ecra-93-1-1536x738.png 1536w, https://inclusivecourts.pt/wp-content/uploads/2021/07/Captura-de-Ecra-93-1-16x8.png 16w, https://inclusivecourts.pt/wp-content/uploads/2021/07/Captura-de-Ecra-93-1.png 1886w" sizes="(max-width: 768px) 100vw, 768px" />															</div>
				</div>
					</div>
		</div>
					</div>
		</section>
					</div>
		</div>
					</div>
		</section>
				</div>

<p>Patrícia Jerónimo discute feminismo e multiculturalismo em conferência da Associação das Juízas Portuguesas (AJP) Patrícia Jerónimo participou com Sara Araújo, do Centro de Estudos Sociais da Universidade de Coimbra, numa conferência organizada pela Associação das Juízas Portuguesas (AJP) subordinada ao tema Sentido do Feminismo no Séc. XXI. Na conferência, que decorreu online no dia 1&hellip;</p>
