{"id":1312,"date":"2021-07-01T07:58:39","date_gmt":"2021-07-01T07:58:39","guid":{"rendered":"https:\/\/inclusivecourts.pt\/?page_id=1312"},"modified":"2021-07-01T08:04:44","modified_gmt":"2021-07-01T08:04:44","slug":"noticia34","status":"publish","type":"page","link":"https:\/\/inclusivecourts.pt\/en\/noticia34\/","title":{"rendered":"InclusiveCourts presented at the FCT\u2019s Meeting with Science and Technology \u2013 Encontro Ci\u00eancia 2021"},"content":{"rendered":"<div data-elementor-type=\"wp-page\" data-elementor-id=\"1312\" class=\"elementor elementor-1312\" data-elementor-post-type=\"page\">\n\t\t\t\t\t\t<section class=\"elementor-section elementor-top-section elementor-element elementor-element-b3b27e8 elementor-section-boxed elementor-section-height-default elementor-section-height-default\" data-id=\"b3b27e8\" data-element_type=\"section\" data-e-type=\"section\">\n\t\t\t\t\t\t<div class=\"elementor-container elementor-column-gap-default\">\n\t\t\t\t\t<div class=\"elementor-column elementor-col-100 elementor-top-column elementor-element elementor-element-950192f\" data-id=\"950192f\" data-element_type=\"column\" data-e-type=\"column\">\n\t\t\t<div class=\"elementor-widget-wrap elementor-element-populated\">\n\t\t\t\t\t\t<div class=\"elementor-element elementor-element-6ffdbba elementor-widget elementor-widget-text-editor\" data-id=\"6ffdbba\" data-element_type=\"widget\" data-e-type=\"widget\" data-widget_type=\"text-editor.default\">\n\t\t\t\t<div class=\"elementor-widget-container\">\n\t\t\t\t\t\t\t\t\t<p><strong>InclusiveCourts presented at the FCT\u2019s Meeting with Science and Technology \u2013 Encontro Ci\u00eancia 2021<\/strong><\/p>\t\t\t\t\t\t\t\t<\/div>\n\t\t\t\t<\/div>\n\t\t\t\t<div class=\"elementor-element elementor-element-452dbed elementor-widget elementor-widget-text-editor\" data-id=\"452dbed\" data-element_type=\"widget\" data-e-type=\"widget\" data-widget_type=\"text-editor.default\">\n\t\t\t\t<div class=\"elementor-widget-container\">\n\t\t\t\t\t\t\t\t\t<p>O projeto InclusiveCourts foi apresentado por Patr\u00edcia Jer\u00f3nimo, num painel intitulado \u201cIgualdade, Inclus\u00e3o e Cidadania I\u201d, integrado no programa de sess\u00f5es tem\u00e1ticas do Encontro Ci\u00eancia 2021, que decorreu no Centro de Congressos de Lisboa, nos dias 28, 29 e 30 de junho de 2021.<\/p><p>The Meeting with Science and Technology \u2013 Encontro Ci\u00eancia 2021 \u2013 was organised by the Portuguese Science and Technology Foundation (FCT), in collaboration with Ci\u00eancia Viva and the Parliamentary Commission on Education, Science, Youth and Sports, and with the institutional support of the Ministry for Science, Technology and Higher Education.<\/p><p class=\"translation-block\">The video of the session is available at <a href=\"https:\/\/www.youtube.com\/watch?v=RS2OYJHN1f4\" target=\"_self\">https:\/\/www.youtube.com\/watch?v=RS2OYJHN1f4<\/a><\/p>\t\t\t\t\t\t\t\t<\/div>\n\t\t\t\t<\/div>\n\t\t\t\t<section class=\"elementor-section elementor-inner-section elementor-element elementor-element-fa5e046 elementor-section-boxed elementor-section-height-default elementor-section-height-default\" data-id=\"fa5e046\" data-element_type=\"section\" data-e-type=\"section\">\n\t\t\t\t\t\t<div class=\"elementor-container elementor-column-gap-default\">\n\t\t\t\t\t<div class=\"elementor-column elementor-col-100 elementor-inner-column elementor-element elementor-element-e78e9d9 elementor-invisible\" data-id=\"e78e9d9\" data-element_type=\"column\" data-e-type=\"column\" data-settings=\"{&quot;animation&quot;:&quot;fadeInDown&quot;}\">\n\t\t\t<div class=\"elementor-widget-wrap elementor-element-populated\">\n\t\t\t\t\t\t<div class=\"elementor-element elementor-element-3206b8e elementor-widget elementor-widget-image\" data-id=\"3206b8e\" data-element_type=\"widget\" data-e-type=\"widget\" data-settings=\"{&quot;_animation&quot;:&quot;none&quot;}\" data-widget_type=\"image.default\">\n\t\t\t\t<div class=\"elementor-widget-container\">\n\t\t\t\t\t\t\t\t\t\t\t\t\t\t\t<img fetchpriority=\"high\" decoding=\"async\" width=\"768\" height=\"432\" src=\"https:\/\/inclusivecourts.pt\/wp-content\/uploads\/2021\/07\/Captura-de-Ecra-85-768x432.png\" class=\"elementor-animation-grow attachment-medium_large size-medium_large wp-image-1315\" alt=\"\" srcset=\"https:\/\/inclusivecourts.pt\/wp-content\/uploads\/2021\/07\/Captura-de-Ecra-85-768x432.png 768w, https:\/\/inclusivecourts.pt\/wp-content\/uploads\/2021\/07\/Captura-de-Ecra-85-300x169.png 300w, https:\/\/inclusivecourts.pt\/wp-content\/uploads\/2021\/07\/Captura-de-Ecra-85-1024x576.png 1024w, https:\/\/inclusivecourts.pt\/wp-content\/uploads\/2021\/07\/Captura-de-Ecra-85-1536x864.png 1536w, https:\/\/inclusivecourts.pt\/wp-content\/uploads\/2021\/07\/Captura-de-Ecra-85-16x9.png 16w, https:\/\/inclusivecourts.pt\/wp-content\/uploads\/2021\/07\/Captura-de-Ecra-85-1140x641.png 1140w, https:\/\/inclusivecourts.pt\/wp-content\/uploads\/2021\/07\/Captura-de-Ecra-85.png 1920w\" sizes=\"(max-width: 768px) 100vw, 768px\" \/>\t\t\t\t\t\t\t\t\t\t\t\t\t\t\t<\/div>\n\t\t\t\t<\/div>\n\t\t\t\t\t<\/div>\n\t\t<\/div>\n\t\t\t\t\t<\/div>\n\t\t<\/section>\n\t\t\t\t\t<\/div>\n\t\t<\/div>\n\t\t\t\t\t<\/div>\n\t\t<\/section>\n\t\t\t\t<\/div>","protected":false},"excerpt":{"rendered":"<p>InclusiveCourts apresentado no Encontro Ci\u00eancia 2021 O projeto InclusiveCourts foi apresentado por Patr\u00edcia Jer\u00f3nimo, num painel intitulado \u201cIgualdade, Inclus\u00e3o e Cidadania I\u201d, integrado no programa de sess\u00f5es tem\u00e1ticas do Encontro Ci\u00eancia 2021, que decorreu no Centro de Congressos de Lisboa, nos dias 28, 29 e 30 de junho de 2021. O Ci\u00eancia 2021 foi promovido&hellip;<\/p>","protected":false},"author":1,"featured_media":0,"parent":0,"menu_order":0,"comment_status":"closed","ping_status":"closed","template":"","meta":{"footnotes":""},"class_list":["post-1312","page","type-page","status-publish","hentry"],"_links":{"self":[{"href":"https:\/\/inclusivecourts.pt\/en\/wp-json\/wp\/v2\/pages\/1312","targetHints":{"allow":["GET"]}}],"collection":[{"href":"https:\/\/inclusivecourts.pt\/en\/wp-json\/wp\/v2\/pages"}],"about":[{"href":"https:\/\/inclusivecourts.pt\/en\/wp-json\/wp\/v2\/types\/page"}],"author":[{"embeddable":true,"href":"https:\/\/inclusivecourts.pt\/en\/wp-json\/wp\/v2\/users\/1"}],"replies":[{"embeddable":true,"href":"https:\/\/inclusivecourts.pt\/en\/wp-json\/wp\/v2\/comments?post=1312"}],"version-history":[{"count":0,"href":"https:\/\/inclusivecourts.pt\/en\/wp-json\/wp\/v2\/pages\/1312\/revisions"}],"wp:attachment":[{"href":"https:\/\/inclusivecourts.pt\/en\/wp-json\/wp\/v2\/media?parent=1312"}],"curies":[{"name":"wp","href":"https:\/\/api.w.org\/{rel}","templated":true}]}}

InclusiveCourts presented at the FCT’s Meeting with Science and Technology – Encontro Ciência 2021

<div data-elementor-type="wp-page" data-elementor-id="1312" class="elementor elementor-1312" data-elementor-post-type="page">
						<section class="elementor-section elementor-top-section elementor-element elementor-element-b3b27e8 elementor-section-boxed elementor-section-height-default elementor-section-height-default" data-id="b3b27e8" data-element_type="section" data-e-type="section">
						<div class="elementor-container elementor-column-gap-default">
					<div class="elementor-column elementor-col-100 elementor-top-column elementor-element elementor-element-950192f" data-id="950192f" data-element_type="column" data-e-type="column">
			<div class="elementor-widget-wrap elementor-element-populated">
						<div class="elementor-element elementor-element-6ffdbba elementor-widget elementor-widget-text-editor" data-id="6ffdbba" data-element_type="widget" data-e-type="widget" data-widget_type="text-editor.default">
				<div class="elementor-widget-container">
									<p><strong>InclusiveCourts presented at the FCT’s Meeting with Science and Technology – Encontro Ciência 2021</strong></p>								</div>
				</div>
				<div class="elementor-element elementor-element-452dbed elementor-widget elementor-widget-text-editor" data-id="452dbed" data-element_type="widget" data-e-type="widget" data-widget_type="text-editor.default">
				<div class="elementor-widget-container">
									<p>O projeto InclusiveCourts foi apresentado por Patrícia Jerónimo, num painel intitulado “Igualdade, Inclusão e Cidadania I”, integrado no programa de sessões temáticas do Encontro Ciência 2021, que decorreu no Centro de Congressos de Lisboa, nos dias 28, 29 e 30 de junho de 2021.</p><p>The Meeting with Science and Technology – Encontro Ciência 2021 – was organised by the Portuguese Science and Technology Foundation (FCT), in collaboration with Ciência Viva and the Parliamentary Commission on Education, Science, Youth and Sports, and with the institutional support of the Ministry for Science, Technology and Higher Education.</p><p class="translation-block">The video of the session is available at <a href="https://www.youtube.com/watch?v=RS2OYJHN1f4" target="_self">https://www.youtube.com/watch?v=RS2OYJHN1f4</a></p>								</div>
				</div>
				<section class="elementor-section elementor-inner-section elementor-element elementor-element-fa5e046 elementor-section-boxed elementor-section-height-default elementor-section-height-default" data-id="fa5e046" data-element_type="section" data-e-type="section">
						<div class="elementor-container elementor-column-gap-default">
					<div class="elementor-column elementor-col-100 elementor-inner-column elementor-element elementor-element-e78e9d9 elementor-invisible" data-id="e78e9d9" data-element_type="column" data-e-type="column" data-settings="{&quot;animation&quot;:&quot;fadeInDown&quot;}">
			<div class="elementor-widget-wrap elementor-element-populated">
						<div class="elementor-element elementor-element-3206b8e elementor-widget elementor-widget-image" data-id="3206b8e" data-element_type="widget" data-e-type="widget" data-settings="{&quot;_animation&quot;:&quot;none&quot;}" data-widget_type="image.default">
				<div class="elementor-widget-container">
															<img fetchpriority="high" decoding="async" width="768" height="432" src="https://inclusivecourts.pt/wp-content/uploads/2021/07/Captura-de-Ecra-85-768x432.png" class="elementor-animation-grow attachment-medium_large size-medium_large wp-image-1315" alt="" srcset="https://inclusivecourts.pt/wp-content/uploads/2021/07/Captura-de-Ecra-85-768x432.png 768w, https://inclusivecourts.pt/wp-content/uploads/2021/07/Captura-de-Ecra-85-300x169.png 300w, https://inclusivecourts.pt/wp-content/uploads/2021/07/Captura-de-Ecra-85-1024x576.png 1024w, https://inclusivecourts.pt/wp-content/uploads/2021/07/Captura-de-Ecra-85-1536x864.png 1536w, https://inclusivecourts.pt/wp-content/uploads/2021/07/Captura-de-Ecra-85-16x9.png 16w, https://inclusivecourts.pt/wp-content/uploads/2021/07/Captura-de-Ecra-85-1140x641.png 1140w, https://inclusivecourts.pt/wp-content/uploads/2021/07/Captura-de-Ecra-85.png 1920w" sizes="(max-width: 768px) 100vw, 768px" />															</div>
				</div>
					</div>
		</div>
					</div>
		</section>
					</div>
		</div>
					</div>
		</section>
				</div>

<p>InclusiveCourts apresentado no Encontro Ciência 2021 O projeto InclusiveCourts foi apresentado por Patrícia Jerónimo, num painel intitulado “Igualdade, Inclusão e Cidadania I”, integrado no programa de sessões temáticas do Encontro Ciência 2021, que decorreu no Centro de Congressos de Lisboa, nos dias 28, 29 e 30 de junho de 2021. O Ciência 2021 foi promovido&hellip;</p>
