{"id":1224,"date":"2021-04-13T14:36:00","date_gmt":"2021-04-13T14:36:00","guid":{"rendered":"http:\/\/inclusivecourts.pt\/?page_id=1224"},"modified":"2021-04-13T14:38:59","modified_gmt":"2021-04-13T14:38:59","slug":"noticia30","status":"publish","type":"page","link":"https:\/\/inclusivecourts.pt\/en\/noticia30\/","title":{"rendered":"Manuela Ivone Cunha and Patr\u00edcia Jer\u00f3nimo take part in training session at CEJ"},"content":{"rendered":"<div data-elementor-type=\"wp-page\" data-elementor-id=\"1224\" class=\"elementor elementor-1224\" data-elementor-post-type=\"page\">\n\t\t\t\t\t\t<section class=\"elementor-section elementor-top-section elementor-element elementor-element-b3b27e8 elementor-section-boxed elementor-section-height-default elementor-section-height-default\" data-id=\"b3b27e8\" data-element_type=\"section\" data-e-type=\"section\">\n\t\t\t\t\t\t<div class=\"elementor-container elementor-column-gap-default\">\n\t\t\t\t\t<div class=\"elementor-column elementor-col-100 elementor-top-column elementor-element elementor-element-950192f\" data-id=\"950192f\" data-element_type=\"column\" data-e-type=\"column\">\n\t\t\t<div class=\"elementor-widget-wrap elementor-element-populated\">\n\t\t\t\t\t\t<div class=\"elementor-element elementor-element-6ffdbba elementor-widget elementor-widget-text-editor\" data-id=\"6ffdbba\" data-element_type=\"widget\" data-e-type=\"widget\" data-widget_type=\"text-editor.default\">\n\t\t\t\t<div class=\"elementor-widget-container\">\n\t\t\t\t\t\t\t\t\t<p><strong>Manuela Ivone Cunha and Patr\u00edcia Jer\u00f3nimo take part in training session at CEJ<\/strong><\/p>\t\t\t\t\t\t\t\t<\/div>\n\t\t\t\t<\/div>\n\t\t\t\t<div class=\"elementor-element elementor-element-452dbed elementor-widget elementor-widget-text-editor\" data-id=\"452dbed\" data-element_type=\"widget\" data-e-type=\"widget\" data-widget_type=\"text-editor.default\">\n\t\t\t\t<div class=\"elementor-widget-container\">\n\t\t\t\t\t\t\t\t\t<p>Manuela Ivone Cunha e Patr\u00edcia Jer\u00f3nimo apresentaram o projeto InclusiveCourts no quadro da A\u00e7\u00e3o de Forma\u00e7\u00e3o Cont\u00ednua do Centro de Estudos Judici\u00e1rios, subordinada ao tema \u201cMulticulturalidade e Direito\u201d, que teve lugar online no dia 12 de abril de 2021. A A\u00e7\u00e3o de Forma\u00e7\u00e3o dirigiu-se a magistrados judiciais e do Minist\u00e9rio P\u00fablico, advogados e outros profissionais da \u00e1rea forense, tendo como objetivos sensibilizar os intervenientes judici\u00e1rios para situa\u00e7\u00f5es de multiculturalidade nos tribunais, com vista \u00e0 sua compreens\u00e3o do ponto de vista da diversidade sociol\u00f3gica, nos campos da lingu\u00edstica e dos costumes, \u00e0 luz dos princ\u00edpios constitucionais.<\/p>\t\t\t\t\t\t\t\t<\/div>\n\t\t\t\t<\/div>\n\t\t\t\t<section class=\"elementor-section elementor-inner-section elementor-element elementor-element-fa5e046 elementor-section-boxed elementor-section-height-default elementor-section-height-default\" data-id=\"fa5e046\" data-element_type=\"section\" data-e-type=\"section\">\n\t\t\t\t\t\t<div class=\"elementor-container elementor-column-gap-default\">\n\t\t\t\t\t<div class=\"elementor-column elementor-col-100 elementor-inner-column elementor-element elementor-element-e78e9d9 elementor-invisible\" data-id=\"e78e9d9\" data-element_type=\"column\" data-e-type=\"column\" data-settings=\"{&quot;animation&quot;:&quot;fadeInDown&quot;}\">\n\t\t\t<div class=\"elementor-widget-wrap elementor-element-populated\">\n\t\t\t\t\t\t<div class=\"elementor-element elementor-element-3206b8e elementor-widget elementor-widget-image\" data-id=\"3206b8e\" data-element_type=\"widget\" data-e-type=\"widget\" data-settings=\"{&quot;_animation&quot;:&quot;none&quot;}\" data-widget_type=\"image.default\">\n\t\t\t\t<div class=\"elementor-widget-container\">\n\t\t\t\t\t\t\t\t\t\t\t\t\t\t\t<img fetchpriority=\"high\" decoding=\"async\" width=\"509\" height=\"281\" src=\"https:\/\/inclusivecourts.pt\/wp-content\/uploads\/2021\/04\/Programa-A21_-4.jpg\" class=\"elementor-animation-grow attachment-medium_large size-medium_large wp-image-1227\" alt=\"\" srcset=\"https:\/\/inclusivecourts.pt\/wp-content\/uploads\/2021\/04\/Programa-A21_-4.jpg 509w, https:\/\/inclusivecourts.pt\/wp-content\/uploads\/2021\/04\/Programa-A21_-4-300x166.jpg 300w, https:\/\/inclusivecourts.pt\/wp-content\/uploads\/2021\/04\/Programa-A21_-4-16x9.jpg 16w, https:\/\/inclusivecourts.pt\/wp-content\/uploads\/2021\/04\/Programa-A21_-4-360x200.jpg 360w\" sizes=\"(max-width: 509px) 100vw, 509px\" \/>\t\t\t\t\t\t\t\t\t\t\t\t\t\t\t<\/div>\n\t\t\t\t<\/div>\n\t\t\t\t\t<\/div>\n\t\t<\/div>\n\t\t\t\t\t<\/div>\n\t\t<\/section>\n\t\t\t\t\t<\/div>\n\t\t<\/div>\n\t\t\t\t\t<\/div>\n\t\t<\/section>\n\t\t\t\t<\/div>","protected":false},"excerpt":{"rendered":"<p>Manuela Ivone Cunha e Patr\u00edcia Jer\u00f3nimo participam em A\u00e7\u00e3o de Forma\u00e7\u00e3o do CEJ Manuela Ivone Cunha e Patr\u00edcia Jer\u00f3nimo apresentaram o projeto InclusiveCourts no quadro da A\u00e7\u00e3o de Forma\u00e7\u00e3o Cont\u00ednua do Centro de Estudos Judici\u00e1rios, subordinada ao tema \u201cMulticulturalidade e Direito\u201d, que teve lugar online no dia 12 de abril de 2021. A A\u00e7\u00e3o de&hellip;<\/p>","protected":false},"author":1,"featured_media":0,"parent":0,"menu_order":0,"comment_status":"closed","ping_status":"closed","template":"","meta":{"footnotes":""},"class_list":["post-1224","page","type-page","status-publish","hentry"],"_links":{"self":[{"href":"https:\/\/inclusivecourts.pt\/en\/wp-json\/wp\/v2\/pages\/1224","targetHints":{"allow":["GET"]}}],"collection":[{"href":"https:\/\/inclusivecourts.pt\/en\/wp-json\/wp\/v2\/pages"}],"about":[{"href":"https:\/\/inclusivecourts.pt\/en\/wp-json\/wp\/v2\/types\/page"}],"author":[{"embeddable":true,"href":"https:\/\/inclusivecourts.pt\/en\/wp-json\/wp\/v2\/users\/1"}],"replies":[{"embeddable":true,"href":"https:\/\/inclusivecourts.pt\/en\/wp-json\/wp\/v2\/comments?post=1224"}],"version-history":[{"count":0,"href":"https:\/\/inclusivecourts.pt\/en\/wp-json\/wp\/v2\/pages\/1224\/revisions"}],"wp:attachment":[{"href":"https:\/\/inclusivecourts.pt\/en\/wp-json\/wp\/v2\/media?parent=1224"}],"curies":[{"name":"wp","href":"https:\/\/api.w.org\/{rel}","templated":true}]}}

Manuela Ivone Cunha and Patrícia Jerónimo take part in training session at CEJ

<div data-elementor-type="wp-page" data-elementor-id="1224" class="elementor elementor-1224" data-elementor-post-type="page">
						<section class="elementor-section elementor-top-section elementor-element elementor-element-b3b27e8 elementor-section-boxed elementor-section-height-default elementor-section-height-default" data-id="b3b27e8" data-element_type="section" data-e-type="section">
						<div class="elementor-container elementor-column-gap-default">
					<div class="elementor-column elementor-col-100 elementor-top-column elementor-element elementor-element-950192f" data-id="950192f" data-element_type="column" data-e-type="column">
			<div class="elementor-widget-wrap elementor-element-populated">
						<div class="elementor-element elementor-element-6ffdbba elementor-widget elementor-widget-text-editor" data-id="6ffdbba" data-element_type="widget" data-e-type="widget" data-widget_type="text-editor.default">
				<div class="elementor-widget-container">
									<p><strong>Manuela Ivone Cunha and Patrícia Jerónimo take part in training session at CEJ</strong></p>								</div>
				</div>
				<div class="elementor-element elementor-element-452dbed elementor-widget elementor-widget-text-editor" data-id="452dbed" data-element_type="widget" data-e-type="widget" data-widget_type="text-editor.default">
				<div class="elementor-widget-container">
									<p>Manuela Ivone Cunha e Patrícia Jerónimo apresentaram o projeto InclusiveCourts no quadro da Ação de Formação Contínua do Centro de Estudos Judiciários, subordinada ao tema “Multiculturalidade e Direito”, que teve lugar online no dia 12 de abril de 2021. A Ação de Formação dirigiu-se a magistrados judiciais e do Ministério Público, advogados e outros profissionais da área forense, tendo como objetivos sensibilizar os intervenientes judiciários para situações de multiculturalidade nos tribunais, com vista à sua compreensão do ponto de vista da diversidade sociológica, nos campos da linguística e dos costumes, à luz dos princípios constitucionais.</p>								</div>
				</div>
				<section class="elementor-section elementor-inner-section elementor-element elementor-element-fa5e046 elementor-section-boxed elementor-section-height-default elementor-section-height-default" data-id="fa5e046" data-element_type="section" data-e-type="section">
						<div class="elementor-container elementor-column-gap-default">
					<div class="elementor-column elementor-col-100 elementor-inner-column elementor-element elementor-element-e78e9d9 elementor-invisible" data-id="e78e9d9" data-element_type="column" data-e-type="column" data-settings="{&quot;animation&quot;:&quot;fadeInDown&quot;}">
			<div class="elementor-widget-wrap elementor-element-populated">
						<div class="elementor-element elementor-element-3206b8e elementor-widget elementor-widget-image" data-id="3206b8e" data-element_type="widget" data-e-type="widget" data-settings="{&quot;_animation&quot;:&quot;none&quot;}" data-widget_type="image.default">
				<div class="elementor-widget-container">
															<img fetchpriority="high" decoding="async" width="509" height="281" src="https://inclusivecourts.pt/wp-content/uploads/2021/04/Programa-A21_-4.jpg" class="elementor-animation-grow attachment-medium_large size-medium_large wp-image-1227" alt="" srcset="https://inclusivecourts.pt/wp-content/uploads/2021/04/Programa-A21_-4.jpg 509w, https://inclusivecourts.pt/wp-content/uploads/2021/04/Programa-A21_-4-300x166.jpg 300w, https://inclusivecourts.pt/wp-content/uploads/2021/04/Programa-A21_-4-16x9.jpg 16w, https://inclusivecourts.pt/wp-content/uploads/2021/04/Programa-A21_-4-360x200.jpg 360w" sizes="(max-width: 509px) 100vw, 509px" />															</div>
				</div>
					</div>
		</div>
					</div>
		</section>
					</div>
		</div>
					</div>
		</section>
				</div>

<p>Manuela Ivone Cunha e Patrícia Jerónimo participam em Ação de Formação do CEJ Manuela Ivone Cunha e Patrícia Jerónimo apresentaram o projeto InclusiveCourts no quadro da Ação de Formação Contínua do Centro de Estudos Judiciários, subordinada ao tema “Multiculturalidade e Direito”, que teve lugar online no dia 12 de abril de 2021. A Ação de&hellip;</p>
