{"id":1128,"date":"2021-03-01T11:02:49","date_gmt":"2021-03-01T11:02:49","guid":{"rendered":"https:\/\/inclusivecourts.pt\/?page_id=1128"},"modified":"2021-03-01T11:04:53","modified_gmt":"2021-03-01T11:04:53","slug":"noticia25","status":"publish","type":"page","link":"https:\/\/inclusivecourts.pt\/en\/noticia25\/","title":{"rendered":"Patr\u00edcia Jer\u00f3nimo takes part in Hip\u00e1cia\u2019s conference on the migratory phenomena in contemporary history of Italy and Portugal"},"content":{"rendered":"<div data-elementor-type=\"wp-page\" data-elementor-id=\"1128\" class=\"elementor elementor-1128\" data-elementor-post-type=\"page\">\n\t\t\t\t\t\t<section class=\"elementor-section elementor-top-section elementor-element elementor-element-b3b27e8 elementor-section-boxed elementor-section-height-default elementor-section-height-default\" data-id=\"b3b27e8\" data-element_type=\"section\" data-e-type=\"section\">\n\t\t\t\t\t\t<div class=\"elementor-container elementor-column-gap-default\">\n\t\t\t\t\t<div class=\"elementor-column elementor-col-100 elementor-top-column elementor-element elementor-element-950192f\" data-id=\"950192f\" data-element_type=\"column\" data-e-type=\"column\">\n\t\t\t<div class=\"elementor-widget-wrap elementor-element-populated\">\n\t\t\t\t\t\t<div class=\"elementor-element elementor-element-6ffdbba elementor-widget elementor-widget-text-editor\" data-id=\"6ffdbba\" data-element_type=\"widget\" data-e-type=\"widget\" data-widget_type=\"text-editor.default\">\n\t\t\t\t<div class=\"elementor-widget-container\">\n\t\t\t\t\t\t\t\t\t<p><strong>Patr\u00edcia Jer\u00f3nimo takes part in Hip\u00e1cia\u2019s conference on the migratory phenomena in contemporary history of Italy and Portugal<\/strong><\/p>\t\t\t\t\t\t\t\t<\/div>\n\t\t\t\t<\/div>\n\t\t\t\t<div class=\"elementor-element elementor-element-452dbed elementor-widget elementor-widget-text-editor\" data-id=\"452dbed\" data-element_type=\"widget\" data-e-type=\"widget\" data-widget_type=\"text-editor.default\">\n\t\t\t\t<div class=\"elementor-widget-container\">\n\t\t\t\t\t\t\t\t\t<p class=\"translation-block\">Patr\u00edcia Jer\u00f3nimo apresentou uma comunica\u00e7\u00e3o sobre as pol\u00edticas de integra\u00e7\u00e3o e a prote\u00e7\u00e3o dos direitos dos migrantes internacionais em It\u00e1lia e em Portugal, no quadro da confer\u00eancia organizada pela Associa\u00e7\u00e3o dos Investigadores Italianos em Portugal (Hip\u00e1cia), no dia 26 de fevereiro de 2021. A confer\u00eancia contou com o apoio do Istituto Italiano di Cultura, da Associazione Socio-Culturale Italiana del Portogallo Dante Alighieri e da Embaixada de It\u00e1lia em Lisboa. Para al\u00e9m de Patr\u00edcia Jer\u00f3nimo, intervieram como oradores Guido Barbujani, da Universidade de Ferrara, Pedro G\u00f3is, da Universidade de Coimbra, e Michele Colucci, do Consiglio Nazionale delle Ricerche (CNR) italiano. A confer\u00eancia foi transmitida atrav\u00e9s do canal YouTube e pode ser visionada em https:\/\/www.youtube.com\/watch?v=ui__4K38RpU&amp;t=6591s<\/p>\t\t\t\t\t\t\t\t<\/div>\n\t\t\t\t<\/div>\n\t\t\t\t<section class=\"elementor-section elementor-inner-section elementor-element elementor-element-fa5e046 elementor-section-boxed elementor-section-height-default elementor-section-height-default\" data-id=\"fa5e046\" data-element_type=\"section\" data-e-type=\"section\">\n\t\t\t\t\t\t<div class=\"elementor-container elementor-column-gap-default\">\n\t\t\t\t\t<div class=\"elementor-column elementor-col-100 elementor-inner-column elementor-element elementor-element-e78e9d9 elementor-invisible\" data-id=\"e78e9d9\" data-element_type=\"column\" data-e-type=\"column\" data-settings=\"{&quot;animation&quot;:&quot;fadeInDown&quot;}\">\n\t\t\t<div class=\"elementor-widget-wrap elementor-element-populated\">\n\t\t\t\t\t\t<div class=\"elementor-element elementor-element-3206b8e elementor-widget elementor-widget-image\" data-id=\"3206b8e\" data-element_type=\"widget\" data-e-type=\"widget\" data-settings=\"{&quot;_animation&quot;:&quot;none&quot;}\" data-widget_type=\"image.default\">\n\t\t\t\t<div class=\"elementor-widget-container\">\n\t\t\t\t\t\t\t\t\t\t\t\t\t\t\t<img fetchpriority=\"high\" decoding=\"async\" width=\"768\" height=\"432\" src=\"https:\/\/inclusivecourts.pt\/wp-content\/uploads\/2021\/03\/Captura-de-Ecra-66-768x432.png\" class=\"elementor-animation-grow attachment-medium_large size-medium_large wp-image-1130\" alt=\"\" srcset=\"https:\/\/inclusivecourts.pt\/wp-content\/uploads\/2021\/03\/Captura-de-Ecra-66-768x432.png 768w, https:\/\/inclusivecourts.pt\/wp-content\/uploads\/2021\/03\/Captura-de-Ecra-66-300x169.png 300w, https:\/\/inclusivecourts.pt\/wp-content\/uploads\/2021\/03\/Captura-de-Ecra-66-1024x576.png 1024w, https:\/\/inclusivecourts.pt\/wp-content\/uploads\/2021\/03\/Captura-de-Ecra-66-1536x864.png 1536w, https:\/\/inclusivecourts.pt\/wp-content\/uploads\/2021\/03\/Captura-de-Ecra-66-16x9.png 16w, https:\/\/inclusivecourts.pt\/wp-content\/uploads\/2021\/03\/Captura-de-Ecra-66-1140x641.png 1140w, https:\/\/inclusivecourts.pt\/wp-content\/uploads\/2021\/03\/Captura-de-Ecra-66.png 1920w\" sizes=\"(max-width: 768px) 100vw, 768px\" \/>\t\t\t\t\t\t\t\t\t\t\t\t\t\t\t<\/div>\n\t\t\t\t<\/div>\n\t\t\t\t\t<\/div>\n\t\t<\/div>\n\t\t\t\t\t<\/div>\n\t\t<\/section>\n\t\t\t\t\t<\/div>\n\t\t<\/div>\n\t\t\t\t\t<\/div>\n\t\t<\/section>\n\t\t\t\t<\/div>","protected":false},"excerpt":{"rendered":"<p>Patr\u00edcia Jer\u00f3nimo participa em confer\u00eancia da Hip\u00e1cia sobre o fen\u00f3meno migrat\u00f3rio em It\u00e1lia e em Portugal Patr\u00edcia Jer\u00f3nimo apresentou uma comunica\u00e7\u00e3o sobre as pol\u00edticas de integra\u00e7\u00e3o e a prote\u00e7\u00e3o dos direitos dos migrantes internacionais em It\u00e1lia e em Portugal, no quadro da confer\u00eancia organizada pela Associa\u00e7\u00e3o dos Investigadores Italianos em Portugal (Hip\u00e1cia), no dia 26&hellip;<\/p>","protected":false},"author":1,"featured_media":0,"parent":0,"menu_order":0,"comment_status":"closed","ping_status":"closed","template":"","meta":{"footnotes":""},"class_list":["post-1128","page","type-page","status-publish","hentry"],"_links":{"self":[{"href":"https:\/\/inclusivecourts.pt\/en\/wp-json\/wp\/v2\/pages\/1128","targetHints":{"allow":["GET"]}}],"collection":[{"href":"https:\/\/inclusivecourts.pt\/en\/wp-json\/wp\/v2\/pages"}],"about":[{"href":"https:\/\/inclusivecourts.pt\/en\/wp-json\/wp\/v2\/types\/page"}],"author":[{"embeddable":true,"href":"https:\/\/inclusivecourts.pt\/en\/wp-json\/wp\/v2\/users\/1"}],"replies":[{"embeddable":true,"href":"https:\/\/inclusivecourts.pt\/en\/wp-json\/wp\/v2\/comments?post=1128"}],"version-history":[{"count":0,"href":"https:\/\/inclusivecourts.pt\/en\/wp-json\/wp\/v2\/pages\/1128\/revisions"}],"wp:attachment":[{"href":"https:\/\/inclusivecourts.pt\/en\/wp-json\/wp\/v2\/media?parent=1128"}],"curies":[{"name":"wp","href":"https:\/\/api.w.org\/{rel}","templated":true}]}}

Patrícia Jerónimo takes part in Hipácia’s conference on the migratory phenomena in contemporary history of Italy and Portugal

<div data-elementor-type="wp-page" data-elementor-id="1128" class="elementor elementor-1128" data-elementor-post-type="page">
						<section class="elementor-section elementor-top-section elementor-element elementor-element-b3b27e8 elementor-section-boxed elementor-section-height-default elementor-section-height-default" data-id="b3b27e8" data-element_type="section" data-e-type="section">
						<div class="elementor-container elementor-column-gap-default">
					<div class="elementor-column elementor-col-100 elementor-top-column elementor-element elementor-element-950192f" data-id="950192f" data-element_type="column" data-e-type="column">
			<div class="elementor-widget-wrap elementor-element-populated">
						<div class="elementor-element elementor-element-6ffdbba elementor-widget elementor-widget-text-editor" data-id="6ffdbba" data-element_type="widget" data-e-type="widget" data-widget_type="text-editor.default">
				<div class="elementor-widget-container">
									<p><strong>Patrícia Jerónimo takes part in Hipácia’s conference on the migratory phenomena in contemporary history of Italy and Portugal</strong></p>								</div>
				</div>
				<div class="elementor-element elementor-element-452dbed elementor-widget elementor-widget-text-editor" data-id="452dbed" data-element_type="widget" data-e-type="widget" data-widget_type="text-editor.default">
				<div class="elementor-widget-container">
									<p class="translation-block">Patrícia Jerónimo apresentou uma comunicação sobre as políticas de integração e a proteção dos direitos dos migrantes internacionais em Itália e em Portugal, no quadro da conferência organizada pela Associação dos Investigadores Italianos em Portugal (Hipácia), no dia 26 de fevereiro de 2021. A conferência contou com o apoio do Istituto Italiano di Cultura, da Associazione Socio-Culturale Italiana del Portogallo Dante Alighieri e da Embaixada de Itália em Lisboa. Para além de Patrícia Jerónimo, intervieram como oradores Guido Barbujani, da Universidade de Ferrara, Pedro Góis, da Universidade de Coimbra, e Michele Colucci, do Consiglio Nazionale delle Ricerche (CNR) italiano. A conferência foi transmitida através do canal YouTube e pode ser visionada em https://www.youtube.com/watch?v=ui__4K38RpU&amp;t=6591s</p>								</div>
				</div>
				<section class="elementor-section elementor-inner-section elementor-element elementor-element-fa5e046 elementor-section-boxed elementor-section-height-default elementor-section-height-default" data-id="fa5e046" data-element_type="section" data-e-type="section">
						<div class="elementor-container elementor-column-gap-default">
					<div class="elementor-column elementor-col-100 elementor-inner-column elementor-element elementor-element-e78e9d9 elementor-invisible" data-id="e78e9d9" data-element_type="column" data-e-type="column" data-settings="{&quot;animation&quot;:&quot;fadeInDown&quot;}">
			<div class="elementor-widget-wrap elementor-element-populated">
						<div class="elementor-element elementor-element-3206b8e elementor-widget elementor-widget-image" data-id="3206b8e" data-element_type="widget" data-e-type="widget" data-settings="{&quot;_animation&quot;:&quot;none&quot;}" data-widget_type="image.default">
				<div class="elementor-widget-container">
															<img fetchpriority="high" decoding="async" width="768" height="432" src="https://inclusivecourts.pt/wp-content/uploads/2021/03/Captura-de-Ecra-66-768x432.png" class="elementor-animation-grow attachment-medium_large size-medium_large wp-image-1130" alt="" srcset="https://inclusivecourts.pt/wp-content/uploads/2021/03/Captura-de-Ecra-66-768x432.png 768w, https://inclusivecourts.pt/wp-content/uploads/2021/03/Captura-de-Ecra-66-300x169.png 300w, https://inclusivecourts.pt/wp-content/uploads/2021/03/Captura-de-Ecra-66-1024x576.png 1024w, https://inclusivecourts.pt/wp-content/uploads/2021/03/Captura-de-Ecra-66-1536x864.png 1536w, https://inclusivecourts.pt/wp-content/uploads/2021/03/Captura-de-Ecra-66-16x9.png 16w, https://inclusivecourts.pt/wp-content/uploads/2021/03/Captura-de-Ecra-66-1140x641.png 1140w, https://inclusivecourts.pt/wp-content/uploads/2021/03/Captura-de-Ecra-66.png 1920w" sizes="(max-width: 768px) 100vw, 768px" />															</div>
				</div>
					</div>
		</div>
					</div>
		</section>
					</div>
		</div>
					</div>
		</section>
				</div>

<p>Patrícia Jerónimo participa em conferência da Hipácia sobre o fenómeno migratório em Itália e em Portugal Patrícia Jerónimo apresentou uma comunicação sobre as políticas de integração e a proteção dos direitos dos migrantes internacionais em Itália e em Portugal, no quadro da conferência organizada pela Associação dos Investigadores Italianos em Portugal (Hipácia), no dia 26&hellip;</p>
