{"id":1121,"date":"2021-03-01T10:52:19","date_gmt":"2021-03-01T10:52:19","guid":{"rendered":"https:\/\/inclusivecourts.pt\/?page_id=1121"},"modified":"2021-03-01T10:59:58","modified_gmt":"2021-03-01T10:59:58","slug":"noticia24","status":"publish","type":"page","link":"https:\/\/inclusivecourts.pt\/en\/noticia24\/","title":{"rendered":"Patr\u00edcia Jer\u00f3nimo talks about the treatment of minorities by state authorities in Portugal"},"content":{"rendered":"<div data-elementor-type=\"wp-page\" data-elementor-id=\"1121\" class=\"elementor elementor-1121\" data-elementor-post-type=\"page\">\n\t\t\t\t\t\t<section class=\"elementor-section elementor-top-section elementor-element elementor-element-b3b27e8 elementor-section-boxed elementor-section-height-default elementor-section-height-default\" data-id=\"b3b27e8\" data-element_type=\"section\" data-e-type=\"section\">\n\t\t\t\t\t\t<div class=\"elementor-container elementor-column-gap-default\">\n\t\t\t\t\t<div class=\"elementor-column elementor-col-100 elementor-top-column elementor-element elementor-element-950192f\" data-id=\"950192f\" data-element_type=\"column\" data-e-type=\"column\">\n\t\t\t<div class=\"elementor-widget-wrap elementor-element-populated\">\n\t\t\t\t\t\t<div class=\"elementor-element elementor-element-6ffdbba elementor-widget elementor-widget-text-editor\" data-id=\"6ffdbba\" data-element_type=\"widget\" data-e-type=\"widget\" data-widget_type=\"text-editor.default\">\n\t\t\t\t<div class=\"elementor-widget-container\">\n\t\t\t\t\t\t\t\t\t<p class=\"MsoNormal\"><b>Patr\u00edcia Jer\u00f3nimo talks about the treatment of minorities by state authorities in Portugal<\/b><\/p>\t\t\t\t\t\t\t\t<\/div>\n\t\t\t\t<\/div>\n\t\t\t\t<div class=\"elementor-element elementor-element-452dbed elementor-widget elementor-widget-text-editor\" data-id=\"452dbed\" data-element_type=\"widget\" data-e-type=\"widget\" data-widget_type=\"text-editor.default\">\n\t\t\t\t<div class=\"elementor-widget-container\">\n\t\t\t\t\t\t\t\t\t<p>Patr\u00edcia Jer\u00f3nimo esteve \u00e0 conversa com a soci\u00f3loga F\u00e1tima da Cruz Rodrigues, da Universidade do Porto, numa sess\u00e3o da <em>webinar series<\/em> \u201cAcademia \u00e0 Conversa\u201d, promovida pela Associa\u00e7\u00e3o Acad\u00e9mica da Universidade do Minho (AAUM), subordinada ao tema \u201cTratamento de minorias pelas autoridades em Portugal\u201d. Foram abordados t\u00f3picos como o desencontro entre o discurso oficial e o sentimento popular a respeito de minorias \u00e9tnicas\/raciais e imigra\u00e7\u00e3o, as medidas legislativas de combate \u00e0 discrimina\u00e7\u00e3o racial e os seus parcos resultados pr\u00e1ticos, os obst\u00e1culos (burocr\u00e1ticos e outros) \u00e0 garantia de boas condi\u00e7\u00f5es de integra\u00e7\u00e3o para imigrantes e refugiados e as recentes iniciativas dirigidas ao combate ao racismo e ao refor\u00e7o da forma\u00e7\u00e3o em direitos humanos, cidadania e \u00e9tica para os agentes das for\u00e7as de seguran\u00e7a. A sess\u00e3o foi transmitida online, no dia 25 de fevereiro de 2021, atrav\u00e9s da p\u00e1gina de Facebook da AAUM.\u00a0\u00a0<\/p>\t\t\t\t\t\t\t\t<\/div>\n\t\t\t\t<\/div>\n\t\t\t\t<section class=\"elementor-section elementor-inner-section elementor-element elementor-element-fa5e046 elementor-section-boxed elementor-section-height-default elementor-section-height-default\" data-id=\"fa5e046\" data-element_type=\"section\" data-e-type=\"section\">\n\t\t\t\t\t\t<div class=\"elementor-container elementor-column-gap-default\">\n\t\t\t\t\t<div class=\"elementor-column elementor-col-100 elementor-inner-column elementor-element elementor-element-e78e9d9 elementor-invisible\" data-id=\"e78e9d9\" data-element_type=\"column\" data-e-type=\"column\" data-settings=\"{&quot;animation&quot;:&quot;fadeInDown&quot;}\">\n\t\t\t<div class=\"elementor-widget-wrap elementor-element-populated\">\n\t\t\t\t\t\t<div class=\"elementor-element elementor-element-3206b8e elementor-widget elementor-widget-image\" data-id=\"3206b8e\" data-element_type=\"widget\" data-e-type=\"widget\" data-settings=\"{&quot;_animation&quot;:&quot;none&quot;}\" data-widget_type=\"image.default\">\n\t\t\t\t<div class=\"elementor-widget-container\">\n\t\t\t\t\t\t\t\t\t\t\t\t\t\t\t<img fetchpriority=\"high\" decoding=\"async\" width=\"768\" height=\"432\" src=\"https:\/\/inclusivecourts.pt\/wp-content\/uploads\/2021\/03\/Captura-de-Ecra-39-768x432.png\" class=\"elementor-animation-grow attachment-medium_large size-medium_large wp-image-1123\" alt=\"\" srcset=\"https:\/\/inclusivecourts.pt\/wp-content\/uploads\/2021\/03\/Captura-de-Ecra-39-768x432.png 768w, https:\/\/inclusivecourts.pt\/wp-content\/uploads\/2021\/03\/Captura-de-Ecra-39-300x169.png 300w, https:\/\/inclusivecourts.pt\/wp-content\/uploads\/2021\/03\/Captura-de-Ecra-39-1024x576.png 1024w, https:\/\/inclusivecourts.pt\/wp-content\/uploads\/2021\/03\/Captura-de-Ecra-39-1536x864.png 1536w, https:\/\/inclusivecourts.pt\/wp-content\/uploads\/2021\/03\/Captura-de-Ecra-39-16x9.png 16w, https:\/\/inclusivecourts.pt\/wp-content\/uploads\/2021\/03\/Captura-de-Ecra-39-1140x641.png 1140w, https:\/\/inclusivecourts.pt\/wp-content\/uploads\/2021\/03\/Captura-de-Ecra-39.png 1920w\" sizes=\"(max-width: 768px) 100vw, 768px\" \/>\t\t\t\t\t\t\t\t\t\t\t\t\t\t\t<\/div>\n\t\t\t\t<\/div>\n\t\t\t\t\t<\/div>\n\t\t<\/div>\n\t\t\t\t\t<\/div>\n\t\t<\/section>\n\t\t\t\t\t<\/div>\n\t\t<\/div>\n\t\t\t\t\t<\/div>\n\t\t<\/section>\n\t\t\t\t<\/div>","protected":false},"excerpt":{"rendered":"<p>Patr\u00edcia Jer\u00f3nimo discute o tratamento das minorias pelas autoridades em Portugal Patr\u00edcia Jer\u00f3nimo esteve \u00e0 conversa com a soci\u00f3loga F\u00e1tima da Cruz Rodrigues, da Universidade do Porto, numa sess\u00e3o da webinar series \u201cAcademia \u00e0 Conversa\u201d, promovida pela Associa\u00e7\u00e3o Acad\u00e9mica da Universidade do Minho (AAUM), subordinada ao tema \u201cTratamento de minorias pelas autoridades em Portugal\u201d. Foram&hellip;<\/p>","protected":false},"author":1,"featured_media":0,"parent":0,"menu_order":0,"comment_status":"closed","ping_status":"closed","template":"","meta":{"footnotes":""},"class_list":["post-1121","page","type-page","status-publish","hentry"],"_links":{"self":[{"href":"https:\/\/inclusivecourts.pt\/en\/wp-json\/wp\/v2\/pages\/1121","targetHints":{"allow":["GET"]}}],"collection":[{"href":"https:\/\/inclusivecourts.pt\/en\/wp-json\/wp\/v2\/pages"}],"about":[{"href":"https:\/\/inclusivecourts.pt\/en\/wp-json\/wp\/v2\/types\/page"}],"author":[{"embeddable":true,"href":"https:\/\/inclusivecourts.pt\/en\/wp-json\/wp\/v2\/users\/1"}],"replies":[{"embeddable":true,"href":"https:\/\/inclusivecourts.pt\/en\/wp-json\/wp\/v2\/comments?post=1121"}],"version-history":[{"count":0,"href":"https:\/\/inclusivecourts.pt\/en\/wp-json\/wp\/v2\/pages\/1121\/revisions"}],"wp:attachment":[{"href":"https:\/\/inclusivecourts.pt\/en\/wp-json\/wp\/v2\/media?parent=1121"}],"curies":[{"name":"wp","href":"https:\/\/api.w.org\/{rel}","templated":true}]}}

Patrícia Jerónimo talks about the treatment of minorities by state authorities in Portugal

<div data-elementor-type="wp-page" data-elementor-id="1121" class="elementor elementor-1121" data-elementor-post-type="page">
						<section class="elementor-section elementor-top-section elementor-element elementor-element-b3b27e8 elementor-section-boxed elementor-section-height-default elementor-section-height-default" data-id="b3b27e8" data-element_type="section" data-e-type="section">
						<div class="elementor-container elementor-column-gap-default">
					<div class="elementor-column elementor-col-100 elementor-top-column elementor-element elementor-element-950192f" data-id="950192f" data-element_type="column" data-e-type="column">
			<div class="elementor-widget-wrap elementor-element-populated">
						<div class="elementor-element elementor-element-6ffdbba elementor-widget elementor-widget-text-editor" data-id="6ffdbba" data-element_type="widget" data-e-type="widget" data-widget_type="text-editor.default">
				<div class="elementor-widget-container">
									<p class="MsoNormal"><b>Patrícia Jerónimo talks about the treatment of minorities by state authorities in Portugal</b></p>								</div>
				</div>
				<div class="elementor-element elementor-element-452dbed elementor-widget elementor-widget-text-editor" data-id="452dbed" data-element_type="widget" data-e-type="widget" data-widget_type="text-editor.default">
				<div class="elementor-widget-container">
									<p>Patrícia Jerónimo esteve à conversa com a socióloga Fátima da Cruz Rodrigues, da Universidade do Porto, numa sessão da <em>webinar series</em> “Academia à Conversa”, promovida pela Associação Académica da Universidade do Minho (AAUM), subordinada ao tema “Tratamento de minorias pelas autoridades em Portugal”. Foram abordados tópicos como o desencontro entre o discurso oficial e o sentimento popular a respeito de minorias étnicas/raciais e imigração, as medidas legislativas de combate à discriminação racial e os seus parcos resultados práticos, os obstáculos (burocráticos e outros) à garantia de boas condições de integração para imigrantes e refugiados e as recentes iniciativas dirigidas ao combate ao racismo e ao reforço da formação em direitos humanos, cidadania e ética para os agentes das forças de segurança. A sessão foi transmitida online, no dia 25 de fevereiro de 2021, através da página de Facebook da AAUM.  </p>								</div>
				</div>
				<section class="elementor-section elementor-inner-section elementor-element elementor-element-fa5e046 elementor-section-boxed elementor-section-height-default elementor-section-height-default" data-id="fa5e046" data-element_type="section" data-e-type="section">
						<div class="elementor-container elementor-column-gap-default">
					<div class="elementor-column elementor-col-100 elementor-inner-column elementor-element elementor-element-e78e9d9 elementor-invisible" data-id="e78e9d9" data-element_type="column" data-e-type="column" data-settings="{&quot;animation&quot;:&quot;fadeInDown&quot;}">
			<div class="elementor-widget-wrap elementor-element-populated">
						<div class="elementor-element elementor-element-3206b8e elementor-widget elementor-widget-image" data-id="3206b8e" data-element_type="widget" data-e-type="widget" data-settings="{&quot;_animation&quot;:&quot;none&quot;}" data-widget_type="image.default">
				<div class="elementor-widget-container">
															<img fetchpriority="high" decoding="async" width="768" height="432" src="https://inclusivecourts.pt/wp-content/uploads/2021/03/Captura-de-Ecra-39-768x432.png" class="elementor-animation-grow attachment-medium_large size-medium_large wp-image-1123" alt="" srcset="https://inclusivecourts.pt/wp-content/uploads/2021/03/Captura-de-Ecra-39-768x432.png 768w, https://inclusivecourts.pt/wp-content/uploads/2021/03/Captura-de-Ecra-39-300x169.png 300w, https://inclusivecourts.pt/wp-content/uploads/2021/03/Captura-de-Ecra-39-1024x576.png 1024w, https://inclusivecourts.pt/wp-content/uploads/2021/03/Captura-de-Ecra-39-1536x864.png 1536w, https://inclusivecourts.pt/wp-content/uploads/2021/03/Captura-de-Ecra-39-16x9.png 16w, https://inclusivecourts.pt/wp-content/uploads/2021/03/Captura-de-Ecra-39-1140x641.png 1140w, https://inclusivecourts.pt/wp-content/uploads/2021/03/Captura-de-Ecra-39.png 1920w" sizes="(max-width: 768px) 100vw, 768px" />															</div>
				</div>
					</div>
		</div>
					</div>
		</section>
					</div>
		</div>
					</div>
		</section>
				</div>

<p>Patrícia Jerónimo discute o tratamento das minorias pelas autoridades em Portugal Patrícia Jerónimo esteve à conversa com a socióloga Fátima da Cruz Rodrigues, da Universidade do Porto, numa sessão da webinar series “Academia à Conversa”, promovida pela Associação Académica da Universidade do Minho (AAUM), subordinada ao tema “Tratamento de minorias pelas autoridades em Portugal”. Foram&hellip;</p>
